--
-- Host: localhost    Database: new_autocar
-- ------------------------------------------------------


--
-- Table structure for table `article`
--

CREATE TABLE `article` (
  `id` int(11) NOT NULL AUTO_INCREMENT,
  `title` varchar(255) DEFAULT NULL,
  `meta_title` varchar(255) DEFAULT NULL,
  `meta_desc` varchar(255) DEFAULT NULL,
  `image` varchar(255) DEFAULT NULL,
  `content` text,
  `gallery_id` int(11) DEFAULT NULL,
  `active` int(1) DEFAULT NULL,
  `created_at` varchar(255) DEFAULT NULL,
  `updated_at` varchar(255) DEFAULT NULL,
  `slug` varchar(255) DEFAULT NULL,
  `category_id` int(11) DEFAULT NULL,
  `views` int(11) DEFAULT NULL,
  `entry` varchar(255) DEFAULT NULL,
  `order` smallint(6) NOT NULL,
  `type` int(11) DEFAULT NULL,
  `custom_slug` tinyint(3) DEFAULT NULL,
  `city_id` int(11) DEFAULT NULL,
  PRIMARY KEY (`id`),
  KEY `idx-article-gallery` (`gallery_id`),
  KEY `idx-article-category` (`category_id`),
  KEY `idx-article-slug` (`slug`),
  KEY `idx-article-city_id` (`city_id`),
  CONSTRAINT `fk-article-category` FOREIGN KEY (`category_id`) REFERENCES `article_category` (`id`) ON DELETE SET NULL,
  CONSTRAINT `fk-article-city_id` FOREIGN KEY (`city_id`) REFERENCES `city` (`id`) ON DELETE SET NULL,
  CONSTRAINT `fk-article-gallery` FOREIGN KEY (`gallery_id`) REFERENCES `gallery` (`id`) ON DELETE SET NULL
) ENGINE=InnoDB AUTO_INCREMENT=29 DEFAULT CHARSET=utf8;

--
-- Dumping data for table `article`
--

INSERT INTO `article` VALUES (14,'Расход дизельного топлива фронтальным погрузчиком Лонкинг','','','/uploads/images/categories/last/fr-pogruzchik.jpg','<p>Потребление топлива фронтальными погрузчиками Лонкинг (Lonking), один из первых и важных вопросов, интересующих покупателя для просчета стоимости владения техники. Фронтальный погрузчик не машина где существуют четкие нормы расхода топлива на 100 км/ч. Фронтальные погрузчики рассчитывают расход топлива в граммах на единицу мощности за 1 моточас работы. Счетчик моточасов напрямую зависит от оборотов двигателя фронтального погрузчика. Часто приходится слышать вопросы о том как высчитать расход топлива по моточасам или сравнения отношений моточасов и километров.</p>\r\n\r\n<p>На сегодняшний день нет четкой формулы расчета и перевода моточасов в километры, так как это разные величины. Из опытов операторов фронтальных погрузчиков взята усредненная цифра 35 км за 1 м/ч.</p>\r\n\r\n<p>А вот норма расчета и усредненного списания дизельного топлива, если на фронтальный погрузчик не установлена система Глонас или Джипег, рассчитывается по формуле:</p>\r\n\r\n<p><img alt=\"\" src=\"/uploads/images/news/old_/formula.jpg\" style=\"width: 248px; height: 129px;\" /></p>\r\n\r\n<p>где,</p>\r\n\r\n<p>N– мощность двигателя в (кВт). Мощность двигателя всегда указывается в технических характеристиках и обозначается в киловаттах (кВт) или лошадиных силах (л.с.).</p>\r\n\r\n<p>t – рассчитываемое время расхода топлива за 1-ин астрономический час (1). В данной формуле для расчета за показатель ( t ) можно подставлять любое время.</p>\r\n\r\n<p>G – удельный расход топлива машины (г/кВт ч). Удельный расход топлива – показатель данных для конкретного типа двигателя и указывается в технических характеристиках производителя.</p>\r\n\r\n<p>% – процент загруженности машины во время работы. Показатель работы двигателя фронтального погрузчика на максимальных оборотах за указанное время ( t ). Предполагается, что из 100% рабочего времени, на максимальных оборотах машина работает в среднем 30%-50%.</p>\r\n\r\n<p>p – плотность топлива(г/л). Плотность дизтоплива = равная 850 г/л.</p>\r\n\r\n<p>Из выше представленной формулы проведем расчеты для фронтальных погрузчиков Лонкинг.</p>\r\n\r\n<ul>\r\n	<li><a href=\"/catalog/dorozhno-stroitelnaya-tehnika/frontalnye-pogruzchiki/lonking-cdm-816d/\" target=\"_blank\" title=\"Фронтальный погрузчик Lonking CDM816\">CDM 816D</a>&nbsp;= 55*1*235*50% / 850= 7.6 л в м/ч</li>\r\n	<li><a href=\"/catalog/dorozhno-stroitelnaya-tehnika/frontalnye-pogruzchiki/lonking-lg833/\" target=\"_blank\" title=\"Фронтальный погрузчик Lonking CDM833\">CDM833</a>&nbsp;= 92*1*210*50% / 850= 11.3л в м/ч</li>\r\n	<li><a href=\"/catalog/dorozhno-stroitelnaya-tehnika/frontalnye-pogruzchiki/lonking-cdm-835/\" target=\"_blank\" title=\"Фронтальный погрузчик Lonking CDM835D\">CDM835</a>&nbsp;= 97*1*210*50% / 850 = 12л в м/ч</li>\r\n	<li><a href=\"/catalog/dorozhno-stroitelnaya-tehnika/frontalnye-pogruzchiki/lonking-cdm-843n/\" target=\"_blank\" title=\"Фронтальный погрузчик Lonking CDM843\">CDM843</a>&nbsp;=129*1*210*50% / 850 = 15.9л в м/ч</li>\r\n	<li><a href=\"/catalog/dorozhno-stroitelnaya-tehnika/frontalnye-pogruzchiki/lonking-cdm-853/\" target=\"_blank\" title=\"Фронтальный погрузчик Lonking CDM853\">CDM853</a>&nbsp;=162*1*215*50% / 850 = 20.5л в м/ч</li>\r\n	<li><a href=\"/catalog/dorozhno-stroitelnaya-tehnika/frontalnye-pogruzchiki/lonking-lg855b/\" target=\"_blank\" title=\"Фронтальный погрузчик Lonking CDM855\">CDM855</a>&nbsp;=162*1*215*50% / 850 = 20.5л в м/ч</li>\r\n	<li><a href=\"/catalog/dorozhno-stroitelnaya-tehnika/frontalnye-pogruzchiki/lonking-cdm-860/\" target=\"_blank\" title=\"Фронтальный погрузчик Lonking CDM860\">CDM860</a>&nbsp;=176*1*215*50% / 850 = 22.3л в м/ч</li>\r\n</ul>\r\n\r\n<p>За расчет было взято 50% работы на максимальных оборотах двигателя, соответственно при меньшей загруженности расход дизельного топлива фронтальным погрузчиком Лонкинг будет меньше.</p>\r\n\r\n<ul>\r\n</ul>\r\n',NULL,1,'1602579388','1613479986','rashod-dizelnogo-topliva-frontalnym-pogruzchikom-lonking-20',4,NULL,'Расчет расхода дизельного топлива погрузчиком Лонкинг',1,1,1,NULL),(17,'Компания Автокар посетила выставку Баума в Шанхае','','','/uploads/images/news/old_/cn_36.jpg','<p>Самая крупная выставка Баума в Шанхае проходит один раз в два года. Наша компания Автокар посетила ее, и заключила новые договора с производителями складской и дорожно - строительной техники.</p>\r\n',NULL,1,'1602581160','1604044390','kompaniya-avtokar-posetila-vystavku-bauma-v-shanhae',1,NULL,'Компания Автокар посетила выставку Баума в Шанхае',2,0,0,NULL),(18,'ООО Автокар 15 лет!!!','','','/uploads/images/news/old_/IMG_1713_15.jpg','<p>Сотрудники ООО «Автокар» во главе с директором принимали поздравления, добрые слова и подарки от друзей - партнеров компании. Веселый праздник с конкурсами, шоу- программой и награждениями отличившихся сотрудников ООО «Автокар» проходил в дружеской обстановке. Сотрудникам за отличную работу были вручены памятные грамоты, сувениры, денежные поощрения.</p>\r\n\r\n<p>Пожелаем компании ООО «Автокар» дальнейшего процветания и достижения поставленных целей!</p>\r\n',NULL,1,'1602581319','1605019902','ooo-avtokar-15-let',1,NULL,'В 2015 году компания ООО «Автокар» отпраздновала свое 15-летие.',3,0,0,NULL),(19,'Спасибо Вам, Автокар','','','/uploads/images/news/old_/b_800_600_0_00_images_1_b.png','<p>Дорогие партнеры, по доброй новогодней традиции компания Tehno Alliance помогает детям - вместо приобритения сувениров мы направляем средства на благотворительность. В этом году мы вместе в вами помогли подопечным фонда Константина Хабенского, специализирующегося в области помощи детям с тяжелым заболеванием мозга. Мы сердечно благодарим вас и желаем вам и вашим близким здоровья, благополучия и радости в Новом Году.&nbsp;<br />\r\n<img alt=\"\" src=\"/uploads/images/news/old_/b_800_600_0_00_images_1_b.png\" style=\"width: 424px; height: 600px;display:block;margin:0 auto;\" /></p>\r\n',NULL,1,'1602581452','1604044812','spasibo-vam-avtokar',1,NULL,'Благотворительность вместо новогодних сувениров',4,0,0,NULL),(20,'Курская Коренская ярмарка','','','/uploads/images/news/old_/b_800_600_0_00_images_Neews_1_1.jpg','<p>ООО «АВТОКАР» принимает участие в XIX Межрегиональной универсальной оптово-розничной ярмарке «КУРСКАЯ КОРЕНСКАЯ ЯРМАРКА»</p>\r\n',95,1,'1602581522','1604043840','kurskaya-korenskaya-yarmarka',1,NULL,'ООО «АВТОКАР» принимает участие в XIX Межрегиональной универсальной оптово-розничной ярмарке «КУРСКАЯ КОРЕНСКАЯ ЯРМАРКА»',5,0,1,NULL),(21,'Расход топлива вилочного погрузчика','','','/uploads/images/articles/postupleniya/frst/b_800_600_0_00_images_23.04_1.jpg','<h3 style=\"text-align: center;\">Сколько топлива “съедает” дизельный погрузчик?</h3>\r\n\r\n<p>По оценкам, на российском рынке вилочных погрузчиков с противовесом соотношение техники с двигателем внутреннего сгорания и электроприводом составляет 68%:32%.</p>\r\n\r\n<p>Преобладание автопогрузчиков объясняется тем, что процессы индустриализации (развитие промышленности и строительства) в нашей стране пока являются большим стимулом</p>\r\n\r\n<p>для рынка погрузочной техники,чем развитие складской логистики. То есть в настоящее время основными потребителями погрузчиков в России являются предприятия и компании</p>\r\n\r\n<p>разных отраслей промышленности, а не логистика, хотя последняя развивается быстрыми темпами.</p>\r\n\r\n<table border=\"0\">\r\n	<tbody>\r\n		<tr>\r\n			<td>Играют определенную роль и особенности эксплуатации: значительную часть года это работа при низких температурах на открытых площадках, далекие от идеального состояния покрытия и проч. По этой же причине востребованы дизельные погрузчики, кроме того, дизельный двигатель требует меньших затрат при покупке, обслуживании, работе. Это надежный, простой в обслуживании, мощный и эффективный источник энергии. Дизельные погрузчики, кроме того, выпускают в широком диапазоне грузоподъемности (до 43 т) и с большим ассортиментом навесного оборудования для выполнения разнообразных технологических операций, а система очистки отработавших газов (сажевые фильтры), применяемая в последних моделях ведущих производителей, сокращает вредные выбросы на 70-98%, что позволяет работать и внутри помещений, т. е. эти машины становятся практически универсальными.</td>\r\n			<td><a href=\"/uploads/images/articles/_old/rashod_vilky/rashod1.jpg\" rel=\"lightbox[44]\" target=\"_blank\" title=\"\"><img alt=\"расход1\" src=\"/uploads/images/articles/_old/rashod_vilky/rashod1.jpg\" style=\"width: 200px; height: 150px;\" /></a></td>\r\n		</tr>\r\n	</tbody>\r\n</table>\r\n\r\n<p>Одна из характеристик \"цены владения\" дизельным погрузчиком - это расход топлива. В сводной таблице технических характеристик производитель нередко указывает удельный расход топлива в граммах на единицу измерения мощности (л.с. или кВт). Между тем этот параметр не дает представления о том, сколько на практике будет \"съедать\" данный двигатель, какое количество топлива будет расходоваться за час, смену, за месяц и т. д.</p>\r\n\r\n<p>Для этого используются специальные методики, с одной из которых мы и познакомим читателей.</p>\r\n\r\n<hr />\r\n<h3 style=\"text-align: center;\">&nbsp;Как посчитать норму расхода топлива погрузчиком?</h3>\r\n\r\n<p>Итак, машина приобретена, поставлена на баланс предприятия. Бухгалтерия запрашивает у сотрудников сервисного центра официального дилера расчетные данные на списание топлива.</p>\r\n\r\n<table border=\"0\">\r\n	<tbody>\r\n		<tr>\r\n			<td>\r\n			<p>Те в свою очередь определяют норму расхода топлива по формуле -</p>\r\n\r\n			<p><strong>Q = Nq/(1000Rk1)</strong>&nbsp;,<br />\r\n			где<br />\r\n			<strong>Q</strong>&nbsp;- удельный расход топлива (данные с кривой мощностной характеристики);<br />\r\n			<strong>N</strong>&nbsp;- мощность, л.с. (данные с кривой мощностной характеристики);<br />\r\n			<strong>R</strong>&nbsp;- плотность дизельного топлива (0,85 кг/дм3);<br />\r\n			<strong>k1</strong>&nbsp;- коэффициент, характеризующий процентное соотношение времени работы при максимальной частоте вращения коленвала двигателя.</p>\r\n			</td>\r\n			<td><img alt=\"расход2\" src=\"/uploads/images/articles/_old/rashod_vilky/rashod2.jpg\" style=\"width: 133px; height: 100px;\" /></td>\r\n		</tr>\r\n	</tbody>\r\n</table>\r\n\r\n<p>Мощность двигателя и удельный расход топлива - данные из инструкции по техническому обслуживанию двигателя, которую использует официальный дилер,</p>\r\n\r\n<p>выполняющий сервисное обслуживание. В нее внесены данные кривой удельного расхода топлива, которая строится инженерами завода-производителя</p>\r\n\r\n<p>по результатам тестирования двигателя в различных режимах, в том числе на максимальных оборотах.</p>\r\n\r\n<p>В практике эксплуатации, чтобы достигалась максимальная частота вращения двигателя, мы выжимаем педаль акселератора до упора,</p>\r\n\r\n<p>«утапливаем ее в пол». В этом режиме машина разгоняется, едет на подъем с нагрузкой или поднимает груз на максимальную высоту с максимальной скоростью.</p>\r\n\r\n<p>Понятно, что так погрузчик работает не всю смену, а лишь какую-то ее часть. Отсюда необходимость применения коэффициента k1.</p>\r\n\r\n<p>Фактически коэффициент, характеризующий работу на максимальных оборотах, - это показатель специфики технологического цикла предприятия.</p>\r\n\r\n<p><strong>Пример 1.</strong><br />\r\nПри круглосуточной работе предприятия отгрузка продукции фактически проходит два раза в сутки по 2 ч,</p>\r\n\r\n<p>т. е. всего 4 ч из 24-х. В эти \"часы пик\" задействован весь парк погрузчиков, заняты все подъездные пути,</p>\r\n\r\n<p>под загрузкой находится максимальное число грузовых автомобилей. Остальное время рабочей смены погрузчики</p>\r\n\r\n<p>эксплуатируются с минимальной или средней интенсивностью.</p>\r\n\r\n<p><strong>Пример 2.</strong><br />\r\nПогрузчик в аренде Арендованный погрузчик работает на разгрузке вагонов и загрузке фур практически безостановочно 8-часовую смену,</p>\r\n\r\n<p>однако он не преодолевает уклон, не использует максимальную высоту подъема вил, так как обслуживаемые площадки расположены на уровне 1,5-2 м от пола.</p>\r\n\r\n<p>Максимальная частота вращения двигателя используется в данном случае, когда погрузчик разгоняется, преодолевая дистанцию между зонами погрузки и выгрузки,</p>\r\n\r\n<p>что составляет примерно треть его рабочего времени.</p>\r\n\r\n<table border=\"0\">\r\n	<tbody>\r\n		<tr>\r\n			<td>\r\n			<p>Из этих примеров видно, что коэффициент, характеризующий процентное соотношение времени работы</p>\r\n\r\n			<p>с максимальной и минимальной нагрузкой, во втором случае будет больше. Для точного определения</p>\r\n\r\n			<p>коэффициента необходимо выполнить хронометраж, т. е. провести замеры времени, когда погрузчик</p>\r\n\r\n			<p>поднимает максимальный груз, когда он двигается, преодолевая сопротивление дорожного покрытия (разгон, движение по уклону и т. д.).</p>\r\n			</td>\r\n			<td><img alt=\"расход3\" src=\"/uploads/images/articles/_old/rashod_vilky/rashod3.jpg\" style=\"width: 133px; height: 100px;\" /></td>\r\n		</tr>\r\n	</tbody>\r\n</table>\r\n\r\n<p>Суммируя эти временные показатели, получим время работы, когда двигатель испытывает максимальные нагрузки, и вычтем его из общей продолжительности рабочей смены.</p>\r\n\r\n<p>Отношение времени работы с минимальной нагрузкой (70%) к времени работы с максимальной нагрузкой (30%) - это и есть требуемый коэффициент.</p>\r\n\r\n<p><br />\r\nТак, если время работы с максимальной нагрузкой составило 30% смены, коэффициент будет равен 2,3(70%:30%=2,3.</p>\r\n\r\n<p>Например, для двигателя 4D92E мощностью 33,8 л.с.(погрузчик Komatsu серии AX50), работающего на максимальных оборотах в течение 1/3 рабочего времени,</p>\r\n\r\n<p>расчетные показатели согласно формуле составят 3,49 л/мото-ч: Q=33,8*202/(1000*0,85*2,3) =3,49 л/мото-ч.</p>\r\n\r\n<hr />\r\n<h3 style=\"text-align: center;\">&nbsp;Что на практике?</h3>\r\n\r\n<table border=\"0\">\r\n	<tbody>\r\n		<tr>\r\n			<td>\r\n			<p>Понятным и наглядным является такой показатель, как количество топлива, л, расходуемого за час работы</p>\r\n\r\n			<p>техники эксплуатирующими предприятиями и организациями. Здесь следует также отметить,</p>\r\n\r\n			<p>что теоретические расчеты расхода топлива погрузчиком всегда будут несколько выше,</p>\r\n\r\n			<p>чем на практике, поскольку в реальных условиях нагрузка на двигатель всегда меньше,</p>\r\n\r\n			<p>чем в тестовых условиях. Поэтому для определения расхода топлива на списание необходимо провести контрольные замеры.</p>\r\n\r\n			<p>Своего рода хронометраж был выполнен для дизельного</p>\r\n\r\n			<p>3-тонника Komatsu серии ВХ50 (FD30T-16), работающего с 12 до 21 ч, т.. 9 ч ежедневно.</p>\r\n			</td>\r\n			<td><img alt=\"расход4\" src=\"/uploads/images/articles/_old/rashod_vilky/rashod4.jpg\" style=\"width: 133px; height: 100px;\" /></td>\r\n		</tr>\r\n	</tbody>\r\n</table>\r\n\r\n<p>Технологические операции: разгрузка фур, перемещение грузов в вагоны. Показания расхода топлива для двигателя на погрузчике FD30T-16 Komatsu 4D94LE составили 2,5 л/ч.</p>\r\n\r\n<h3 style=\"text-align: center;\">Расходы топлива погрузчиков Komatsu:</h3>\r\n\r\n<table border=\"1\" cellpadding=\"0\" cellspacing=\"0\">\r\n	<tbody>\r\n		<tr>\r\n			<td valign=\"top\" width=\"159\">&nbsp; &nbsp; &nbsp; &nbsp; &nbsp; &nbsp;Л/Ч</td>\r\n			<td valign=\"top\" width=\"160\">&nbsp; &nbsp; &nbsp;Грузоподъемность</td>\r\n			<td valign=\"top\" width=\"160\">&nbsp; &nbsp; &nbsp; &nbsp; &nbsp; Двигатель</td>\r\n			<td valign=\"top\" width=\"160\">&nbsp; &nbsp; &nbsp; Рабочая смена</td>\r\n		</tr>\r\n		<tr>\r\n			<td valign=\"top\" width=\"159\">1,7 л/ч</td>\r\n			<td valign=\"top\" width=\"160\">1,5-1,8 т</td>\r\n			<td valign=\"top\" width=\"160\">двигатель 4D92E</td>\r\n			<td valign=\"top\" width=\"160\">смена 24 ч</td>\r\n		</tr>\r\n		<tr>\r\n			<td valign=\"top\" width=\"159\">2,5 л/ч</td>\r\n			<td valign=\"top\" width=\"160\">2-2,5 т</td>\r\n			<td valign=\"top\" width=\"160\">двигатель 4D94E</td>\r\n			<td valign=\"top\" width=\"160\">смена 24 ч</td>\r\n		</tr>\r\n		<tr>\r\n			<td valign=\"top\" width=\"159\">2,2 л/ч</td>\r\n			<td valign=\"top\" width=\"160\">1,5 т</td>\r\n			<td valign=\"top\" width=\"160\">двигатель 4D94E</td>\r\n			<td valign=\"top\" width=\"160\">смена 8 ч</td>\r\n		</tr>\r\n		<tr>\r\n			<td valign=\"top\" width=\"159\">2,9-2,95 л/ч</td>\r\n			<td valign=\"top\" width=\"160\">г/п 1,8 т</td>\r\n			<td valign=\"top\" width=\"160\">двигатель 4D94E</td>\r\n			<td valign=\"top\" width=\"160\">смена 8 ч и более</td>\r\n		</tr>\r\n	</tbody>\r\n</table>\r\n\r\n<p>Таким образом, на показатели расхода топлива влияют такие параметры, как мощность и удельный расход топлива двигателя, продолжительность рабочего времени,</p>\r\n\r\n<p>когда он работает на максимальных оборотах. Машины с большим пробегом или, напротив, новые, но еще не прошедшие обкатку, показывают больший расход топлива,</p>\r\n\r\n<p>чем те, на которых двигатель отрегулирован. Выше обычного показывают расход топлива машины во время специального тестирования, когда они работают с предельной нагрузкой</p>\r\n\r\n<p>(например, при заявленной производителем средней норме 3 л/ч во время теста 1,5-тонный погрузчик может показать расход до 5-6 л/ч).</p>\r\n\r\n<h3 style=\"text-align: center;\">Что делают производители техники для снижения расхода топлива?</h3>\r\n\r\n<p>К слову, низкий расход топлива - не самоцель, он важен в комплексе с высокой производительностью, динамикой машины,</p>\r\n\r\n<p>т. е. оценивают, насколько хорошо и быстро машина откликается при выполнении рабочих операций, насколько уверенно преодолевает подъем и проч.</p>\r\n\r\n<p><strong>Что же делают производители, чтобы повысить скорость технологических операций, оставив на прежнем уровне расход топлива?</strong></p>\r\n\r\n<p>Например, оборудуют машины гидравлической системой высокого давления, и это позволяет увеличить скорость подъема.</p>\r\n\r\n<p>Правда, увеличивая скорость передачи динамического воздействия, необходимо обеспечить герметичность контура (рукава высокого давления, шланги и др.)</p>\r\n\r\n<p>за счет применения качественных материалов. Скажем, для того чтобы вилочные погрузчики одной из марок эконом-класса по этому</p>\r\n\r\n<p>показателю могли конкурировать с более дорогими машинами, производителю придется применить более качественное передающее устройство.</p>\r\n\r\n<p>Соответственно это приведет к удорожанию машины, и та потеряет свое основное конкурентное преимущество - ценовую доступность.</p>\r\n\r\n<table border=\"0\">\r\n	<tbody>\r\n		<tr>\r\n			<td>\r\n			<p>&nbsp;Другой инженерный прием - разделение гидравлического потока на рулевое управление и на подъемное оборудование.</p>\r\n\r\n			<p>В последней серии автопогрузчиков Komatsu ВХ50 (г/п 2-3 т) применена гидравлическая система суперподъема:</p>\r\n\r\n			<p>сдвоенные насосы обеспечивают работу рулевого управления и подъемного механизма независимо друг от друга.</p>\r\n\r\n			<p>В результате получается устойчивый подъем на холостом ходу при максимальной нагрузке, низкий расход топлива.</p>\r\n			</td>\r\n			<td><img alt=\"расход5\" src=\"/uploads/images/articles/_old/rashod_vilky/rashod5.jpg\" style=\"width: 133px; height: 100px;\" /></td>\r\n		</tr>\r\n	</tbody>\r\n</table>\r\n\r\n<p>Новый дизельный погрузчик Still Gmbh RX70 оснащается гибридным приводом, расходует 2,5 л топлива в час (замеры проводились на базе модели г/п 2,5 т согласно новым критериям VDI 2198,</p>\r\n\r\n<p>т. е. после 60 рабочих циклов в час). Технология гибридного привода предполагает установку дизельного и газового двигателей для привода электродвигателя.</p>\r\n\r\n<p>В данной модели погрузчика применен гидравлический насос, который подает масло в гидросистему по мере необходимости, а не постоянно, что также способствует экономии топлива.</p>\r\n\r\n<p>&nbsp;</p>\r\n\r\n<p>Создатели погрузчиков Jungheinrich серии DFG/TFG 316-320 г/п 1,6-2 т, говоря о преимуществах двигателя, подчеркивают, что используемый промышленный двигатель большого объема</p>\r\n\r\n<p>(2,5-литровый дизель мощностью 28 кВт) уже на низких оборотах развивает максимальный крутящий момент, что также позволяет обеспечить низкий расход топлива.</p>\r\n\r\n<p>Для двигателя Perkins 404C.22 модели DFG 16 As производитель указывает расход топлива 3,1 л/ч по циклу VDI.</p>\r\n\r\n<p>За счет применения двигателя с высоким крутящим моментом и системы рулевого управления с гидростатической трансмиссией в дизельном погрузчике Linde H16D (двигатель VVV/ADG)</p>\r\n\r\n<p>обеспечен расход топлива 2,3 л/ч по циклу VDI. В ряду конструкторских разработок практически всех ведущих производителей погрузчиков есть модели,</p>\r\n\r\n<p>предназначенные для работы на водородном топливе. Понятно, что высокотехнологичные модели стоят на 20-30% дороже базовых.</p>\r\n\r\n<p>И все же этому направлению уделяется серьезное внимание как своеобразному интеллектуальному вкладу в развитие марки.</p>\r\n\r\n<ul>\r\n</ul>\r\n',NULL,1,'1603089940','1617191630','rashod-topliva-vilochnogo-pogruzchika-21',4,NULL,'Расчет расхода топлива вилочного погрузчика',6,1,1,NULL),(22,'Советы при эксплуатации погрузчика','','','/uploads/images/products/lonking/forklift/diesel/fd15d_t/lnk_frk_clear_lg15d.jpg','<p>Существует ряд несложных, но действенных способов заставить погрузчик служить дольше положенного ему производителем срока. Прежде чем приступить к работе, оператор погрузчика должен внимательно изучить инструкции по эксплуатации и обслуживанию вверенного ему аппарата. Практика показывает, что большинство неисправностей погрузчиков (в том числе негарантийных) связаны с нарушением правил эксплуатации и отсутствием надлежащего сервисного обслуживания.<br />\r\nВот несколько простых советов, которым необходимо следовать для увеличения срока службы погрузчиков любого типа:<br />\r\n•Ежедневная техническая профилактика погрузчика в целом и отдельных узлов, предусмотренная «Инструкцией по эксплуатации» конкретной модели.</p>\r\n\r\n<p>•Строгое соблюдение температурных, погодных и иных условий эксплуатации, указанных в Инструкции производителя.</p>\r\n\r\n<p>•Производить профилактическую диагностику и техническое обслуживание погрузчика сервисной службой не реже одного раза в месяц.</p>\r\n\r\n<p>•Использовать погрузчик и его оборудование строго по назначению.</p>\r\n\r\n<p>•Заправлять погрузчик с двигателем внутреннего сгорания высококачественным топливом.</p>\r\n\r\n<p>•Не останавливать двигатель погрузчика во время движения, чтобы избежать отключения рулевой и тормозной систем, а также системы электронного контроля узлов погрузчика.</p>\r\n\r\n<p>•Не допускать превышения предельных значений грузоподъемности.</p>\r\n\r\n<p>•Избегать резких поворотов, торможений (кроме аварийных ситуаций) и работы с предельными нагрузками на больших скоростях.</p>\r\n\r\n<p>•Выполнять требования «медленного хода» (согласно Инструкции) для погрузчиков с гидравлической трансмиссией. В противном случае, при частом нажатии на педаль медленного хода, диски сцепления перегреются и быстро выйдут из строя.</p>\r\n\r\n<p>•При эксплуатации электропогрузчика в помещении с высоким перепадом температур, обратитесь в сервисный центр для замены гидравлического масла и изоляции контактов, во избежание их повреждения конденсатом.</p>\r\n\r\n<p>•После транспортировки погрузчика в вертикальном положении (например, штабелера), не включайте его в течение двух-трех часов после разгрузки.</p>\r\n\r\n<p>•При всех видах работ, требуйте от оператора строгого выполнения правил техники безопасности и точного следования «Инструкции по эксплуатации погрузчика».</p>\r\n\r\n<p><br />\r\nВ любом случае, при первых признаках неисправности погрузчика – обращайтесь за помощью в сервисный центр!</p>\r\n',NULL,1,'1603784661','1603784702','sovety-pri-ekspluatacii-pogruzchika-22',4,NULL,'Существует ряд несложных, но действенных способов заставить погрузчик служить дольше положенного ему производителем срока.',7,1,0,NULL),(25,'Новый год начался с прихода новой техники','','','/uploads/images/articles/news/2021/IMG_20210111_122838.jpg','',96,1,'1610540085','1610540359','novyy-god-nachalsya-s-prihoda-novoy-tehniki-25',1,NULL,'Торопитесь! Количество свободных погрузчиков ограничено!  ',8,0,0,NULL),(26,'Аутсорсинг в складском хозяйстве','','','/uploads/images/articles/13165849841321321315548.png','<p>Аутсорсинг - передача исполнения конкретной функции на договорной основе сторонней организации, для которой данный вид деятельности является профильным.</p>\r\n\r\n<p>Аутсорсинг позволяет полностью переложить заботы об организации бесперебойной круглосуточной работы складской техники и всего склада с подготовленным персоналом на плечи специализированной компании.</p>\r\n\r\n<p><strong>Зачем нужен аутсорсинг:</strong></p>\r\n\r\n<ul>\r\n	<li>Аутсорсинг в складском хозяйстве позволит высвободить инвестиции, направленные на не основную деятельность предприятия и использовать их на развитие основного производства.</li>\r\n	<li>Исключить процедуру принятия решений по бюджетам ремонтной программы, инвестиционной программы и снизить нагрузку на коммерческую службу по закупке и доставке запасных частей и материалов на содержание парка погрузчиков.</li>\r\n	<li>В текущем режиме эксплуатации не потребуется дополнительного парка погрузчиков, в случаях длительного простоя на текущих и капитальных ремонтах.</li>\r\n	<li>Отпадает необходимость наличия склада запасных частей для погрузчиков и другой складской техники.</li>\r\n	<li>Не требуется персонал для проведения ремонта и сервисного обслуживания погрузчиков.</li>\r\n	<li>Исчерпывается необходимость контроля над проведением ремонтных работ и учетом ТМЦ, связанных с содержанием автопогрузчиков.</li>\r\n	<li>Не нужно платить налог на имущество арендуемого транспорта.</li>\r\n	<li>Сохраняется постоянная гарантия работы погрузчиков и другой необходимой складской техники.</li>\r\n	<li>Вам не нужно будет обучать персонал при поступлении современной техники.</li>\r\n</ul>\r\n\r\n<p><strong>Все это позволит Вам:</strong></p>\r\n\r\n<ul>\r\n	<li>снизить издержки</li>\r\n	<li>минимизировать риски срыва основного производства</li>\r\n	<li>повысить оборачиваемость и ликвидность активов предприятия</li>\r\n	<li>Примером данной схемы может служить Орловский Сталепрокатный завод, который входит в группу Северсталь-метиз</li>\r\n	<li>На данном предприятии введена схема аутсорсинга. все погрузчики работающие на заводе в данный момент принадлежат Нашей организации. цех по обеспечению ремонта и обслуживанию напольного транспорта взят в аренду, персонал работавший по обслуживанию погрузчиков переведен в Нашу организацию.</li>\r\n	<li>Высвободившиеся погрузчики, принадлежащие ОСПАЗу, были оценены и выкуплены Нашей организацией.</li>\r\n	<li>Склад запасных частей частично распродан или выкуплен.</li>\r\n	<li>Первый арендный погрузчик поступил на ОСПАЗ 10.10.2005г. На данный момент на заводе работает 36 погрузчиков и 15 единиц самоходных тележек.</li>\r\n</ul>\r\n',NULL,1,'1623072400','1623072553','autsorsing-v-skladskom-hozyaystve-26',1,NULL,'Зачем нужен аутсорсинг в складском хозяйстве.',9,1,0,NULL),(27,'5 причин арендовать вилочный погрузчик','','','/uploads/images/articles/13165849841321321315548.png','<p>Некоторые менеджеры автопарка сомневаются в преимуществах аренды вилочного погрузчика, но аренда может быть экономически эффективным решением в случае внезапного роста бизнеса, временной потребности в специализированном оборудовании или разумным способом оценить вилочный погрузчик перед тем, как совершить покупку.</p>\r\n\r\n<p>Вы можете быть удивлены, узнав, что средний срок аренды погрузчика составляет два месяца. Вместо того, чтобы вкладывать капитал в долгосрочную покупку, все большее число предприятий предпочитают аренду. Читайте дальше, чтобы узнать больше о преимуществах аренды вилочного погрузчика.</p>\r\n\r\n<h2>Преимущества аренды вилочного погрузчика</h2>\r\n\r\n<p>&nbsp;</p>\r\n\r\n<p><strong>1. Получите необходимое оборудование быстро</strong></p>\r\n\r\n<p>Когда существующий вилочный погрузчик выходит из строя или ему требуется расширенное обслуживание, аренда погрузчика - лучший способ продолжить работу.</p>\r\n\r\n<p><strong>2 Твое, когда тебе это нужно, наше, когда тебе не нужно</strong></p>\r\n\r\n<p>Аренда дает вам возможность избежать оплаты за неиспользуемое оборудование. Если у вас краткосрочный контракт или у вас сезонный всплеск бизнеса, аренда - идеальное решение. Когда дела идут медленно, верните погрузчик и сэкономьте капитал.</p>\r\n\r\n<p><strong>3 Прогнозируемые ежемесячные расходы</strong></p>\r\n\r\n<p>Если у вас есть фиксированный бюджет или вы просто хотите избежать непредвиденных расходов на техническое обслуживание, аренда может дать вам душевное спокойствие.</p>\r\n\r\n<p><strong>4 У вас всегда будет новый погрузчик</strong></p>\r\n\r\n<p>Авторитетная компания по аренде вилочных погрузчиков доставит погрузчик с нижним рабочим временем в хорошем состоянии. Когда вы арендуете вилочный погрузчик Toyota, вы получаете новейшие технологии для максимальной безопасности и эффективности.</p>\r\n\r\n<p><strong>5 Попробуйте перед покупкой</strong></p>\r\n\r\n<p>Если вы думаете о добавлении нового вилочного погрузчика в свой автопарк, почему бы не попробовать перед покупкой?</p>\r\n\r\n<p>Наша компания имеет большой парк техники в аренду. Звоните <a href=\"tel:8 (800) 775-45-18\">8 (800) 775-45-18</a> Будем рады вам помочь</p>\r\n',NULL,1,'1623073419','1623073545','5-prichin-arendovat-vilochnyy-pogruzchik-27',4,NULL,'Почему и зачем стоит арендовать вилочные погрузчики',10,1,0,NULL),(28,'3 причины купить новый вилочный погрузчик вместо бу','','','/uploads/images/articles/1654984313.jpg','<p>Если вы хотите купить вилочный погрузчик для своего строительного бизнеса, склада или другого вида бизнеса, возможно, вы потратили некоторое время на изучение бу вариантов. В конце концов, покупка бывшего в употреблении вилочного погрузчика может показаться хорошим способом сэкономить деньги, при этом покупая оборудование, необходимое вашей компании. Несмотря на то, что многие компании успешно покупают и используют подержанные вилочные погрузчики, это не означает, что это лучший выбор для вашей компании.</p>\r\n\r\n<p>Вот некоторые из причин, по которым вы можете подумать о покупке нового вилочного погрузчика для вашей компании:</p>\r\n\r\n<h4>1. Безопасность</h4>\r\n\r\n<p>Во-первых, вы должны подумать о потенциальных проблемах безопасности при покупке старого вилочного погрузчика. Как вы, возможно, уже знаете, вилочные погрузчики могут быть довольно опасными, если они не используются должным образом. К счастью, новые вилочные погрузчики часто имеют новые и улучшенные функции безопасности, которые могут помочь обезопасить всех. Одних только соображений безопасности может быть достаточно, чтобы рассмотреть возможность использования нового погрузчика вместо бывшего в употреблении.</p>\r\n\r\n<h4>2. Производительность</h4>\r\n\r\n<p>Еще одна вещь, о которой вам следует подумать, - это производительность, на которую вы можете рассчитывать от нового вилочного погрузчика. Многие новые вилочные погрузчики быстрее, способны нести более длинные грузы и могут использоваться в течение более продолжительных рабочих часов, чем многие бывшие в употреблении вилочные погрузчики. Если у вас много работы и вы хотите иметь возможность рассчитывать на свой вилочный погрузчик каждый день, переход на новую модель, оборудованную для регулярного, постоянного использования, того стоит.</p>\r\n\r\n<h4>3. Гарантия</h4>\r\n\r\n<p>На подержанный вилочный погрузчик часто не распространяется гарантия. Это означает, что всегда существует риск того, что вы можете купить погрузчик и столкнуться с серьезными проблемами при ремонте погрузчика вскоре после его покупки. Однако, если вы покупаете у дилера тяжелого оборудования, который продает подержанные вилочные погрузчики, есть большая вероятность, что новый вилочный погрузчик вашей компании будет поставляться с гарантией на месяцы или годы. Тогда вы прикрыты.</p>\r\n\r\n<h4>4. Сервис</h4>\r\n\r\n<p>Покупая подержанный погрузчик вы должны быть готовы к тому что у вас могут быть повышенные расходы на ремонт и обслуживание.</p>\r\n\r\n<p>Как видите, даже если покупка подержанного вилочного погрузчика для вашего бизнеса может иметь некоторые преимущества, вы можете обнаружить, что покупка нового вилочного погрузчика будет лучшим вариантом.</p>\r\n\r\n<p>В нашей компании вам смогут помочь подобрать вилочный погрузчик под конкретные ваши нужды и бюджет. Обращайтесь!</p>\r\n',NULL,1,'1623074246','1623074264','3-prichiny-kupit-novyy-vilochnyy-pogruzchik-vmesto-bu-28',4,NULL,'Почему лучше потратить больше и купить новый чем сэкономить и заплатить потом больше.',11,1,0,NULL);

--
-- Table structure for table `article_category`
--

CREATE TABLE `article_category` (
  `id` int(11) NOT NULL AUTO_INCREMENT,
  `title` varchar(255) DEFAULT NULL,
  `meta_title` varchar(255) DEFAULT NULL,
  `meta_desc` varchar(255) DEFAULT NULL,
  `slug` varchar(255) DEFAULT NULL,
  `order` smallint(6) NOT NULL,
  PRIMARY KEY (`id`)
) ENGINE=InnoDB AUTO_INCREMENT=5 DEFAULT CHARSET=utf8;

--
-- Dumping data for table `article_category`
--

INSERT INTO `article_category` VALUES (1,'Новости','','','novosti',0),(4,'Статьи','','','stati',1);

--
-- Table structure for table `attachment`
--

CREATE TABLE `attachment` (
  `id` int(11) NOT NULL AUTO_INCREMENT,
  `title` varchar(255) NOT NULL,
  `gallery_id` int(11) DEFAULT NULL,
  `content` text,
  `slug` varchar(255) DEFAULT NULL COMMENT 'SLUG',
  `image` varchar(255) DEFAULT NULL COMMENT 'Main Image',
  `created_at` int(11) DEFAULT NULL,
  `updated_at` int(11) DEFAULT NULL,
  `meta_title` varchar(255) DEFAULT NULL,
  `meta_description` varchar(255) DEFAULT NULL,
  PRIMARY KEY (`id`),
  KEY `idx-attachment-title` (`title`)
) ENGINE=InnoDB AUTO_INCREMENT=4 DEFAULT CHARSET=utf8;

--
-- Dumping data for table `attachment`
--

INSERT INTO `attachment` VALUES (1,'Щетка подметальная',NULL,NULL,'schetka-podmetalnaya','/uploads/images/attachments/forklifts/shetka.png',1600420273,1600422277,'',''),(2,'Фронтальный ковш',NULL,NULL,'frontalnyy-kovsh','/uploads/images/attachments/forklifts/frontalniy_kovsh.png',1600420318,1600422287,'',''),(3,'Снеговой отвал',NULL,NULL,'snegovoy-otval','/uploads/images/attachments/forklifts/snegovoy_otval.png',1600420344,1600422914,'','');

--
-- Table structure for table `attribute`
--

CREATE TABLE `attribute` (
  `id` int(11) NOT NULL AUTO_INCREMENT,
  `name` varchar(255) NOT NULL,
  `slug` varchar(255) DEFAULT NULL,
  `order` smallint(6) NOT NULL,
  `active` int(1) DEFAULT NULL,
  `main` tinyint(1) DEFAULT NULL,
  `additional` tinyint(1) DEFAULT NULL,
  `type` int(11) DEFAULT NULL,
  `in_filter` smallint(6) DEFAULT NULL,
  `step` varchar(255) DEFAULT NULL,
  PRIMARY KEY (`id`)
) ENGINE=InnoDB AUTO_INCREMENT=73 DEFAULT CHARSET=utf8;

--
-- Dumping data for table `attribute`
--

INSERT INTO `attribute` VALUES (7,'Объем ковша, м3','obem_kovsha_m3',2,1,1,0,2,1,'0.01'),(8,'Грузоподъемность, кг','gruzopodemnost_kg',1,1,1,0,1,1,'1'),(10,'Высота подъема, мм','vysota_podema_mm',4,1,1,0,1,1,'100'),(11,'Наработка, м/ч','narabotka_mch',5,1,0,0,1,0,''),(12,'Двигатель','dvigatel',7,1,0,0,1,0,''),(13,'Длина вил, мм','dlina_vil_mm',8,1,0,0,1,0,''),(14,'Ширина вил, мм','shirina_vil_mm',9,1,0,0,1,0,''),(16,'Эксплуатационный вес, кг','ekspluatacionnyy_ves_kg',10,1,1,0,1,1,'100'),(17,'Макс.глубина резания, мм','maksglubina_rezaniya_mm',11,1,0,0,1,0,''),(18,'Высота подъема вил, мм','vysota_podema_vil_mm',12,1,0,0,1,0,''),(19,'Мощность двигателя','moschnost-dvigatelya',13,1,0,1,1,0,''),(20,'Масса, кг','massa-kg',15,1,1,0,1,1,'0.01'),(21,'Эксплуатационная масса, кг','ekspluatacionnaya-massa-kg',16,1,0,1,1,0,''),(22,'Мощность, л.с.','moschnost-ls',17,1,0,1,1,0,'1'),(23,'Высота разгрузки, мм','vysota-razgruzki-mm',0,1,0,1,1,0,'100'),(24,'Мощность двигателя, кВт','moschnost_dvigatelya_kvt',18,1,1,0,2,1,'0.1'),(25,'Тип двигателя','tip_dvigatelya',19,1,1,0,1,0,''),(27,'Год выпуска','god_vypuska',20,1,0,0,1,0,''),(28,'Наличие ПСМ','nalichie_psm',21,1,0,0,1,0,''),(29,'Свободный ход','svobodnyy_hod',6,1,0,0,1,0,''),(31,'Рабочий вес, кг','rabochiy_ves_kg',14,1,1,0,1,1,'10'),(33,'Номинальное тяговое усилие, кН','nominalnoe_tyagovoe_usilie-kn',3,1,0,0,1,0,''),(34,'Серия','seriya',22,0,0,0,1,0,''),(35,'Глубина копания, м.','glubina-kopaniya,-m.',23,1,1,0,1,1,'0.1'),(36,'Ширина вальца мм.','shirina-valca-mm',24,1,1,0,1,1,'10'),(38,'Мощность (кВт)','moschnost-kvt',25,1,0,1,1,0,''),(39,'Габариты (Д×Ш×В)','gabarity-(d??sh??v)',26,1,0,1,1,0,''),(40,'Масса пустой машины, кг','massa-pustoy-mashiny-kg',27,1,0,1,1,0,''),(41,'Нагрузка опрокидывания, кг','nagruzka-oprokidyvaniya,-kg',28,1,0,1,1,0,'0.01'),(42,'Высота выгрузки, мм.','vysota-vygruzki,-mm.',29,1,0,1,1,0,''),(43,'Операционный вес, кг','operacionnyy-ves,-kg',30,1,1,0,1,1,'1'),(44,'Мощность двигателя, кВ','moschnost-dvigatelya,-kv',31,1,0,1,1,0,''),(45,'Номинальная мощность, кВт','nominalnaya-moschnost,-kvt',32,1,0,1,1,0,''),(46,'Колеса','kolesa',33,1,1,0,1,0,''),(47,'Тип управления','tip-upravleniya',34,1,1,0,1,0,''),(48,'Вылет стрелы,м.','vylet-strely,m.',35,1,1,0,1,0,''),(49,'Типоразмер','tiporazmer',36,1,1,0,3,1,'100'),(50,'Слойность','sloynost',37,1,1,0,3,0,''),(51,'Диск','disk',38,1,0,1,3,0,''),(52,'Ширина,мм.','shirina,mm.',39,0,0,0,1,0,''),(53,'Внешний диаметр, мм.','vneshniy-diametr,-mm.',40,1,0,1,3,0,''),(54,'Минимальная высота, мм','minimalnaya-vysota,-mm',41,1,0,1,3,0,''),(55,'Размер платформы, мм','razmer-platformy,-mm',42,1,0,1,3,0,''),(56,'Диаметр колес, мм.','diametr-koles,-mm.',43,1,0,1,3,0,''),(57,'Собственная масса, кг','sobstvennaya-massa,-kg',44,1,0,1,3,0,''),(58,'Ширина ','shirina',45,1,1,0,1,1,'1'),(59,'Глубина стойки','glubina-stoyki',46,1,1,0,1,1,'1'),(60,'Толщина метала','tolschina-metala',47,1,0,1,1,0,'1'),(61,'Высота','vysota',48,1,1,0,1,1,'1'),(62,'Нагрузка, кг.','nagruzka,-kg.',49,1,1,0,1,1,'1'),(63,'Длина','dlina',50,1,1,0,1,1,'1'),(64,'Объем двигателя, л.','obem-dvigatelya,-l.',51,1,0,1,1,0,''),(65,'Высота подъема, м.','vysota-podema,-m.',52,1,0,1,1,0,''),(66,'Длина стрелы, м','dlina-strely,-m',53,1,0,1,1,0,''),(67,'Объем отвала, м3','obem-otvala,-m3',54,1,1,0,1,0,''),(68,'Ширина отвала, мм.','shirina-otvala,-mm.',55,1,0,1,1,0,''),(70,'Платформа, мм','platforma-mm',56,1,1,0,3,0,''),(71,'Модель','model',57,1,0,1,3,0,''),(72,'Вес, кг','ves-kg',58,1,1,0,2,1,'0.1');

--
-- Table structure for table `cache`
--

CREATE TABLE `cache` (
  `id` int(11) NOT NULL AUTO_INCREMENT,
  `expire` int(11) DEFAULT NULL,
  `data` blob,
  PRIMARY KEY (`id`),
  KEY `idx-cache_tbl` (`expire`)
) ENGINE=InnoDB AUTO_INCREMENT=2147483647 DEFAULT CHARSET=utf8mb4 COLLATE=utf8mb4_unicode_ci;

--
-- Dumping data for table `cache`
--

INSERT INTO `cache` VALUES (1,1606221780,'a:2:{i:0;a:1:{i:0;a:27:{s:2:\"id\";s:2:\"95\";s:5:\"image\";s:43:\"/uploads/images/placeholder/placeholder.png\";s:10:\"gallery_id\";N;s:7:\"content\";s:0:\"\";s:4:\"main\";s:1:\"0\";s:5:\"title\";s:37:\"Консольные стеллажи\";s:6:\"active\";s:1:\"1\";s:7:\"visible\";s:1:\"1\";s:4:\"slug\";s:19:\"konsolnye-stellazhi\";s:4:\"href\";s:0:\"\";s:10:\"created_at\";s:10:\"1598943189\";s:10:\"updated_at\";s:10:\"1598943189\";s:6:\"single\";s:0:\"\";s:10:\"order_menu\";s:1:\"0\";s:13:\"category_icon\";s:0:\"\";s:5:\"order\";s:2:\"30\";s:9:\"parent_id\";s:2:\"66\";s:4:\"type\";s:1:\"0\";s:10:\"meta_title\";N;s:16:\"meta_description\";N;s:10:\"manager_id\";N;s:4:\"path\";N;s:3:\"lvl\";N;s:11:\"custom_slug\";N;s:13:\"filterEnabled\";N;s:3:\"url\";N;s:13:\"department_id\";N;}}i:1;N;}'),(3,1606221711,'a:2:{i:0;a:1:{i:0;a:10:{s:2:\"id\";s:2:\"34\";s:4:\"name\";s:10:\"Серия\";s:4:\"slug\";s:6:\"seriya\";s:5:\"order\";s:2:\"22\";s:6:\"active\";s:1:\"0\";s:4:\"main\";N;s:10:\"additional\";N;s:4:\"type\";N;s:9:\"in_filter\";N;s:4:\"step\";N;}}i:1;N;}'),(4,1606221710,'a:2:{i:0;a:1:{i:0;a:1:{i:0;a:10:{s:2:\"id\";s:1:\"4\";s:5:\"title\";s:36:\"Экскаватор Lonking CDM6060\";s:4:\"link\";s:43:\"https://www.youtube.com/watch?v=YETxa_WHuto\";s:7:\"content\";s:49:\"Обзор экскаватора Lonking CDM6060\";s:10:\"meta_title\";s:0:\"\";s:9:\"meta_desc\";s:0:\"\";s:5:\"order\";s:1:\"1\";s:5:\"image\";s:37:\"/uploads/images/video/vid_CDM6060.jpg\";s:4:\"slug\";s:26:\"ekskavator-lonking-cdm6060\";s:6:\"active\";s:1:\"1\";}}}i:1;N;}'),(5,1606221711,'a:2:{i:0;a:1:{i:0;a:10:{s:2:\"id\";s:2:\"23\";s:4:\"name\";s:37:\"Высота разгрузки, мм\";s:4:\"slug\";s:19:\"vysota-razgruzki-mm\";s:5:\"order\";s:1:\"0\";s:6:\"active\";s:1:\"1\";s:4:\"main\";s:1:\"0\";s:10:\"additional\";s:1:\"1\";s:4:\"type\";s:1:\"1\";s:9:\"in_filter\";s:1:\"0\";s:4:\"step\";s:3:\"100\";}}i:1;N;}'),(6,1606221711,'a:2:{i:0;a:1:{i:0;a:3:{i:0;a:3:{s:10:\"product_id\";s:2:\"53\";s:12:\"attribute_id\";s:2:\"39\";s:5:\"value\";s:20:\"5863/2400/3944 мм.\";}i:1;a:3:{s:10:\"product_id\";s:2:\"53\";s:12:\"attribute_id\";s:2:\"46\";s:5:\"value\";s:24:\"Разновеликие\";}i:2;a:3:{s:10:\"product_id\";s:2:\"53\";s:12:\"attribute_id\";s:2:\"47\";s:5:\"value\";s:12:\"Рычаги\";}}}i:1;N;}'),(7,1606221759,'a:2:{i:0;a:1:{i:0;a:0:{}}i:1;N;}'),(8,1606221760,'a:2:{i:0;a:1:{i:0;b:0;}i:1;N;}'),(9,1606221787,'a:2:{i:0;a:1:{i:0;a:27:{s:2:\"id\";s:3:\"107\";s:5:\"image\";s:49:\"/uploads/images/categories/last/fr-pogruzchik.jpg\";s:10:\"gallery_id\";N;s:7:\"content\";s:0:\"\";s:4:\"main\";s:1:\"0\";s:5:\"title\";s:67:\"Аренда дорожно-строительной техники\";s:6:\"active\";s:1:\"1\";s:7:\"visible\";s:1:\"1\";s:4:\"slug\";s:35:\"arenda-dorozhno-stroitelnoy-tehniki\";s:4:\"href\";s:0:\"\";s:10:\"created_at\";s:10:\"1599638550\";s:10:\"updated_at\";s:10:\"1605096715\";s:6:\"single\";s:0:\"\";s:10:\"order_menu\";s:1:\"1\";s:13:\"category_icon\";s:18:\"flaticon-excavator\";s:5:\"order\";s:2:\"42\";s:9:\"parent_id\";N;s:4:\"type\";s:1:\"1\";s:10:\"meta_title\";s:0:\"\";s:16:\"meta_description\";s:0:\"\";s:10:\"manager_id\";N;s:4:\"path\";N;s:3:\"lvl\";s:1:\"1\";s:11:\"custom_slug\";s:1:\"0\";s:13:\"filterEnabled\";s:1:\"0\";s:3:\"url\";N;s:13:\"department_id\";N;}}i:1;N;}'),(31,1606221778,'a:2:{i:0;a:1:{i:0;a:27:{s:2:\"id\";s:2:\"66\";s:5:\"image\";s:38:\"/uploads/images/categories/stelazh.jpg\";s:10:\"gallery_id\";N;s:7:\"content\";s:0:\"\";s:4:\"main\";s:1:\"0\";s:5:\"title\";s:36:\"Стеллажи для склада\";s:6:\"active\";s:1:\"1\";s:7:\"visible\";s:1:\"1\";s:4:\"slug\";s:21:\"stellazhi-dlya-sklada\";s:4:\"href\";s:0:\"\";s:10:\"created_at\";s:10:\"1598942249\";s:10:\"updated_at\";s:10:\"1602674033\";s:6:\"single\";s:0:\"\";s:10:\"order_menu\";s:1:\"7\";s:13:\"category_icon\";s:14:\"flaticon-cargo\";s:5:\"order\";s:1:\"3\";s:9:\"parent_id\";N;s:4:\"type\";s:1:\"0\";s:10:\"meta_title\";s:0:\"\";s:16:\"meta_description\";s:0:\"\";s:10:\"manager_id\";N;s:4:\"path\";N;s:3:\"lvl\";s:1:\"1\";s:11:\"custom_slug\";s:1:\"0\";s:13:\"filterEnabled\";N;s:3:\"url\";N;s:13:\"department_id\";N;}}i:1;N;}'),(33,1606221778,'a:2:{i:0;a:1:{i:0;a:0:{}}i:1;N;}'),(34,1606221710,'a:2:{i:0;a:1:{i:0;a:27:{s:2:\"id\";s:3:\"227\";s:5:\"title\";s:16:\"Komatsu FD25T-17\";s:11:\"category_id\";s:2:\"75\";s:7:\"popular\";s:1:\"1\";s:10:\"gallery_id\";N;s:7:\"content\";s:9265:\"<table class=\"table table-striped\">\r\n	<tbody>\r\n		<tr>\r\n			<td colspan=\"3\">Характеристики</td>\r\n		</tr>\r\n		<tr>\r\n			<td>Модель</td>\r\n			<td>&nbsp;</td>\r\n			<td>FD25T-17</td>\r\n		</tr>\r\n		<tr>\r\n			<td>Коробка передач</td>\r\n			<td>&nbsp;</td>\r\n			<td>Гидромеханическая TORQFLOW [Сцепление]</td>\r\n		</tr>\r\n		<tr>\r\n			<td>Тип силового агрегата</td>\r\n			<td>&nbsp;</td>\r\n			<td>Дизeльный</td>\r\n		</tr>\r\n		<tr>\r\n			<td>Тип управления</td>\r\n			<td>&nbsp;</td>\r\n			<td>В положении сидя</td>\r\n		</tr>\r\n		<tr>\r\n			<td>Номинальная грузоподъем., Q</td>\r\n			<td>кг</td>\r\n			<td>2500</td>\r\n		</tr>\r\n		<tr>\r\n			<td>Центр приложения нагрузки, c, (номинальный центр)</td>\r\n			<td>мм</td>\r\n			<td>500</td>\r\n		</tr>\r\n		<tr>\r\n			<td>Альтернативная нагрузка, Q2, Нагрузка при центре прилож. нагр. на 600 мм</td>\r\n			<td>кг</td>\r\n			<td>2260</td>\r\n		</tr>\r\n		<tr>\r\n			<td>Плечо нагрузки, x, Расстояние от оси пер. моста до пер. поверх. вил</td>\r\n			<td>мм</td>\r\n			<td>465</td>\r\n		</tr>\r\n		<tr>\r\n			<td>Колесная база, y</td>\r\n			<td>мм</td>\r\n			<td>1650</td>\r\n		</tr>\r\n		<tr>\r\n			<td colspan=\"3\">Масса</td>\r\n		</tr>\r\n		<tr>\r\n			<td>Эксплуатационная масса</td>\r\n			<td>кг</td>\r\n			<td>3680[3720]</td>\r\n		</tr>\r\n		<tr>\r\n			<td>Нагрузка на мосты. Передние, с грузом</td>\r\n			<td>кг</td>\r\n			<td>5475[5495]</td>\r\n		</tr>\r\n		<tr>\r\n			<td>Нагрузка на мосты. Задние, с грузом</td>\r\n			<td>кг</td>\r\n			<td>705[725]</td>\r\n		</tr>\r\n		<tr>\r\n			<td>Нагрузка на мосты. Передние, без груза</td>\r\n			<td>кг</td>\r\n			<td>1470[1500]</td>\r\n		</tr>\r\n		<tr>\r\n			<td>Нагрузка на мосты. Задние, без груза</td>\r\n			<td>кг</td>\r\n			<td>2210[2220]</td>\r\n		</tr>\r\n		<tr>\r\n			<td colspan=\"3\">Шины</td>\r\n		</tr>\r\n		<tr>\r\n			<td>Тип шин</td>\r\n			<td>&nbsp;</td>\r\n			<td>Пневматический</td>\r\n		</tr>\r\n		<tr>\r\n			<td>Размер шин, передние</td>\r\n			<td>&nbsp;</td>\r\n			<td>7.00-12-12PR(I)</td>\r\n		</tr>\r\n		<tr>\r\n			<td>Размер шин, задние</td>\r\n			<td>&nbsp;</td>\r\n			<td>6.00-9-10PR(I)</td>\r\n		</tr>\r\n		<tr>\r\n			<td>Количество колес</td>\r\n			<td>Передние/задние (x=ведомые)</td>\r\n			<td>2Х/2</td>\r\n		</tr>\r\n		<tr>\r\n			<td>Ширина протект. пер. колес, b4</td>\r\n			<td>мм</td>\r\n			<td>965</td>\r\n		</tr>\r\n		<tr>\r\n			<td>Ширина протект. зад. колес, b3</td>\r\n			<td>мм</td>\r\n			<td>960</td>\r\n		</tr>\r\n		<tr>\r\n			<td colspan=\"3\">Габаритные размеры</td>\r\n		</tr>\r\n		<tr>\r\n			<td>Угол наклона</td>\r\n			<td>град.</td>\r\n			<td>6/12</td>\r\n		</tr>\r\n		<tr>\r\n			<td>Высота опущенной мачты, (стандартная мачта)</td>\r\n			<td>мм</td>\r\n			<td>1995</td>\r\n		</tr>\r\n		<tr>\r\n			<td>Стандартный запас свободного хода, (стандартная мачта)</td>\r\n			<td>мм</td>\r\n			<td>155</td>\r\n		</tr>\r\n		<tr>\r\n			<td>Стандартная высота подъема, (стандартная мачта)</td>\r\n			<td>мм</td>\r\n			<td>3000</td>\r\n		</tr>\r\n		<tr>\r\n			<td>Высота выдвинутой мачты, (стандартная мачта)</td>\r\n			<td>мм</td>\r\n			<td>4050</td>\r\n		</tr>\r\n		<tr>\r\n			<td>Высота по верхнему ограждению, (стандартная мачта)</td>\r\n			<td>мм</td>\r\n			<td>2110</td>\r\n		</tr>\r\n		<tr>\r\n			<td>Длина со стандартными вилами</td>\r\n			<td>мм</td>\r\n			<td>3655</td>\r\n		</tr>\r\n		<tr>\r\n			<td>Длина до передней поверхности вил</td>\r\n			<td>мм</td>\r\n			<td>2580</td>\r\n		</tr>\r\n		<tr>\r\n			<td>Ширина по шинам</td>\r\n			<td>мм</td>\r\n			<td>1150</td>\r\n		</tr>\r\n		<tr>\r\n			<td>Вилы</td>\r\n			<td>мм</td>\r\n			<td>40x122x1070</td>\r\n		</tr>\r\n		<tr>\r\n			<td>Класс вилочной каретки</td>\r\n			<td>ISO 2328</td>\r\n			<td>Класс 2,А</td>\r\n		</tr>\r\n		<tr>\r\n			<td>Ширина вилочной каретки</td>\r\n			<td>мм</td>\r\n			<td>1020</td>\r\n		</tr>\r\n		<tr>\r\n			<td>Дорожный просвет под мачтой</td>\r\n			<td>мм</td>\r\n			<td>115</td>\r\n		</tr>\r\n		<tr>\r\n			<td>Дорожный просвет по центру колесной базы</td>\r\n			<td>мм</td>\r\n			<td>160</td>\r\n		</tr>\r\n		<tr>\r\n			<td>Ширина прохода при штабелировании под прямым углом с поддонами Д1000 х Ш1200</td>\r\n			<td>мм</td>\r\n			<td>3775</td>\r\n		</tr>\r\n		<tr>\r\n			<td>Ширина прохода при штабелировании под прямым углом, Ast, с поддонами Д1200 x Ш800</td>\r\n			<td>мм</td>\r\n			<td>3905</td>\r\n		</tr>\r\n		<tr>\r\n			<td>Радиус поворота</td>\r\n			<td>мм</td>\r\n			<td>2240</td>\r\n		</tr>\r\n		<tr>\r\n			<td colspan=\"3\">Рабочие характеристики</td>\r\n		</tr>\r\n		<tr>\r\n			<td>Скорость передвижения (передний ход), с грузом, 1-я/2-я передача</td>\r\n			<td>км/ч</td>\r\n			<td>18.5[8.5/18.5]</td>\r\n		</tr>\r\n		<tr>\r\n			<td>Скорость передвижения (передний ход), без груза, 1-я/2-я передача</td>\r\n			<td>км/ч</td>\r\n			<td>19.0[8.5/19.0]</td>\r\n		</tr>\r\n		<tr>\r\n			<td>Скорость подъема вил, с грузом</td>\r\n			<td>мм/с</td>\r\n			<td>590</td>\r\n		</tr>\r\n		<tr>\r\n			<td>Скорость подъема вил, без груза</td>\r\n			<td>мм/с</td>\r\n			<td>630</td>\r\n		</tr>\r\n		<tr>\r\n			<td>Скорость опускания вил, с грузом</td>\r\n			<td>мм/с</td>\r\n			<td>450</td>\r\n		</tr>\r\n		<tr>\r\n			<td>Скорость опускания вил, без груза</td>\r\n			<td>мм/с</td>\r\n			<td>500</td>\r\n		</tr>\r\n		<tr>\r\n			<td>Макс. тяговое усилие, с грузом</td>\r\n			<td>KN</td>\r\n			<td>14[13]</td>\r\n		</tr>\r\n		<tr>\r\n			<td>Макс. уклон, с грузом</td>\r\n			<td>%</td>\r\n			<td>23[22]</td>\r\n		</tr>\r\n		<tr>\r\n			<td>Рабочий тормоз, Привод/Управление</td>\r\n			<td>&nbsp;</td>\r\n			<td>Ножной, гидравл.</td>\r\n		</tr>\r\n		<tr>\r\n			<td>Стояночный тормоз, Привод/Управление</td>\r\n			<td>&nbsp;</td>\r\n			<td>Ручной, механич.</td>\r\n		</tr>\r\n		<tr>\r\n			<td>Управл. направл. движ., тип</td>\r\n			<td>&nbsp;</td>\r\n			<td>Полн. гидростат. усил. Руля</td>\r\n		</tr>\r\n		<tr>\r\n			<td colspan=\"3\">Аккумуляторная батарея</td>\r\n		</tr>\r\n		<tr>\r\n			<td>Напряж./номин. емкость на 5 часов</td>\r\n			<td>В / А•ч</td>\r\n			<td>12/64</td>\r\n		</tr>\r\n		<tr>\r\n			<td>Тяговый электродвигатель, Номинально 60 мин.</td>\r\n			<td>кВт</td>\r\n			<td>-</td>\r\n		</tr>\r\n		<tr>\r\n			<td>Электродвигатель насоса, Номинально 5 мин.</td>\r\n			<td>кВт</td>\r\n			<td>-</td>\r\n		</tr>\r\n		<tr>\r\n			<td>Электродвигатель рул. упр. с усил., Номинально 60 мин.</td>\r\n			<td>кВт</td>\r\n			<td>-</td>\r\n		</tr>\r\n		<tr>\r\n			<td>Напряжение аккумуляторной батареи</td>\r\n			<td>В</td>\r\n			<td>-</td>\r\n		</tr>\r\n		<tr>\r\n			<td>Емкость аккумуляторной батареи, мин.</td>\r\n			<td>А•ч/5 ч</td>\r\n			<td>-</td>\r\n		</tr>\r\n		<tr>\r\n			<td>Емкость аккумуляторной батареи, макс.</td>\r\n			<td>А•ч/5 ч</td>\r\n			<td>-</td>\r\n		</tr>\r\n		<tr>\r\n			<td>Масса аккумуляторной батареи</td>\r\n			<td>кг</td>\r\n			<td>-</td>\r\n		</tr>\r\n		<tr>\r\n			<td colspan=\"3\">Привод</td>\r\n		</tr>\r\n		<tr>\r\n			<td>Производитель, модель ДВС</td>\r\n			<td>&nbsp;</td>\r\n			<td>Komatsu 4D94LE</td>\r\n		</tr>\r\n		<tr>\r\n			<td>Номин. мощн. по SAE</td>\r\n			<td>кВт</td>\r\n			<td>34.2 при 2200</td>\r\n		</tr>\r\n		<tr>\r\n			<td>Номин. частота вращения</td>\r\n			<td>об/мин</td>\r\n			<td>2200</td>\r\n		</tr>\r\n		<tr>\r\n			<td>Макс. крут. мом. пo SAE</td>\r\n			<td>Н•м при об/мин</td>\r\n			<td>162 при 1500</td>\r\n		</tr>\r\n		<tr>\r\n			<td>Число и раб. объем цилинд.</td>\r\n			<td>см3</td>\r\n			<td>4-3052</td>\r\n		</tr>\r\n		<tr>\r\n			<td colspan=\"3\">Прочее</td>\r\n		</tr>\r\n		<tr>\r\n			<td>Емкость топливного бака</td>\r\n			<td>л</td>\r\n			<td>58</td>\r\n		</tr>\r\n		<tr>\r\n			<td>Давл. разгрузки смен. оборуд.</td>\r\n			<td>бар</td>\r\n			<td>181</td>\r\n		</tr>\r\n		<tr>\r\n			<td>Емкость гидробака</td>\r\n			<td>л</td>\r\n			<td>-</td>\r\n		</tr>\r\n		<tr>\r\n			<td>Управление тяговым электродвигателем</td>\r\n			<td>&nbsp;</td>\r\n			<td>-</td>\r\n		</tr>\r\n	</tbody>\r\n</table>\r\n\";s:5:\"price\";N;s:6:\"active\";s:1:\"1\";s:5:\"state\";s:1:\"0\";s:10:\"created_at\";s:10:\"1595424079\";s:10:\"updated_at\";s:10:\"1600237616\";s:4:\"slug\";s:16:\"komatsu-fd25t-17\";s:12:\"presentation\";s:0:\"\";s:3:\"pdf\";s:0:\"\";s:5:\"image\";s:74:\"/uploads/images/products/Komatsu/forklifts/diesel/fhd/Komatsu_FD25T-17.jpg\";s:10:\"meta_title\";s:0:\"\";s:16:\"meta_description\";s:0:\"\";s:9:\"old_price\";N;s:4:\"type\";s:1:\"0\";s:5:\"order\";s:2:\"21\";s:12:\"availability\";s:1:\"1\";s:6:\"action\";s:1:\"0\";s:15:\"manufacturer_id\";s:1:\"3\";s:3:\"new\";s:1:\"0\";s:10:\"price_type\";s:1:\"0\";s:6:\"rating\";N;s:11:\"custom_slug\";s:1:\"0\";}}i:1;N;}'),(42,1606221782,'a:2:{i:0;a:1:{i:0;a:27:{s:2:\"id\";s:2:\"97\";s:5:\"image\";s:43:\"/uploads/images/placeholder/placeholder.png\";s:10:\"gallery_id\";N;s:7:\"content\";s:0:\"\";s:4:\"main\";s:1:\"0\";s:5:\"title\";s:30:\"Шкафы для одежды\";s:6:\"active\";s:1:\"1\";s:7:\"visible\";s:1:\"1\";s:4:\"slug\";s:19:\"shkafy-dlya-odezhdy\";s:4:\"href\";s:0:\"\";s:10:\"created_at\";s:10:\"1598943228\";s:10:\"updated_at\";s:10:\"1598943228\";s:6:\"single\";s:0:\"\";s:10:\"order_menu\";s:1:\"0\";s:13:\"category_icon\";s:0:\"\";s:5:\"order\";s:2:\"32\";s:9:\"parent_id\";s:2:\"66\";s:4:\"type\";s:1:\"0\";s:10:\"meta_title\";N;s:16:\"meta_description\";N;s:10:\"manager_id\";N;s:4:\"path\";N;s:3:\"lvl\";N;s:11:\"custom_slug\";N;s:13:\"filterEnabled\";N;s:3:\"url\";N;s:13:\"department_id\";N;}}i:1;N;}'),(49,1606221709,'a:2:{i:0;a:1:{i:0;a:4:{i:0;a:15:{s:2:\"id\";s:1:\"1\";s:5:\"title\";s:7:\"Lonking\";s:5:\"image\";s:61:\"/uploads/images/products/629c9f255d38556b1a3d4065f1f84c62.png\";s:7:\"content\";s:0:\"\";s:6:\"active\";s:1:\"1\";s:4:\"slug\";s:7:\"lonking\";s:10:\"created_at\";N;s:10:\"updated_at\";s:10:\"1602752913\";s:11:\"description\";s:80:\"Поставщик строительной и складской техники\";s:4:\"main\";s:1:\"1\";s:7:\"country\";s:10:\"Китай\";s:10:\"meta_title\";s:0:\"\";s:16:\"meta_description\";s:0:\"\";s:10:\"gallery_id\";s:2:\"94\";s:11:\"custom_slug\";s:1:\"0\";}i:1;a:15:{s:2:\"id\";s:1:\"2\";s:5:\"title\";s:3:\"MST\";s:5:\"image\";s:61:\"/uploads/images/products/e805166187941f9f6954024172500fa7.png\";s:7:\"content\";s:0:\"\";s:6:\"active\";s:1:\"1\";s:4:\"slug\";s:3:\"mst\";s:10:\"created_at\";N;s:10:\"updated_at\";s:10:\"1600694400\";s:11:\"description\";s:58:\"Поставщик строительной техники\";s:4:\"main\";s:1:\"1\";s:7:\"country\";s:12:\"Турция\";s:10:\"meta_title\";N;s:16:\"meta_description\";N;s:10:\"gallery_id\";N;s:11:\"custom_slug\";N;}i:2;a:15:{s:2:\"id\";s:1:\"3\";s:5:\"title\";s:7:\"Komatsu\";s:5:\"image\";s:61:\"/uploads/images/products/e493a9d8b63dfc4fe8685da1cd64733f.png\";s:7:\"content\";s:0:\"\";s:6:\"active\";s:1:\"1\";s:4:\"slug\";s:7:\"komatsu\";s:10:\"created_at\";N;s:10:\"updated_at\";s:10:\"1600694402\";s:11:\"description\";s:52:\"Поставщик складской техники\";s:4:\"main\";s:1:\"1\";s:7:\"country\";s:12:\"Япония\";s:10:\"meta_title\";N;s:16:\"meta_description\";N;s:10:\"gallery_id\";N;s:11:\"custom_slug\";N;}i:3;a:15:{s:2:\"id\";s:1:\"6\";s:5:\"title\";s:9:\"BEL-DOZER\";s:5:\"image\";s:46:\"/uploads/manufacturers/beldozer_brand_logo.jpg\";s:7:\"content\";s:0:\"\";s:6:\"active\";s:1:\"1\";s:4:\"slug\";s:9:\"bel-dozer\";s:10:\"created_at\";s:10:\"1604999870\";s:10:\"updated_at\";s:10:\"1604999870\";s:11:\"description\";s:0:\"\";s:4:\"main\";s:1:\"1\";s:7:\"country\";s:20:\"Белоруссия\";s:10:\"meta_title\";s:0:\"\";s:16:\"meta_description\";s:0:\"\";s:10:\"gallery_id\";N;s:11:\"custom_slug\";s:1:\"0\";}}}i:1;N;}'),(62,1606221765,'a:2:{i:0;a:1:{i:0;a:27:{s:2:\"id\";s:2:\"74\";s:5:\"image\";s:56:\"/uploads/images/categories/last/exkavator-pogruzchik.jpg\";s:10:\"gallery_id\";N;s:7:\"content\";N;s:4:\"main\";s:1:\"1\";s:5:\"title\";s:43:\"Экскаваторы-погрузчики\";s:6:\"active\";s:1:\"1\";s:7:\"visible\";s:1:\"1\";s:4:\"slug\";s:23:\"ekskavatory-pogruzchiki\";s:4:\"href\";s:0:\"\";s:10:\"created_at\";s:10:\"1598942524\";s:10:\"updated_at\";s:10:\"1604047916\";s:6:\"single\";s:39:\"Экскаватор-погрузчик\";s:10:\"order_menu\";s:1:\"0\";s:13:\"category_icon\";s:0:\"\";s:5:\"order\";s:2:\"11\";s:9:\"parent_id\";s:2:\"63\";s:4:\"type\";s:1:\"0\";s:10:\"meta_title\";s:0:\"\";s:16:\"meta_description\";s:0:\"\";s:10:\"manager_id\";N;s:4:\"path\";s:2:\"63\";s:3:\"lvl\";s:1:\"2\";s:11:\"custom_slug\";s:1:\"0\";s:13:\"filterEnabled\";N;s:3:\"url\";N;s:13:\"department_id\";N;}}i:1;N;}'),(63,1606221709,'a:2:{i:0;a:1:{i:0;a:18:{s:2:\"id\";s:2:\"13\";s:5:\"title\";s:39:\"Быстросъем в подарок!\";s:12:\"preview_text\";s:109:\"При покупке экскаватора-погрузчика MST быстросъем в подарок!\";s:5:\"image\";s:49:\"/uploads/images/promo/15.10/mst/mst_15.10_710.jpg\";s:4:\"slug\";s:19:\"bystrosem-v-podarok\";s:7:\"content\";s:0:\"\";s:6:\"active\";s:1:\"1\";s:10:\"created_at\";s:10:\"1602771585\";s:10:\"updated_at\";s:10:\"1603952709\";s:10:\"gallery_id\";N;s:5:\"order\";s:1:\"6\";s:10:\"start_date\";s:10:\"1601240400\";s:8:\"end_date\";s:10:\"1601758800\";s:12:\"image_tablet\";s:0:\"\";s:12:\"image_mobile\";s:0:\"\";s:11:\"custom_slug\";s:1:\"0\";s:4:\"main\";s:1:\"1\";s:16:\"meta_description\";s:0:\"\";}}i:1;N;}'),(67,1606221710,'a:2:{i:0;a:1:{i:0;a:27:{s:2:\"id\";s:2:\"75\";s:5:\"image\";s:43:\"/uploads/images/placeholder/placeholder.png\";s:10:\"gallery_id\";N;s:7:\"content\";N;s:4:\"main\";s:1:\"0\";s:5:\"title\";s:56:\"Дизельные вилочные погрузчики\";s:6:\"active\";s:1:\"1\";s:7:\"visible\";s:1:\"1\";s:4:\"slug\";s:30:\"dizelnye-vilochnye-pogruzchiki\";s:4:\"href\";s:0:\"\";s:10:\"created_at\";s:10:\"1598942550\";s:10:\"updated_at\";s:10:\"1605278094\";s:6:\"single\";s:54:\"Дизельный вилочный погрузчик\";s:10:\"order_menu\";s:1:\"0\";s:13:\"category_icon\";s:0:\"\";s:5:\"order\";s:2:\"12\";s:9:\"parent_id\";s:2:\"64\";s:4:\"type\";s:1:\"0\";s:10:\"meta_title\";s:0:\"\";s:16:\"meta_description\";s:0:\"\";s:10:\"manager_id\";N;s:4:\"path\";s:2:\"64\";s:3:\"lvl\";s:1:\"2\";s:11:\"custom_slug\";s:1:\"0\";s:13:\"filterEnabled\";N;s:3:\"url\";N;s:13:\"department_id\";N;}}i:1;N;}'),(76,1606221710,'a:2:{i:0;a:1:{i:0;a:6:{i:0;a:18:{s:2:\"id\";s:1:\"2\";s:5:\"title\";s:50:\"Компания ООО Автокар г.Орел\";s:3:\"lat\";s:9:\"52.960367\";s:3:\"lng\";s:9:\"36.095101\";s:5:\"image\";s:33:\"/uploads/images/contacts/orel.jpg\";s:10:\"gallery_id\";N;s:7:\"content\";s:1151:\"<p>Адрес: 302004, г. Орел, ул. 1-ая Курская, д. 83</p>\r\n\r\n<p>Региональный руководитель: Жирохова Елена Александровна</p>\r\n\r\n<p>Часы работы: понедельник-пятница с 9.00 до 18.00</p>\r\n\r\n<p>Тел./факс:&nbsp;<a href=\"tel:4862717388\">(4862) 71-73-88</a>,&nbsp;<a href=\"tel:4862734340\">(4862) 73-43-40</a>,&nbsp;<a href=\"tel:4862543151\">(4862) 54-31-51</a>,&nbsp;<a href=\"tel:4862439209\">(4862) 43-92-09</a>,&nbsp;<a href=\"tel:486439089\">(4862) 43-90-89</a>,&nbsp;<a href=\"tel:4862734346\">(4862) 73-43-46</a></p>\r\n\r\n<p>E-mail:<a href=\"mailto:office@autocar57.ru\">office@autocar57.ru</a></p>\r\n<style type=\"text/css\">.tb_button {padding:1px;cursor:pointer;border-right: 1px solid #8b8b8b;border-left: 1px solid #FFF;border-bottom: 1px solid #fff;}.tb_button.hover {borer:2px outset #def; background-color: #f8f8f8 !important;}.ws_toolbar {z-index:100000} .ws_toolbar .ws_tb_btn {cursor:pointer;border:1px solid #555;padding:3px}   .tb_highlight{background-color:yellow} .tb_hide {visibility:hidden} .ws_toolbar img {padding:2px;margin:0px}\r\n</style>\r\n\";s:4:\"slug\";s:28:\"kompaniya-ooo-avtokar-g.orel\";s:7:\"city_id\";s:1:\"1\";s:7:\"address\";s:49:\"г. Орел, ул. 1-ая Курская, д. 83\";s:5:\"order\";s:1:\"1\";s:8:\"director\";s:54:\"Жирохова Елена Александровна\";s:7:\"phone_1\";s:18:\"+7 (4862) 71-73-88\";s:7:\"phone_2\";s:0:\"\";s:5:\"email\";s:19:\"office@autocar57.ru\";s:6:\"ya_map\";s:35:\"https://yandex.ru/maps/-/CCQ3f8F-OB\";s:7:\"default\";s:1:\"1\";s:8:\"postCode\";s:6:\"302004\";}i:1;a:18:{s:2:\"id\";s:1:\"5\";s:5:\"title\";s:54:\"Компания ООО Автокар г.Москва\";s:3:\"lat\";s:9:\"55.572935\";s:3:\"lng\";s:9:\"37.617784\";s:5:\"image\";s:35:\"/uploads/images/contacts/moscow.jpg\";s:10:\"gallery_id\";N;s:7:\"content\";s:929:\"<p>&nbsp;</p>\r\n<style type=\"text/css\">.tb_button {padding:1px;cursor:pointer;border-right: 1px solid #8b8b8b;border-left: 1px solid #FFF;border-bottom: 1px solid #fff;}.tb_button.hover {borer:2px outset #def; background-color: #f8f8f8 !important;}.ws_toolbar {z-index:100000} .ws_toolbar .ws_tb_btn {cursor:pointer;border:1px solid #555;padding:3px}   .tb_highlight{background-color:yellow} .tb_hide {visibility:hidden} .ws_toolbar img {padding:2px;margin:0px}\r\n</style>\r\n<style type=\"text/css\">.tb_button {padding:1px;cursor:pointer;border-right: 1px solid #8b8b8b;border-left: 1px solid #FFF;border-bottom: 1px solid #fff;}.tb_button.hover {borer:2px outset #def; background-color: #f8f8f8 !important;}.ws_toolbar {z-index:100000} .ws_toolbar .ws_tb_btn {cursor:pointer;border:1px solid #555;padding:3px}   .tb_highlight{background-color:yellow} .tb_hide {visibility:hidden} .ws_toolbar img {padding:2px;margin:0px}\r\n</style>\r\n\";s:4:\"slug\";s:30:\"kompaniya-ooo-avtokar-g.moskva\";s:7:\"city_id\";s:1:\"2\";s:7:\"address\";s:135:\"г.Москва, ул. Нагорная, стр. 11, офис № 2-46 (32 км МКАД внешняя сторона ТЦ ТРАКТ)\";s:5:\"order\";s:1:\"0\";s:8:\"director\";s:60:\"Терновский Алексей Валентинович\";s:7:\"phone_1\";s:17:\"8 (960) 647-48-48\";s:7:\"phone_2\";s:0:\"\";s:5:\"email\";s:16:\"m7p@autocar57.ru\";s:6:\"ya_map\";s:35:\"https://yandex.ru/maps/-/CCQ3fUBfWA\";s:7:\"default\";s:1:\"1\";s:8:\"postCode\";s:6:\"142718\";}i:2;a:18:{s:2:\"id\";s:1:\"6\";s:5:\"title\";s:52:\"Компания ООО Автокар г.Курск\";s:3:\"lat\";s:9:\"51.714527\";s:3:\"lng\";s:9:\"36.134068\";s:5:\"image\";s:34:\"/uploads/images/contacts/kursk.jpg\";s:10:\"gallery_id\";N;s:7:\"content\";s:805:\"<p>Адрес: 305007, г. Курск, ул. Монастырская балка, д. 2</p>\r\n\r\n<p>Руководитель офиса: Кочергина Екатерина Викторовна</p>\r\n\r\n<p>Тел:&nbsp;<a href=\"tel:84712354612\">8 (4712) 35-46-12</a></p>\r\n\r\n<p>E-mail:<a href=\"mailto:office@autocar57.ru\">office@autocar57.ru</a></p>\r\n<style type=\"text/css\">.tb_button {padding:1px;cursor:pointer;border-right: 1px solid #8b8b8b;border-left: 1px solid #FFF;border-bottom: 1px solid #fff;}.tb_button.hover {borer:2px outset #def; background-color: #f8f8f8 !important;}.ws_toolbar {z-index:100000} .ws_toolbar .ws_tb_btn {cursor:pointer;border:1px solid #555;padding:3px}   .tb_highlight{background-color:yellow} .tb_hide {visibility:hidden} .ws_toolbar img {padding:2px;margin:0px}\r\n</style>\r\n\";s:4:\"slug\";s:29:\"kompaniya-ooo-avtokar-g.kursk\";s:7:\"city_id\";s:1:\"4\";s:7:\"address\";s:64:\"г. Курск, ул. Монастырская балка, д. 2\";s:5:\"order\";s:1:\"2\";s:8:\"director\";s:58:\"Кочергина Екатерина Викторовна\";s:7:\"phone_1\";s:18:\"+7 (4712) 35-46-12\";s:7:\"phone_2\";s:0:\"\";s:5:\"email\";s:19:\"office@autocar57.ru\";s:6:\"ya_map\";s:35:\"https://yandex.ru/maps/-/CCQ3f8fIoC\";s:7:\"default\";s:1:\"1\";s:8:\"postCode\";s:6:\"305007\";}i:3;a:18:{s:2:\"id\";s:1:\"7\";s:5:\"title\";s:68:\"Компания ООО Автокар г.Ростов-на-Дону\";s:3:\"lat\";s:9:\"47.253391\";s:3:\"lng\";s:9:\"39.848898\";s:5:\"image\";s:35:\"/uploads/images/contacts/rostov.jpg\";s:10:\"gallery_id\";N;s:7:\"content\";s:871:\"<p>Адрес: 346720, Ростовская обл., г. Аксай, ул. Западная, д. 2Д</p>\r\n\r\n<p>Руководитель офиса: Мазманова Наталья Борисовна</p>\r\n\r\n<p>Тел./факс:&nbsp;<a href=\"tel:8632104055\">(863) 210-40-55</a>,&nbsp;<a href=\"tel:89034078588\">8 (903) 407-85-88</a></p>\r\n\r\n<p>E-mail:&nbsp;<a href=\"mailto:rr@autocar57.ru\">rr@autocar57.ru</a></p>\r\n<style type=\"text/css\">.tb_button {padding:1px;cursor:pointer;border-right: 1px solid #8b8b8b;border-left: 1px solid #FFF;border-bottom: 1px solid #fff;}.tb_button.hover {borer:2px outset #def; background-color: #f8f8f8 !important;}.ws_toolbar {z-index:100000} .ws_toolbar .ws_tb_btn {cursor:pointer;border:1px solid #555;padding:3px}   .tb_highlight{background-color:yellow} .tb_hide {visibility:hidden} .ws_toolbar img {padding:2px;margin:0px}\r\n</style>\r\n\";s:4:\"slug\";s:38:\"kompaniya-ooo-avtokar-g.rostov-na-donu\";s:7:\"city_id\";s:1:\"3\";s:7:\"address\";s:77:\"Ростовская обл., г. Аксай, ул. Западная, д. 2Д\";s:5:\"order\";s:1:\"4\";s:8:\"director\";s:52:\"Мазманова Наталья Борисовна\";s:7:\"phone_1\";s:18:\"+7 (863) 210-40-55\";s:7:\"phone_2\";s:0:\"\";s:5:\"email\";s:15:\"rr@autocar57.ru\";s:6:\"ya_map\";s:35:\"https://yandex.ru/maps/-/CCQ3f8HwhD\";s:7:\"default\";s:1:\"1\";s:8:\"postCode\";s:6:\"346720\";}i:4;a:18:{s:2:\"id\";s:1:\"8\";s:5:\"title\";s:54:\"Компания ООО Автокар г.Брянск\";s:3:\"lat\";s:9:\"53.224002\";s:3:\"lng\";s:9:\"34.477853\";s:5:\"image\";s:36:\"/uploads/images/contacts/brjansk.jpg\";s:10:\"gallery_id\";N;s:7:\"content\";s:1240:\"<p>Адрес: г. Брянск: ул. Снежетьский вал, дом 4</p>\r\n\r\n<p>Руководитель: Кудинов Дмитрий Николаевич</p>\r\n\r\n<p>Тел:&nbsp;<a href=\"tel:89066608338\">8 (906) 660-83-38</a></p>\r\n\r\n<p>E-mail:&nbsp;<a href=\"mailto:office@autocar57.ru\">office@autocar57.ru</a></p>\r\n<style type=\"text/css\">.tb_button {padding:1px;cursor:pointer;border-right: 1px solid #8b8b8b;border-left: 1px solid #FFF;border-bottom: 1px solid #fff;}.tb_button.hover {borer:2px outset #def; background-color: #f8f8f8 !important;}.ws_toolbar {z-index:100000} .ws_toolbar .ws_tb_btn {cursor:pointer;border:1px solid #555;padding:3px}   .tb_highlight{background-color:yellow} .tb_hide {visibility:hidden} .ws_toolbar img {padding:2px;margin:0px}\r\n</style>\r\n<style type=\"text/css\">.tb_button {padding:1px;cursor:pointer;border-right: 1px solid #8b8b8b;border-left: 1px solid #FFF;border-bottom: 1px solid #fff;}.tb_button.hover {borer:2px outset #def; background-color: #f8f8f8 !important;}.ws_toolbar {z-index:100000} .ws_toolbar .ws_tb_btn {cursor:pointer;border:1px solid #555;padding:3px}   .tb_highlight{background-color:yellow} .tb_hide {visibility:hidden} .ws_toolbar img {padding:2px;margin:0px}\r\n</style>\r\n\";s:4:\"slug\";s:31:\"kompaniya-ooo-avtokar-g.bryansk\";s:7:\"city_id\";s:1:\"5\";s:7:\"address\";s:55:\"г.Брянск, ул. Снежетьский Вал, 4\";s:5:\"order\";s:1:\"3\";s:8:\"director\";s:50:\"Кудинов Дмитрий Николаевич\";s:7:\"phone_1\";s:18:\"+7 (4832) 67-67-29\";s:7:\"phone_2\";s:0:\"\";s:5:\"email\";s:19:\"office@autocar57.ru\";s:6:\"ya_map\";s:35:\"https://yandex.ru/maps/-/CCQ3f8SRlD\";s:7:\"default\";s:1:\"1\";s:8:\"postCode\";s:6:\"241004\";}i:5;a:18:{s:2:\"id\";s:1:\"9\";s:5:\"title\";s:65:\"Компания ООО Техно-Юг г.Симферополь\";s:3:\"lat\";s:9:\"44.994487\";s:3:\"lng\";s:9:\"34.046580\";s:5:\"image\";s:33:\"/uploads/images/contacts/krim.jpg\";s:10:\"gallery_id\";N;s:7:\"content\";s:824:\"<p>Адрес: 295493, г. Симферополь, с. Белоглинка, ул.Салгирная, д. 10</p>\r\n\r\n<p>Руководитель офиса: Османов Сервер Анварович</p>\r\n\r\n<p>Тел./факс:&nbsp;<a href=\"tel:89782152525\">8 (978) 215-25-25</a></p>\r\n\r\n<p>E-mail:&nbsp;<a href=\"mailto:psk@autocar57.ru\">psk@autocar57.ru</a></p>\r\n<style type=\"text/css\">.tb_button {padding:1px;cursor:pointer;border-right: 1px solid #8b8b8b;border-left: 1px solid #FFF;border-bottom: 1px solid #fff;}.tb_button.hover {borer:2px outset #def; background-color: #f8f8f8 !important;}.ws_toolbar {z-index:100000} .ws_toolbar .ws_tb_btn {cursor:pointer;border:1px solid #555;padding:3px}   .tb_highlight{background-color:yellow} .tb_hide {visibility:hidden} .ws_toolbar img {padding:2px;margin:0px}\r\n</style>\r\n\";s:4:\"slug\";s:36:\"kompaniya-ooo-tehno-yug-g.simferopol\";s:7:\"city_id\";s:1:\"6\";s:7:\"address\";s:85:\"г. Симферополь, с. Белоглинка, ул.Салгирная, д. 10\";s:5:\"order\";s:1:\"5\";s:8:\"director\";s:46:\"Османов Сервер Анварович\";s:7:\"phone_1\";s:18:\"+7 (978) 215-25-25\";s:7:\"phone_2\";s:0:\"\";s:5:\"email\";s:16:\"psk@autocar57.ru\";s:6:\"ya_map\";s:35:\"https://yandex.ru/maps/-/CCQ3fDaZTC\";s:7:\"default\";s:1:\"1\";s:8:\"postCode\";s:6:\"295493\";}}}i:1;N;}'),(86,1606221780,'a:2:{i:0;a:1:{i:0;a:27:{s:2:\"id\";s:2:\"96\";s:5:\"image\";s:43:\"/uploads/images/placeholder/placeholder.png\";s:10:\"gallery_id\";N;s:7:\"content\";s:0:\"\";s:4:\"main\";s:1:\"0\";s:5:\"title\";s:45:\"Среднегрузовые стеллажи\";s:6:\"active\";s:1:\"1\";s:7:\"visible\";s:1:\"1\";s:4:\"slug\";s:24:\"srednegruzovye-stellazhi\";s:4:\"href\";s:0:\"\";s:10:\"created_at\";s:10:\"1598943210\";s:10:\"updated_at\";s:10:\"1598943210\";s:6:\"single\";s:0:\"\";s:10:\"order_menu\";s:1:\"0\";s:13:\"category_icon\";s:0:\"\";s:5:\"order\";s:2:\"31\";s:9:\"parent_id\";s:2:\"66\";s:4:\"type\";s:1:\"0\";s:10:\"meta_title\";N;s:16:\"meta_description\";N;s:10:\"manager_id\";N;s:4:\"path\";N;s:3:\"lvl\";N;s:11:\"custom_slug\";N;s:13:\"filterEnabled\";N;s:3:\"url\";N;s:13:\"department_id\";N;}}i:1;N;}'),(93,0,'a:2:{i:0;a:19:{i:0;O:15:\"yii\\web\\UrlRule\":16:{s:4:\"name\";s:7:\"sitemap\";s:7:\"pattern\";s:12:\"#^sitemap$#u\";s:4:\"host\";N;s:5:\"route\";s:12:\"site/sitemap\";s:8:\"defaults\";a:0:{}s:6:\"suffix\";N;s:4:\"verb\";N;s:4:\"mode\";N;s:12:\"encodeParams\";b:1;s:10:\"normalizer\";N;s:15:\"\0*\0createStatus\";N;s:15:\"\0*\0placeholders\";a:0:{}s:26:\"\0yii\\web\\UrlRule\0_template\";s:9:\"/sitemap/\";s:27:\"\0yii\\web\\UrlRule\0_routeRule\";N;s:28:\"\0yii\\web\\UrlRule\0_paramRules\";a:0:{}s:29:\"\0yii\\web\\UrlRule\0_routeParams\";a:0:{}}i:1;O:15:\"yii\\web\\UrlRule\":16:{s:4:\"name\";s:14:\"service/<slug>\";s:7:\"pattern\";s:34:\"#^service/(?P<a989d9b62>[^\\/]+)$#u\";s:4:\"host\";N;s:5:\"route\";s:22:\"service/service-single\";s:8:\"defaults\";a:0:{}s:6:\"suffix\";N;s:4:\"verb\";N;s:4:\"mode\";N;s:12:\"encodeParams\";b:1;s:10:\"normalizer\";N;s:15:\"\0*\0createStatus\";N;s:15:\"\0*\0placeholders\";a:1:{s:9:\"a989d9b62\";s:4:\"slug\";}s:26:\"\0yii\\web\\UrlRule\0_template\";s:16:\"/service/<slug>/\";s:27:\"\0yii\\web\\UrlRule\0_routeRule\";N;s:28:\"\0yii\\web\\UrlRule\0_paramRules\";a:1:{s:4:\"slug\";s:0:\"\";}s:29:\"\0yii\\web\\UrlRule\0_routeParams\";a:0:{}}i:2;O:15:\"yii\\web\\UrlRule\":16:{s:4:\"name\";s:7:\"company\";s:7:\"pattern\";s:12:\"#^company$#u\";s:4:\"host\";N;s:5:\"route\";s:13:\"company/index\";s:8:\"defaults\";a:0:{}s:6:\"suffix\";N;s:4:\"verb\";N;s:4:\"mode\";N;s:12:\"encodeParams\";b:1;s:10:\"normalizer\";N;s:15:\"\0*\0createStatus\";N;s:15:\"\0*\0placeholders\";a:0:{}s:26:\"\0yii\\web\\UrlRule\0_template\";s:9:\"/company/\";s:27:\"\0yii\\web\\UrlRule\0_routeRule\";N;s:28:\"\0yii\\web\\UrlRule\0_paramRules\";a:0:{}s:29:\"\0yii\\web\\UrlRule\0_routeParams\";a:0:{}}i:3;O:15:\"yii\\web\\UrlRule\":16:{s:4:\"name\";s:8:\"contacts\";s:7:\"pattern\";s:13:\"#^contacts$#u\";s:4:\"host\";N;s:5:\"route\";s:14:\"contacts/index\";s:8:\"defaults\";a:0:{}s:6:\"suffix\";N;s:4:\"verb\";N;s:4:\"mode\";N;s:12:\"encodeParams\";b:1;s:10:\"normalizer\";N;s:15:\"\0*\0createStatus\";N;s:15:\"\0*\0placeholders\";a:0:{}s:26:\"\0yii\\web\\UrlRule\0_template\";s:10:\"/contacts/\";s:27:\"\0yii\\web\\UrlRule\0_routeRule\";N;s:28:\"\0yii\\web\\UrlRule\0_paramRules\";a:0:{}s:29:\"\0yii\\web\\UrlRule\0_routeParams\";a:0:{}}i:4;O:15:\"yii\\web\\UrlRule\":16:{s:4:\"name\";s:6:\"search\";s:7:\"pattern\";s:11:\"#^search$#u\";s:4:\"host\";N;s:5:\"route\";s:11:\"site/search\";s:8:\"defaults\";a:0:{}s:6:\"suffix\";N;s:4:\"verb\";N;s:4:\"mode\";N;s:12:\"encodeParams\";b:1;s:10:\"normalizer\";N;s:15:\"\0*\0createStatus\";N;s:15:\"\0*\0placeholders\";a:0:{}s:26:\"\0yii\\web\\UrlRule\0_template\";s:8:\"/search/\";s:27:\"\0yii\\web\\UrlRule\0_routeRule\";N;s:28:\"\0yii\\web\\UrlRule\0_paramRules\";a:0:{}s:29:\"\0yii\\web\\UrlRule\0_routeParams\";a:0:{}}i:5;O:15:\"yii\\web\\UrlRule\":16:{s:4:\"name\";s:24:\"company/vacancies/<slug>\";s:7:\"pattern\";s:44:\"#^company/vacancies/(?P<a989d9b62>[^\\/]+)$#u\";s:4:\"host\";N;s:5:\"route\";s:14:\"company/single\";s:8:\"defaults\";a:0:{}s:6:\"suffix\";N;s:4:\"verb\";N;s:4:\"mode\";N;s:12:\"encodeParams\";b:1;s:10:\"normalizer\";N;s:15:\"\0*\0createStatus\";N;s:15:\"\0*\0placeholders\";a:1:{s:9:\"a989d9b62\";s:4:\"slug\";}s:26:\"\0yii\\web\\UrlRule\0_template\";s:26:\"/company/vacancies/<slug>/\";s:27:\"\0yii\\web\\UrlRule\0_routeRule\";N;s:28:\"\0yii\\web\\UrlRule\0_paramRules\";a:1:{s:4:\"slug\";s:0:\"\";}s:29:\"\0yii\\web\\UrlRule\0_routeParams\";a:0:{}}i:6;O:15:\"yii\\web\\UrlRule\":16:{s:4:\"name\";s:47:\"http://<parent_alias:[\\w\\-]+>.au.local/catalog/\";s:7:\"pattern\";s:53:\"#^http://(?P<a2d5dff37>[\\w\\-]+)\\.au\\.local/catalog$#u\";s:4:\"host\";s:38:\"http://<parent_alias:[\\w\\-]+>.au.local\";s:5:\"route\";s:13:\"catalog/index\";s:8:\"defaults\";a:0:{}s:6:\"suffix\";N;s:4:\"verb\";N;s:4:\"mode\";N;s:12:\"encodeParams\";b:1;s:10:\"normalizer\";N;s:15:\"\0*\0createStatus\";N;s:15:\"\0*\0placeholders\";a:1:{s:9:\"a2d5dff37\";s:12:\"parent_alias\";}s:26:\"\0yii\\web\\UrlRule\0_template\";s:38:\"http://<parent_alias>.au.local/catalog\";s:27:\"\0yii\\web\\UrlRule\0_routeRule\";N;s:28:\"\0yii\\web\\UrlRule\0_paramRules\";a:1:{s:12:\"parent_alias\";s:12:\"#^[\\w\\-]+$#u\";}s:29:\"\0yii\\web\\UrlRule\0_routeParams\";a:0:{}}i:7;O:15:\"yii\\web\\UrlRule\":16:{s:4:\"name\";s:15:\"contacts/<slug>\";s:7:\"pattern\";s:35:\"#^contacts/(?P<a989d9b62>[^\\/]+)$#u\";s:4:\"host\";N;s:5:\"route\";s:13:\"contacts/view\";s:8:\"defaults\";a:0:{}s:6:\"suffix\";N;s:4:\"verb\";N;s:4:\"mode\";N;s:12:\"encodeParams\";b:1;s:10:\"normalizer\";N;s:15:\"\0*\0createStatus\";N;s:15:\"\0*\0placeholders\";a:1:{s:9:\"a989d9b62\";s:4:\"slug\";}s:26:\"\0yii\\web\\UrlRule\0_template\";s:17:\"/contacts/<slug>/\";s:27:\"\0yii\\web\\UrlRule\0_routeRule\";N;s:28:\"\0yii\\web\\UrlRule\0_paramRules\";a:1:{s:4:\"slug\";s:0:\"\";}s:29:\"\0yii\\web\\UrlRule\0_routeParams\";a:0:{}}i:8;O:15:\"yii\\web\\UrlRule\":16:{s:4:\"name\";s:6:\"policy\";s:7:\"pattern\";s:11:\"#^policy$#u\";s:4:\"host\";N;s:5:\"route\";s:11:\"site/policy\";s:8:\"defaults\";a:0:{}s:6:\"suffix\";N;s:4:\"verb\";N;s:4:\"mode\";N;s:12:\"encodeParams\";b:1;s:10:\"normalizer\";N;s:15:\"\0*\0createStatus\";N;s:15:\"\0*\0placeholders\";a:0:{}s:26:\"\0yii\\web\\UrlRule\0_template\";s:8:\"/policy/\";s:27:\"\0yii\\web\\UrlRule\0_routeRule\";N;s:28:\"\0yii\\web\\UrlRule\0_paramRules\";a:0:{}s:29:\"\0yii\\web\\UrlRule\0_routeParams\";a:0:{}}i:9;O:15:\"yii\\web\\UrlRule\":16:{s:4:\"name\";s:6:\"brands\";s:7:\"pattern\";s:11:\"#^brands$#u\";s:4:\"host\";N;s:5:\"route\";s:12:\"brands/index\";s:8:\"defaults\";a:0:{}s:6:\"suffix\";N;s:4:\"verb\";N;s:4:\"mode\";N;s:12:\"encodeParams\";b:1;s:10:\"normalizer\";N;s:15:\"\0*\0createStatus\";N;s:15:\"\0*\0placeholders\";a:0:{}s:26:\"\0yii\\web\\UrlRule\0_template\";s:8:\"/brands/\";s:27:\"\0yii\\web\\UrlRule\0_routeRule\";N;s:28:\"\0yii\\web\\UrlRule\0_paramRules\";a:0:{}s:29:\"\0yii\\web\\UrlRule\0_routeParams\";a:0:{}}i:10;O:15:\"yii\\web\\UrlRule\":16:{s:4:\"name\";s:13:\"brands/<slug>\";s:7:\"pattern\";s:33:\"#^brands/(?P<a989d9b62>[^\\/]+)$#u\";s:4:\"host\";N;s:5:\"route\";s:11:\"brands/view\";s:8:\"defaults\";a:0:{}s:6:\"suffix\";N;s:4:\"verb\";N;s:4:\"mode\";N;s:12:\"encodeParams\";b:1;s:10:\"normalizer\";N;s:15:\"\0*\0createStatus\";N;s:15:\"\0*\0placeholders\";a:1:{s:9:\"a989d9b62\";s:4:\"slug\";}s:26:\"\0yii\\web\\UrlRule\0_template\";s:15:\"/brands/<slug>/\";s:27:\"\0yii\\web\\UrlRule\0_routeRule\";N;s:28:\"\0yii\\web\\UrlRule\0_paramRules\";a:1:{s:4:\"slug\";s:0:\"\";}s:29:\"\0yii\\web\\UrlRule\0_routeParams\";a:0:{}}i:11;O:15:\"yii\\web\\UrlRule\":16:{s:4:\"name\";s:23:\"media-press/news/<slug>\";s:7:\"pattern\";s:43:\"#^media-press/news/(?P<a989d9b62>[^\\/]+)$#u\";s:4:\"host\";N;s:5:\"route\";s:23:\"media-press/news-single\";s:8:\"defaults\";a:0:{}s:6:\"suffix\";N;s:4:\"verb\";N;s:4:\"mode\";N;s:12:\"encodeParams\";b:1;s:10:\"normalizer\";N;s:15:\"\0*\0createStatus\";N;s:15:\"\0*\0placeholders\";a:1:{s:9:\"a989d9b62\";s:4:\"slug\";}s:26:\"\0yii\\web\\UrlRule\0_template\";s:25:\"/media-press/news/<slug>/\";s:27:\"\0yii\\web\\UrlRule\0_routeRule\";N;s:28:\"\0yii\\web\\UrlRule\0_paramRules\";a:1:{s:4:\"slug\";s:0:\"\";}s:29:\"\0yii\\web\\UrlRule\0_routeParams\";a:0:{}}i:12;O:15:\"yii\\web\\UrlRule\":16:{s:4:\"name\";s:27:\"media-press/articles/<slug>\";s:7:\"pattern\";s:47:\"#^media-press/articles/(?P<a989d9b62>[^\\/]+)$#u\";s:4:\"host\";N;s:5:\"route\";s:27:\"media-press/articles-single\";s:8:\"defaults\";a:0:{}s:6:\"suffix\";N;s:4:\"verb\";N;s:4:\"mode\";N;s:12:\"encodeParams\";b:1;s:10:\"normalizer\";N;s:15:\"\0*\0createStatus\";N;s:15:\"\0*\0placeholders\";a:1:{s:9:\"a989d9b62\";s:4:\"slug\";}s:26:\"\0yii\\web\\UrlRule\0_template\";s:29:\"/media-press/articles/<slug>/\";s:27:\"\0yii\\web\\UrlRule\0_routeRule\";N;s:28:\"\0yii\\web\\UrlRule\0_paramRules\";a:1:{s:4:\"slug\";s:0:\"\";}s:29:\"\0yii\\web\\UrlRule\0_routeParams\";a:0:{}}i:13;O:15:\"yii\\web\\UrlRule\":16:{s:4:\"name\";s:6:\"offers\";s:7:\"pattern\";s:11:\"#^offers$#u\";s:4:\"host\";N;s:5:\"route\";s:11:\"promo/index\";s:8:\"defaults\";a:0:{}s:6:\"suffix\";N;s:4:\"verb\";N;s:4:\"mode\";N;s:12:\"encodeParams\";b:1;s:10:\"normalizer\";N;s:15:\"\0*\0createStatus\";N;s:15:\"\0*\0placeholders\";a:0:{}s:26:\"\0yii\\web\\UrlRule\0_template\";s:8:\"/offers/\";s:27:\"\0yii\\web\\UrlRule\0_routeRule\";N;s:28:\"\0yii\\web\\UrlRule\0_paramRules\";a:0:{}s:29:\"\0yii\\web\\UrlRule\0_routeParams\";a:0:{}}i:14;O:15:\"yii\\web\\UrlRule\":16:{s:4:\"name\";s:13:\"offers/<slug>\";s:7:\"pattern\";s:33:\"#^offers/(?P<a989d9b62>[^\\/]+)$#u\";s:4:\"host\";N;s:5:\"route\";s:10:\"promo/view\";s:8:\"defaults\";a:0:{}s:6:\"suffix\";N;s:4:\"verb\";N;s:4:\"mode\";N;s:12:\"encodeParams\";b:1;s:10:\"normalizer\";N;s:15:\"\0*\0createStatus\";N;s:15:\"\0*\0placeholders\";a:1:{s:9:\"a989d9b62\";s:4:\"slug\";}s:26:\"\0yii\\web\\UrlRule\0_template\";s:15:\"/offers/<slug>/\";s:27:\"\0yii\\web\\UrlRule\0_routeRule\";N;s:28:\"\0yii\\web\\UrlRule\0_paramRules\";a:1:{s:4:\"slug\";s:0:\"\";}s:29:\"\0yii\\web\\UrlRule\0_routeParams\";a:0:{}}i:15;O:15:\"yii\\web\\UrlRule\":16:{s:4:\"name\";s:9:\"/compare/\";s:7:\"pattern\";s:12:\"#^compare$#u\";s:4:\"host\";N;s:5:\"route\";s:12:\"site/compare\";s:8:\"defaults\";a:0:{}s:6:\"suffix\";N;s:4:\"verb\";N;s:4:\"mode\";N;s:12:\"encodeParams\";b:1;s:10:\"normalizer\";N;s:15:\"\0*\0createStatus\";N;s:15:\"\0*\0placeholders\";a:0:{}s:26:\"\0yii\\web\\UrlRule\0_template\";s:9:\"/compare/\";s:27:\"\0yii\\web\\UrlRule\0_routeRule\";N;s:28:\"\0yii\\web\\UrlRule\0_paramRules\";a:0:{}s:29:\"\0yii\\web\\UrlRule\0_routeParams\";a:0:{}}i:16;O:15:\"yii\\web\\UrlRule\":16:{s:4:\"name\";s:10:\"/favorite/\";s:7:\"pattern\";s:13:\"#^favorite$#u\";s:4:\"host\";N;s:5:\"route\";s:13:\"site/favorite\";s:8:\"defaults\";a:0:{}s:6:\"suffix\";N;s:4:\"verb\";N;s:4:\"mode\";N;s:12:\"encodeParams\";b:1;s:10:\"normalizer\";N;s:15:\"\0*\0createStatus\";N;s:15:\"\0*\0placeholders\";a:0:{}s:26:\"\0yii\\web\\UrlRule\0_template\";s:10:\"/favorite/\";s:27:\"\0yii\\web\\UrlRule\0_routeRule\";N;s:28:\"\0yii\\web\\UrlRule\0_paramRules\";a:0:{}s:29:\"\0yii\\web\\UrlRule\0_routeParams\";a:0:{}}i:17;O:30:\"app\\components\\CategoryUrlRule\":1:{s:10:\"showParams\";b:0;}i:18;O:26:\"app\\components\\RentUrlRule\":1:{s:10:\"showParams\";b:0;}}i:1;N;}'),(302,1606221761,'a:2:{i:0;a:1:{i:0;a:27:{s:2:\"id\";s:2:\"67\";s:5:\"image\";s:49:\"/uploads/images/categories/last/fr-pogruzchik.jpg\";s:10:\"gallery_id\";N;s:7:\"content\";N;s:4:\"main\";s:1:\"1\";s:5:\"title\";s:43:\"Фронтальные погрузчики\";s:6:\"active\";s:1:\"1\";s:7:\"visible\";s:1:\"1\";s:4:\"slug\";s:22:\"frontalnye-pogruzchiki\";s:4:\"href\";s:0:\"\";s:10:\"created_at\";s:10:\"1598942296\";s:10:\"updated_at\";s:10:\"1604570074\";s:6:\"single\";s:41:\"Фронтальный погрузчик\";s:10:\"order_menu\";s:1:\"0\";s:13:\"category_icon\";s:0:\"\";s:5:\"order\";s:1:\"5\";s:9:\"parent_id\";s:2:\"63\";s:4:\"type\";s:1:\"0\";s:10:\"meta_title\";s:0:\"\";s:16:\"meta_description\";s:0:\"\";s:10:\"manager_id\";N;s:4:\"path\";s:2:\"63\";s:3:\"lvl\";s:1:\"2\";s:11:\"custom_slug\";s:1:\"0\";s:13:\"filterEnabled\";N;s:3:\"url\";N;s:13:\"department_id\";N;}}i:1;N;}'),(313,1606221770,'a:2:{i:0;a:1:{i:0;a:8:{i:0;a:27:{s:2:\"id\";s:2:\"67\";s:5:\"image\";s:49:\"/uploads/images/categories/last/fr-pogruzchik.jpg\";s:10:\"gallery_id\";N;s:7:\"content\";N;s:4:\"main\";s:1:\"1\";s:5:\"title\";s:43:\"Фронтальные погрузчики\";s:6:\"active\";s:1:\"1\";s:7:\"visible\";s:1:\"1\";s:4:\"slug\";s:22:\"frontalnye-pogruzchiki\";s:4:\"href\";s:0:\"\";s:10:\"created_at\";s:10:\"1598942296\";s:10:\"updated_at\";s:10:\"1604570074\";s:6:\"single\";s:41:\"Фронтальный погрузчик\";s:10:\"order_menu\";s:1:\"0\";s:13:\"category_icon\";s:0:\"\";s:5:\"order\";s:1:\"5\";s:9:\"parent_id\";s:2:\"63\";s:4:\"type\";s:1:\"0\";s:10:\"meta_title\";s:0:\"\";s:16:\"meta_description\";s:0:\"\";s:10:\"manager_id\";N;s:4:\"path\";s:2:\"63\";s:3:\"lvl\";s:1:\"2\";s:11:\"custom_slug\";s:1:\"0\";s:13:\"filterEnabled\";N;s:3:\"url\";N;s:13:\"department_id\";N;}i:1;a:27:{s:2:\"id\";s:2:\"68\";s:5:\"image\";s:51:\"/uploads/images/categories/last/mini-pogruzchik.jpg\";s:10:\"gallery_id\";N;s:7:\"content\";N;s:4:\"main\";s:1:\"1\";s:5:\"title\";s:28:\"Минипогрузчики\";s:6:\"active\";s:1:\"1\";s:7:\"visible\";s:1:\"1\";s:4:\"slug\";s:15:\"minipogruzchiki\";s:4:\"href\";s:0:\"\";s:10:\"created_at\";s:10:\"1598942328\";s:10:\"updated_at\";s:10:\"1605278415\";s:6:\"single\";s:26:\"Минипогрузчик\";s:10:\"order_menu\";s:1:\"0\";s:13:\"category_icon\";s:0:\"\";s:5:\"order\";s:1:\"6\";s:9:\"parent_id\";s:2:\"63\";s:4:\"type\";s:1:\"0\";s:10:\"meta_title\";s:0:\"\";s:16:\"meta_description\";s:0:\"\";s:10:\"manager_id\";N;s:4:\"path\";s:2:\"63\";s:3:\"lvl\";s:1:\"2\";s:11:\"custom_slug\";s:1:\"0\";s:13:\"filterEnabled\";N;s:3:\"url\";N;s:13:\"department_id\";N;}i:2;a:27:{s:2:\"id\";s:2:\"69\";s:5:\"image\";s:45:\"/uploads/images/categories/last/exkavator.jpg\";s:10:\"gallery_id\";N;s:7:\"content\";s:0:\"\";s:4:\"main\";s:1:\"1\";s:5:\"title\";s:22:\"Экскаваторы\";s:6:\"active\";s:1:\"1\";s:7:\"visible\";s:1:\"1\";s:4:\"slug\";s:11:\"ekskavatory\";s:4:\"href\";s:0:\"\";s:10:\"created_at\";s:10:\"1598942376\";s:10:\"updated_at\";s:10:\"1605268346\";s:6:\"single\";s:20:\"Экскаватор\";s:10:\"order_menu\";s:1:\"0\";s:13:\"category_icon\";s:0:\"\";s:5:\"order\";s:1:\"7\";s:9:\"parent_id\";s:2:\"63\";s:4:\"type\";s:1:\"0\";s:10:\"meta_title\";s:0:\"\";s:16:\"meta_description\";s:0:\"\";s:10:\"manager_id\";N;s:4:\"path\";s:2:\"63\";s:3:\"lvl\";s:1:\"2\";s:11:\"custom_slug\";s:1:\"0\";s:13:\"filterEnabled\";s:1:\"0\";s:3:\"url\";N;s:13:\"department_id\";N;}i:3;a:27:{s:2:\"id\";s:2:\"70\";s:5:\"image\";s:41:\"/uploads/images/categories/last/katok.jpg\";s:10:\"gallery_id\";N;s:7:\"content\";N;s:4:\"main\";s:1:\"1\";s:5:\"title\";s:10:\"Катки\";s:6:\"active\";s:1:\"1\";s:7:\"visible\";s:1:\"1\";s:4:\"slug\";s:5:\"katki\";s:4:\"href\";s:0:\"\";s:10:\"created_at\";s:10:\"1598942409\";s:10:\"updated_at\";s:10:\"1604047914\";s:6:\"single\";s:10:\"Каток\";s:10:\"order_menu\";s:1:\"0\";s:13:\"category_icon\";s:0:\"\";s:5:\"order\";s:1:\"8\";s:9:\"parent_id\";s:2:\"63\";s:4:\"type\";s:1:\"0\";s:10:\"meta_title\";s:0:\"\";s:16:\"meta_description\";s:0:\"\";s:10:\"manager_id\";N;s:4:\"path\";s:2:\"63\";s:3:\"lvl\";s:1:\"2\";s:11:\"custom_slug\";s:1:\"0\";s:13:\"filterEnabled\";N;s:3:\"url\";N;s:13:\"department_id\";N;}i:4;a:27:{s:2:\"id\";s:2:\"71\";s:5:\"image\";s:44:\"/uploads/images/categories/last/buldozer.jpg\";s:10:\"gallery_id\";N;s:7:\"content\";N;s:4:\"main\";s:1:\"1\";s:5:\"title\";s:20:\"Бульдозеры\";s:6:\"active\";s:1:\"1\";s:7:\"visible\";s:1:\"1\";s:4:\"slug\";s:9:\"buldozery\";s:4:\"href\";s:0:\"\";s:10:\"created_at\";s:10:\"1598942431\";s:10:\"updated_at\";s:10:\"1605000875\";s:6:\"single\";s:0:\"\";s:10:\"order_menu\";s:1:\"0\";s:13:\"category_icon\";s:0:\"\";s:5:\"order\";s:1:\"9\";s:9:\"parent_id\";s:2:\"63\";s:4:\"type\";s:1:\"0\";s:10:\"meta_title\";s:0:\"\";s:16:\"meta_description\";s:0:\"\";s:10:\"manager_id\";N;s:4:\"path\";s:2:\"63\";s:3:\"lvl\";s:1:\"2\";s:11:\"custom_slug\";s:1:\"0\";s:13:\"filterEnabled\";N;s:3:\"url\";N;s:13:\"department_id\";N;}i:5;a:27:{s:2:\"id\";s:2:\"72\";s:5:\"image\";s:43:\"/uploads/images/categories/last/greider.jpg\";s:10:\"gallery_id\";N;s:7:\"content\";N;s:4:\"main\";s:1:\"1\";s:5:\"title\";s:16:\"Грейдеры\";s:6:\"active\";s:1:\"1\";s:7:\"visible\";s:1:\"1\";s:4:\"slug\";s:8:\"greydery\";s:4:\"href\";s:0:\"\";s:10:\"created_at\";s:10:\"1598942473\";s:10:\"updated_at\";s:10:\"1604047920\";s:6:\"single\";s:0:\"\";s:10:\"order_menu\";s:1:\"0\";s:13:\"category_icon\";s:0:\"\";s:5:\"order\";s:2:\"10\";s:9:\"parent_id\";s:2:\"63\";s:4:\"type\";s:1:\"0\";s:10:\"meta_title\";s:0:\"\";s:16:\"meta_description\";s:0:\"\";s:10:\"manager_id\";N;s:4:\"path\";s:2:\"63\";s:3:\"lvl\";s:1:\"2\";s:11:\"custom_slug\";s:1:\"0\";s:13:\"filterEnabled\";N;s:3:\"url\";N;s:13:\"department_id\";N;}i:6;a:27:{s:2:\"id\";s:2:\"74\";s:5:\"image\";s:56:\"/uploads/images/categories/last/exkavator-pogruzchik.jpg\";s:10:\"gallery_id\";N;s:7:\"content\";N;s:4:\"main\";s:1:\"1\";s:5:\"title\";s:43:\"Экскаваторы-погрузчики\";s:6:\"active\";s:1:\"1\";s:7:\"visible\";s:1:\"1\";s:4:\"slug\";s:23:\"ekskavatory-pogruzchiki\";s:4:\"href\";s:0:\"\";s:10:\"created_at\";s:10:\"1598942524\";s:10:\"updated_at\";s:10:\"1604047916\";s:6:\"single\";s:39:\"Экскаватор-погрузчик\";s:10:\"order_menu\";s:1:\"0\";s:13:\"category_icon\";s:0:\"\";s:5:\"order\";s:2:\"11\";s:9:\"parent_id\";s:2:\"63\";s:4:\"type\";s:1:\"0\";s:10:\"meta_title\";s:0:\"\";s:16:\"meta_description\";s:0:\"\";s:10:\"manager_id\";N;s:4:\"path\";s:2:\"63\";s:3:\"lvl\";s:1:\"2\";s:11:\"custom_slug\";s:1:\"0\";s:13:\"filterEnabled\";N;s:3:\"url\";N;s:13:\"department_id\";N;}i:7;a:27:{s:2:\"id\";s:3:\"105\";s:5:\"image\";s:0:\"\";s:10:\"gallery_id\";N;s:7:\"content\";s:0:\"\";s:4:\"main\";s:1:\"0\";s:5:\"title\";s:51:\"Телескопические погрузчики\";s:6:\"active\";s:1:\"1\";s:7:\"visible\";s:1:\"1\";s:4:\"slug\";s:28:\"teleskopicheskie-pogruzchiki\";s:4:\"href\";s:0:\"\";s:10:\"created_at\";s:10:\"1599556036\";s:10:\"updated_at\";s:10:\"1604047919\";s:6:\"single\";s:49:\"Телескопический погрузчик\";s:10:\"order_menu\";s:1:\"0\";s:13:\"category_icon\";s:0:\"\";s:5:\"order\";s:2:\"40\";s:9:\"parent_id\";s:2:\"63\";s:4:\"type\";s:1:\"0\";s:10:\"meta_title\";s:0:\"\";s:16:\"meta_description\";s:0:\"\";s:10:\"manager_id\";N;s:4:\"path\";s:2:\"63\";s:3:\"lvl\";s:1:\"2\";s:11:\"custom_slug\";s:1:\"0\";s:13:\"filterEnabled\";N;s:3:\"url\";N;s:13:\"department_id\";N;}}}i:1;N;}'),(322,1606221773,'a:2:{i:0;a:1:{i:0;b:0;}i:1;N;}'),(446,1606221794,'a:2:{i:0;a:1:{i:0;a:0:{}}i:1;N;}'),(516,1606221762,'a:2:{i:0;a:1:{i:0;a:27:{s:2:\"id\";s:2:\"68\";s:5:\"image\";s:51:\"/uploads/images/categories/last/mini-pogruzchik.jpg\";s:10:\"gallery_id\";N;s:7:\"content\";N;s:4:\"main\";s:1:\"1\";s:5:\"title\";s:28:\"Минипогрузчики\";s:6:\"active\";s:1:\"1\";s:7:\"visible\";s:1:\"1\";s:4:\"slug\";s:15:\"minipogruzchiki\";s:4:\"href\";s:0:\"\";s:10:\"created_at\";s:10:\"1598942328\";s:10:\"updated_at\";s:10:\"1605278415\";s:6:\"single\";s:26:\"Минипогрузчик\";s:10:\"order_menu\";s:1:\"0\";s:13:\"category_icon\";s:0:\"\";s:5:\"order\";s:1:\"6\";s:9:\"parent_id\";s:2:\"63\";s:4:\"type\";s:1:\"0\";s:10:\"meta_title\";s:0:\"\";s:16:\"meta_description\";s:0:\"\";s:10:\"manager_id\";N;s:4:\"path\";s:2:\"63\";s:3:\"lvl\";s:1:\"2\";s:11:\"custom_slug\";s:1:\"0\";s:13:\"filterEnabled\";N;s:3:\"url\";N;s:13:\"department_id\";N;}}i:1;N;}'),(519,1606221710,'a:2:{i:0;a:1:{i:0;a:27:{s:2:\"id\";s:2:\"64\";s:5:\"image\";s:45:\"/uploads/images/categories/vil-pogruzchik.jpg\";s:10:\"gallery_id\";N;s:7:\"content\";s:0:\"\";s:4:\"main\";s:1:\"1\";s:5:\"title\";s:37:\"Вилочные погрузчики\";s:6:\"active\";s:1:\"1\";s:7:\"visible\";s:1:\"1\";s:4:\"slug\";s:21:\"vilochnye-pogruzchiki\";s:4:\"href\";s:0:\"\";s:10:\"created_at\";s:10:\"1598942178\";s:10:\"updated_at\";s:10:\"1605278094\";s:6:\"single\";s:0:\"\";s:10:\"order_menu\";s:1:\"3\";s:13:\"category_icon\";s:17:\"flaticon-forklift\";s:5:\"order\";s:1:\"1\";s:9:\"parent_id\";N;s:4:\"type\";s:1:\"0\";s:10:\"meta_title\";s:0:\"\";s:16:\"meta_description\";s:0:\"\";s:10:\"manager_id\";N;s:4:\"path\";N;s:3:\"lvl\";s:1:\"1\";s:11:\"custom_slug\";s:1:\"0\";s:13:\"filterEnabled\";N;s:3:\"url\";N;s:13:\"department_id\";N;}}i:1;N;}'),(555,1606221710,'a:2:{i:0;a:1:{i:0;a:0:{}}i:1;N;}'),(644,1606221779,'a:2:{i:0;a:1:{i:0;a:6:{i:0;a:27:{s:2:\"id\";s:2:\"92\";s:5:\"image\";s:43:\"/uploads/images/placeholder/placeholder.png\";s:10:\"gallery_id\";N;s:7:\"content\";s:0:\"\";s:4:\"main\";s:1:\"0\";s:5:\"title\";s:39:\"Фронтальные стеллажи\";s:6:\"active\";s:1:\"1\";s:7:\"visible\";s:1:\"1\";s:4:\"slug\";s:20:\"frontalnye-stellazhi\";s:4:\"href\";s:0:\"\";s:10:\"created_at\";s:10:\"1598943128\";s:10:\"updated_at\";s:10:\"1598943128\";s:6:\"single\";s:0:\"\";s:10:\"order_menu\";s:1:\"0\";s:13:\"category_icon\";s:0:\"\";s:5:\"order\";s:2:\"27\";s:9:\"parent_id\";s:2:\"66\";s:4:\"type\";s:1:\"0\";s:10:\"meta_title\";N;s:16:\"meta_description\";N;s:10:\"manager_id\";N;s:4:\"path\";N;s:3:\"lvl\";N;s:11:\"custom_slug\";N;s:13:\"filterEnabled\";N;s:3:\"url\";N;s:13:\"department_id\";N;}i:1;a:27:{s:2:\"id\";s:2:\"93\";s:5:\"image\";s:43:\"/uploads/images/placeholder/placeholder.png\";s:10:\"gallery_id\";N;s:7:\"content\";s:0:\"\";s:4:\"main\";s:1:\"0\";s:5:\"title\";s:33:\"Набивные стеллажи\";s:6:\"active\";s:1:\"1\";s:7:\"visible\";s:1:\"1\";s:4:\"slug\";s:18:\"nabivnye-stellazhi\";s:4:\"href\";s:0:\"\";s:10:\"created_at\";s:10:\"1598943146\";s:10:\"updated_at\";s:10:\"1598943146\";s:6:\"single\";s:0:\"\";s:10:\"order_menu\";s:1:\"0\";s:13:\"category_icon\";s:0:\"\";s:5:\"order\";s:2:\"28\";s:9:\"parent_id\";s:2:\"66\";s:4:\"type\";s:1:\"0\";s:10:\"meta_title\";N;s:16:\"meta_description\";N;s:10:\"manager_id\";N;s:4:\"path\";N;s:3:\"lvl\";N;s:11:\"custom_slug\";N;s:13:\"filterEnabled\";N;s:3:\"url\";N;s:13:\"department_id\";N;}i:2;a:27:{s:2:\"id\";s:2:\"94\";s:5:\"image\";s:43:\"/uploads/images/placeholder/placeholder.png\";s:10:\"gallery_id\";N;s:7:\"content\";s:0:\"\";s:4:\"main\";s:1:\"0\";s:5:\"title\";s:41:\"Металические стеллажи\";s:6:\"active\";s:1:\"1\";s:7:\"visible\";s:1:\"1\";s:4:\"slug\";s:23:\"metalicheskie-stellazhi\";s:4:\"href\";s:0:\"\";s:10:\"created_at\";s:10:\"1598943169\";s:10:\"updated_at\";s:10:\"1598943169\";s:6:\"single\";s:0:\"\";s:10:\"order_menu\";s:1:\"0\";s:13:\"category_icon\";s:0:\"\";s:5:\"order\";s:2:\"29\";s:9:\"parent_id\";s:2:\"66\";s:4:\"type\";s:1:\"0\";s:10:\"meta_title\";N;s:16:\"meta_description\";N;s:10:\"manager_id\";N;s:4:\"path\";N;s:3:\"lvl\";N;s:11:\"custom_slug\";N;s:13:\"filterEnabled\";N;s:3:\"url\";N;s:13:\"department_id\";N;}i:3;a:27:{s:2:\"id\";s:2:\"95\";s:5:\"image\";s:43:\"/uploads/images/placeholder/placeholder.png\";s:10:\"gallery_id\";N;s:7:\"content\";s:0:\"\";s:4:\"main\";s:1:\"0\";s:5:\"title\";s:37:\"Консольные стеллажи\";s:6:\"active\";s:1:\"1\";s:7:\"visible\";s:1:\"1\";s:4:\"slug\";s:19:\"konsolnye-stellazhi\";s:4:\"href\";s:0:\"\";s:10:\"created_at\";s:10:\"1598943189\";s:10:\"updated_at\";s:10:\"1598943189\";s:6:\"single\";s:0:\"\";s:10:\"order_menu\";s:1:\"0\";s:13:\"category_icon\";s:0:\"\";s:5:\"order\";s:2:\"30\";s:9:\"parent_id\";s:2:\"66\";s:4:\"type\";s:1:\"0\";s:10:\"meta_title\";N;s:16:\"meta_description\";N;s:10:\"manager_id\";N;s:4:\"path\";N;s:3:\"lvl\";N;s:11:\"custom_slug\";N;s:13:\"filterEnabled\";N;s:3:\"url\";N;s:13:\"department_id\";N;}i:4;a:27:{s:2:\"id\";s:2:\"96\";s:5:\"image\";s:43:\"/uploads/images/placeholder/placeholder.png\";s:10:\"gallery_id\";N;s:7:\"content\";s:0:\"\";s:4:\"main\";s:1:\"0\";s:5:\"title\";s:45:\"Среднегрузовые стеллажи\";s:6:\"active\";s:1:\"1\";s:7:\"visible\";s:1:\"1\";s:4:\"slug\";s:24:\"srednegruzovye-stellazhi\";s:4:\"href\";s:0:\"\";s:10:\"created_at\";s:10:\"1598943210\";s:10:\"updated_at\";s:10:\"1598943210\";s:6:\"single\";s:0:\"\";s:10:\"order_menu\";s:1:\"0\";s:13:\"category_icon\";s:0:\"\";s:5:\"order\";s:2:\"31\";s:9:\"parent_id\";s:2:\"66\";s:4:\"type\";s:1:\"0\";s:10:\"meta_title\";N;s:16:\"meta_description\";N;s:10:\"manager_id\";N;s:4:\"path\";N;s:3:\"lvl\";N;s:11:\"custom_slug\";N;s:13:\"filterEnabled\";N;s:3:\"url\";N;s:13:\"department_id\";N;}i:5;a:27:{s:2:\"id\";s:2:\"97\";s:5:\"image\";s:43:\"/uploads/images/placeholder/placeholder.png\";s:10:\"gallery_id\";N;s:7:\"content\";s:0:\"\";s:4:\"main\";s:1:\"0\";s:5:\"title\";s:30:\"Шкафы для одежды\";s:6:\"active\";s:1:\"1\";s:7:\"visible\";s:1:\"1\";s:4:\"slug\";s:19:\"shkafy-dlya-odezhdy\";s:4:\"href\";s:0:\"\";s:10:\"created_at\";s:10:\"1598943228\";s:10:\"updated_at\";s:10:\"1598943228\";s:6:\"single\";s:0:\"\";s:10:\"order_menu\";s:1:\"0\";s:13:\"category_icon\";s:0:\"\";s:5:\"order\";s:2:\"32\";s:9:\"parent_id\";s:2:\"66\";s:4:\"type\";s:1:\"0\";s:10:\"meta_title\";N;s:16:\"meta_description\";N;s:10:\"manager_id\";N;s:4:\"path\";N;s:3:\"lvl\";N;s:11:\"custom_slug\";N;s:13:\"filterEnabled\";N;s:3:\"url\";N;s:13:\"department_id\";N;}}}i:1;N;}'),(656,1606221777,'a:2:{i:0;a:1:{i:0;a:27:{s:2:\"id\";s:2:\"87\";s:5:\"image\";s:43:\"/uploads/images/placeholder/placeholder.png\";s:10:\"gallery_id\";N;s:7:\"content\";s:0:\"\";s:4:\"main\";s:1:\"0\";s:5:\"title\";s:16:\"Ричтраки\";s:6:\"active\";s:1:\"1\";s:7:\"visible\";s:1:\"1\";s:4:\"slug\";s:9:\"richtraki\";s:4:\"href\";s:0:\"\";s:10:\"created_at\";s:10:\"1598942947\";s:10:\"updated_at\";s:10:\"1604047918\";s:6:\"single\";s:14:\"Ричтрак\";s:10:\"order_menu\";s:1:\"0\";s:13:\"category_icon\";s:0:\"\";s:5:\"order\";s:2:\"22\";s:9:\"parent_id\";s:2:\"83\";s:4:\"type\";s:1:\"0\";s:10:\"meta_title\";s:0:\"\";s:16:\"meta_description\";s:0:\"\";s:10:\"manager_id\";N;s:4:\"path\";s:2:\"83\";s:3:\"lvl\";s:1:\"2\";s:11:\"custom_slug\";s:1:\"0\";s:13:\"filterEnabled\";N;s:3:\"url\";N;s:13:\"department_id\";N;}}i:1;N;}'),(753,1606221711,'a:2:{i:0;a:1:{i:0;a:15:{s:2:\"id\";s:1:\"3\";s:5:\"title\";s:7:\"Komatsu\";s:5:\"image\";s:61:\"/uploads/images/products/e493a9d8b63dfc4fe8685da1cd64733f.png\";s:7:\"content\";s:0:\"\";s:6:\"active\";s:1:\"1\";s:4:\"slug\";s:7:\"komatsu\";s:10:\"created_at\";N;s:10:\"updated_at\";s:10:\"1600694402\";s:11:\"description\";s:52:\"Поставщик складской техники\";s:4:\"main\";s:1:\"1\";s:7:\"country\";s:12:\"Япония\";s:10:\"meta_title\";N;s:16:\"meta_description\";N;s:10:\"gallery_id\";N;s:11:\"custom_slug\";N;}}i:1;N;}'),(772,1606221778,'a:2:{i:0;a:1:{i:0;a:27:{s:2:\"id\";s:3:\"125\";s:5:\"image\";s:0:\"\";s:10:\"gallery_id\";N;s:7:\"content\";s:0:\"\";s:4:\"main\";s:1:\"0\";s:5:\"title\";s:29:\"Подъемные столы\";s:6:\"active\";s:1:\"1\";s:7:\"visible\";s:1:\"1\";s:4:\"slug\";s:14:\"podemnye-stoly\";s:4:\"href\";s:0:\"\";s:10:\"created_at\";s:10:\"1603889651\";s:10:\"updated_at\";s:10:\"1605097352\";s:6:\"single\";s:27:\"Подъемный стол\";s:10:\"order_menu\";s:1:\"0\";s:13:\"category_icon\";s:0:\"\";s:5:\"order\";s:2:\"58\";s:9:\"parent_id\";s:2:\"83\";s:4:\"type\";s:1:\"0\";s:10:\"meta_title\";s:0:\"\";s:16:\"meta_description\";s:0:\"\";s:10:\"manager_id\";N;s:4:\"path\";s:2:\"83\";s:3:\"lvl\";s:1:\"2\";s:11:\"custom_slug\";s:1:\"0\";s:13:\"filterEnabled\";s:1:\"0\";s:3:\"url\";N;s:13:\"department_id\";N;}}i:1;N;}'),(821,1606221776,'a:2:{i:0;a:1:{i:0;a:6:{i:0;a:27:{s:2:\"id\";s:2:\"84\";s:5:\"image\";s:43:\"/uploads/images/placeholder/placeholder.png\";s:10:\"gallery_id\";N;s:7:\"content\";s:0:\"\";s:4:\"main\";s:1:\"0\";s:5:\"title\";s:43:\"Гидравлические тележки\";s:6:\"active\";s:1:\"1\";s:7:\"visible\";s:1:\"1\";s:4:\"slug\";s:24:\"gidravlicheskie-telezhki\";s:4:\"href\";s:0:\"\";s:10:\"created_at\";s:10:\"1598942881\";s:10:\"updated_at\";s:10:\"1605090593\";s:6:\"single\";s:24:\"Гидротележка\";s:10:\"order_menu\";s:1:\"0\";s:13:\"category_icon\";s:0:\"\";s:5:\"order\";s:2:\"19\";s:9:\"parent_id\";s:2:\"83\";s:4:\"type\";s:1:\"0\";s:10:\"meta_title\";s:0:\"\";s:16:\"meta_description\";s:0:\"\";s:10:\"manager_id\";N;s:4:\"path\";s:2:\"83\";s:3:\"lvl\";s:1:\"2\";s:11:\"custom_slug\";s:1:\"0\";s:13:\"filterEnabled\";s:1:\"0\";s:3:\"url\";N;s:13:\"department_id\";N;}i:1;a:27:{s:2:\"id\";s:2:\"86\";s:5:\"image\";s:43:\"/uploads/images/placeholder/placeholder.png\";s:10:\"gallery_id\";N;s:7:\"content\";s:0:\"\";s:4:\"main\";s:1:\"0\";s:5:\"title\";s:18:\"Штабелеры\";s:6:\"active\";s:1:\"1\";s:7:\"visible\";s:1:\"1\";s:4:\"slug\";s:10:\"shtabelery\";s:4:\"href\";s:0:\"\";s:10:\"created_at\";s:10:\"1598942926\";s:10:\"updated_at\";s:10:\"1605097308\";s:6:\"single\";s:16:\"Штабелер\";s:10:\"order_menu\";s:1:\"0\";s:13:\"category_icon\";s:0:\"\";s:5:\"order\";s:2:\"21\";s:9:\"parent_id\";s:2:\"83\";s:4:\"type\";s:1:\"0\";s:10:\"meta_title\";s:0:\"\";s:16:\"meta_description\";s:0:\"\";s:10:\"manager_id\";N;s:4:\"path\";s:2:\"83\";s:3:\"lvl\";s:1:\"2\";s:11:\"custom_slug\";s:1:\"0\";s:13:\"filterEnabled\";s:1:\"0\";s:3:\"url\";N;s:13:\"department_id\";N;}i:2;a:27:{s:2:\"id\";s:2:\"87\";s:5:\"image\";s:43:\"/uploads/images/placeholder/placeholder.png\";s:10:\"gallery_id\";N;s:7:\"content\";s:0:\"\";s:4:\"main\";s:1:\"0\";s:5:\"title\";s:16:\"Ричтраки\";s:6:\"active\";s:1:\"1\";s:7:\"visible\";s:1:\"1\";s:4:\"slug\";s:9:\"richtraki\";s:4:\"href\";s:0:\"\";s:10:\"created_at\";s:10:\"1598942947\";s:10:\"updated_at\";s:10:\"1604047918\";s:6:\"single\";s:14:\"Ричтрак\";s:10:\"order_menu\";s:1:\"0\";s:13:\"category_icon\";s:0:\"\";s:5:\"order\";s:2:\"22\";s:9:\"parent_id\";s:2:\"83\";s:4:\"type\";s:1:\"0\";s:10:\"meta_title\";s:0:\"\";s:16:\"meta_description\";s:0:\"\";s:10:\"manager_id\";N;s:4:\"path\";s:2:\"83\";s:3:\"lvl\";s:1:\"2\";s:11:\"custom_slug\";s:1:\"0\";s:13:\"filterEnabled\";N;s:3:\"url\";N;s:13:\"department_id\";N;}i:3;a:27:{s:2:\"id\";s:3:\"102\";s:5:\"image\";s:0:\"\";s:10:\"gallery_id\";N;s:7:\"content\";s:0:\"\";s:4:\"main\";s:1:\"0\";s:5:\"title\";s:32:\"Электроштабелеры\";s:6:\"active\";s:1:\"1\";s:7:\"visible\";s:1:\"1\";s:4:\"slug\";s:17:\"elektroshtabelery\";s:4:\"href\";s:0:\"\";s:10:\"created_at\";s:10:\"1599548258\";s:10:\"updated_at\";s:10:\"1604047918\";s:6:\"single\";s:30:\"Электроштабелер\";s:10:\"order_menu\";s:1:\"0\";s:13:\"category_icon\";s:0:\"\";s:5:\"order\";s:2:\"37\";s:9:\"parent_id\";s:2:\"83\";s:4:\"type\";s:1:\"0\";s:10:\"meta_title\";s:0:\"\";s:16:\"meta_description\";s:0:\"\";s:10:\"manager_id\";N;s:4:\"path\";s:2:\"83\";s:3:\"lvl\";s:1:\"2\";s:11:\"custom_slug\";s:1:\"0\";s:13:\"filterEnabled\";N;s:3:\"url\";N;s:13:\"department_id\";N;}i:4;a:27:{s:2:\"id\";s:3:\"103\";s:5:\"image\";s:0:\"\";s:10:\"gallery_id\";N;s:7:\"content\";s:0:\"\";s:4:\"main\";s:1:\"0\";s:5:\"title\";s:28:\"Электротележки\";s:6:\"active\";s:1:\"1\";s:7:\"visible\";s:1:\"1\";s:4:\"slug\";s:15:\"elektrotelezhki\";s:4:\"href\";s:0:\"\";s:10:\"created_at\";s:10:\"1599548519\";s:10:\"updated_at\";s:10:\"1604047918\";s:6:\"single\";s:28:\"Электротележка\";s:10:\"order_menu\";s:1:\"0\";s:13:\"category_icon\";s:0:\"\";s:5:\"order\";s:2:\"38\";s:9:\"parent_id\";s:2:\"83\";s:4:\"type\";s:1:\"0\";s:10:\"meta_title\";s:0:\"\";s:16:\"meta_description\";s:0:\"\";s:10:\"manager_id\";N;s:4:\"path\";s:2:\"83\";s:3:\"lvl\";s:1:\"2\";s:11:\"custom_slug\";s:1:\"0\";s:13:\"filterEnabled\";N;s:3:\"url\";N;s:13:\"department_id\";N;}i:5;a:27:{s:2:\"id\";s:3:\"125\";s:5:\"image\";s:0:\"\";s:10:\"gallery_id\";N;s:7:\"content\";s:0:\"\";s:4:\"main\";s:1:\"0\";s:5:\"title\";s:29:\"Подъемные столы\";s:6:\"active\";s:1:\"1\";s:7:\"visible\";s:1:\"1\";s:4:\"slug\";s:14:\"podemnye-stoly\";s:4:\"href\";s:0:\"\";s:10:\"created_at\";s:10:\"1603889651\";s:10:\"updated_at\";s:10:\"1605097352\";s:6:\"single\";s:27:\"Подъемный стол\";s:10:\"order_menu\";s:1:\"0\";s:13:\"category_icon\";s:0:\"\";s:5:\"order\";s:2:\"58\";s:9:\"parent_id\";s:2:\"83\";s:4:\"type\";s:1:\"0\";s:10:\"meta_title\";s:0:\"\";s:16:\"meta_description\";s:0:\"\";s:10:\"manager_id\";N;s:4:\"path\";s:2:\"83\";s:3:\"lvl\";s:1:\"2\";s:11:\"custom_slug\";s:1:\"0\";s:13:\"filterEnabled\";s:1:\"0\";s:3:\"url\";N;s:13:\"department_id\";N;}}}i:1;N;}'),(845,1606221773,'a:2:{i:0;a:1:{i:0;b:0;}i:1;N;}'),(887,1606221779,'a:2:{i:0;a:1:{i:0;a:27:{s:2:\"id\";s:2:\"92\";s:5:\"image\";s:43:\"/uploads/images/placeholder/placeholder.png\";s:10:\"gallery_id\";N;s:7:\"content\";s:0:\"\";s:4:\"main\";s:1:\"0\";s:5:\"title\";s:39:\"Фронтальные стеллажи\";s:6:\"active\";s:1:\"1\";s:7:\"visible\";s:1:\"1\";s:4:\"slug\";s:20:\"frontalnye-stellazhi\";s:4:\"href\";s:0:\"\";s:10:\"created_at\";s:10:\"1598943128\";s:10:\"updated_at\";s:10:\"1598943128\";s:6:\"single\";s:0:\"\";s:10:\"order_menu\";s:1:\"0\";s:13:\"category_icon\";s:0:\"\";s:5:\"order\";s:2:\"27\";s:9:\"parent_id\";s:2:\"66\";s:4:\"type\";s:1:\"0\";s:10:\"meta_title\";N;s:16:\"meta_description\";N;s:10:\"manager_id\";N;s:4:\"path\";N;s:3:\"lvl\";N;s:11:\"custom_slug\";N;s:13:\"filterEnabled\";N;s:3:\"url\";N;s:13:\"department_id\";N;}}i:1;N;}'),(3477,1606221792,'a:2:{i:0;a:1:{i:0;a:27:{s:2:\"id\";s:3:\"110\";s:5:\"image\";s:0:\"\";s:10:\"gallery_id\";N;s:7:\"content\";s:0:\"\";s:4:\"main\";s:1:\"0\";s:5:\"title\";s:56:\"Аренда бензиновых погрузчиков\";s:6:\"active\";s:1:\"1\";s:7:\"visible\";s:1:\"1\";s:4:\"slug\";s:30:\"arenda-benzinovyh-pogruzchikov\";s:4:\"href\";s:0:\"\";s:10:\"created_at\";s:10:\"1599639593\";s:10:\"updated_at\";s:10:\"1605862175\";s:6:\"single\";s:39:\"Бензиновый погрузчик\";s:10:\"order_menu\";N;s:13:\"category_icon\";s:0:\"\";s:5:\"order\";s:2:\"45\";s:9:\"parent_id\";s:3:\"106\";s:4:\"type\";s:1:\"1\";s:10:\"meta_title\";s:0:\"\";s:16:\"meta_description\";s:0:\"\";s:10:\"manager_id\";N;s:4:\"path\";s:3:\"106\";s:3:\"lvl\";s:1:\"2\";s:11:\"custom_slug\";s:1:\"0\";s:13:\"filterEnabled\";s:1:\"0\";s:3:\"url\";N;s:13:\"department_id\";s:1:\"1\";}}i:1;N;}'),(3800,1606228969,'a:2:{i:0;a:2:{i:0;s:6440:\"<section style=\"margin-top:80px\">\r\n    <div class=\"container\">\r\n        <div class=\"row\">\r\n            <div class=\"col-xl-9\">\r\n                <div class=\"row\">\r\n                    <div class=\"col-12 section-header news-main-page\">\r\n                        <h2>Новости</h2>\r\n                        <img src=\"/static/long_logo.png\" alt=\"Логотип компании АВТОКАР\" title=\"Перейти в раздел медиа-пресс\">\r\n                        <a href=\"/media-press/news/\">Перейти в раздел</a>\r\n                    </div>\r\n                </div>\r\n                <div class=\"row main-page-news-item\">\r\n                                                                                    <div class=\"col-xl-3 col-lg-3 col-md-6 col-sm-6 col-12\">\r\n                        <a href=\"/media-press/news/kompaniya-avtokar-posetila-vystavku-bauma-v-shanhae/\">\r\n                            <img alt=\'Компания Автокар посетила выставку Баума в Шанхае\' title=\"Компания Автокар посетила выставку Баума в Шанхае\" class=\"img-fluid\" src=\"/assets/thumbs/thumb_330_247_cn_36.jpg\" /></a>\r\n\r\n                        <span>13.10.2020</span>\r\n                        <h4>\r\n                            <a href=\"/media-press/news/kompaniya-avtokar-posetila-vystavku-bauma-v-shanhae/\" class=\"main-page-news-item-news-title\">Компания Автокар посетила выставку Баума в Шанхае</a>\r\n                        </h4>\r\n                        <p>Компания Автокар посетила выставку Баума в Шанхае</p>\r\n                    </div>\r\n\r\n                                                                <div class=\"col-xl-3 col-lg-3 col-md-6 col-sm-6 col-6\">\r\n                        <a href=\"/media-press/news/ooo-avtokar-15-let/\">\r\n                            <img alt=\'ООО Автокар 15 лет!!!\' title=\"ООО Автокар 15 лет!!!\" class=\"img-fluid\" src=\"/assets/thumbs/thumb_330_247_IMG_1713_15.jpg\" /></a>\r\n\r\n                        <span>13.10.2020</span>\r\n                        <h4>\r\n                            <a href=\"/media-press/news/ooo-avtokar-15-let/\" class=\"main-page-news-item-news-title\">ООО Автокар 15 лет!!!</a>\r\n                        </h4>\r\n                        <p>В 2015 году компания ООО «Автокар» отпраздновала свое 15-летие.</p>\r\n                    </div>\r\n\r\n                                                                <div class=\"col-xl-3 col-lg-3 col-md-6 col-sm-6 col-6\">\r\n                        <a href=\"/media-press/news/spasibo-vam-avtokar/\">\r\n                            <img alt=\'Спасибо Вам, Автокар\' title=\"Спасибо Вам, Автокар\" class=\"img-fluid\" src=\"/assets/thumbs/thumb_330_247_b_800_600_0_00_images_1_b.png\" /></a>\r\n\r\n                        <span>13.10.2020</span>\r\n                        <h4>\r\n                            <a href=\"/media-press/news/spasibo-vam-avtokar/\" class=\"main-page-news-item-news-title\">Спасибо Вам, Автокар</a>\r\n                        </h4>\r\n                        <p>Благотворительность вместо новогодних сувениров</p>\r\n                    </div>\r\n\r\n                                                                <div class=\"col-xl-3 col-lg-3 col-md-6 col-sm-6 col-12\">\r\n                        <a href=\"/media-press/news/kurskaya-korenskaya-yarmarka/\">\r\n                            <img alt=\'Курская Коренская ярмарка\' title=\"Курская Коренская ярмарка\" class=\"img-fluid\" src=\"/assets/thumbs/thumb_330_247_b_800_600_0_00_images_Neews_1_1.jpg\" /></a>\r\n\r\n                        <span>13.10.2020</span>\r\n                        <h4>\r\n                            <a href=\"/media-press/news/kurskaya-korenskaya-yarmarka/\" class=\"main-page-news-item-news-title\">Курская Коренская ярмарка</a>\r\n                        </h4>\r\n                        <p>ООО «АВТОКАР» принимает участие в XIX Межрегиональной универсальной оптово-розничной ярмарке «КУРСКАЯ КОРЕНСКАЯ ЯРМАРКА»</p>\r\n                    </div>\r\n\r\n                                    </div>\r\n            </div>\r\n            <div class=\"col-xl-3 gray main-page-articles-container\">\r\n                <div class=\"row\">\r\n                    <div class=\"col-12\">\r\n                        <h2>Статьи</h2>\r\n                    </div>\r\n                </div>\r\n                <div class=\"row\">\r\n                                            <div class=\"col-xl-12\">\r\n                            <h4>Расход дизельного топлива фронтальным погрузчиком Лонкинг</h4>\r\n                            <p>Расчет расхода дизельного топлива погрузчиком Лонкинг</p>\r\n                            <a href=\"/media-press/articles/rashod-dizelnogo-topliva-frontalnym-pogruzchikom-lonking-20/\">Подробнее</a>\r\n                        </div>\r\n                                            <div class=\"col-xl-12\">\r\n                            <h4>Расход топлива вилочного погрузчика</h4>\r\n                            <p>Расчет расхода топлива вилочного погрузчика</p>\r\n                            <a href=\"/media-press/articles/rashod-topliva-vilochnogo-pogruzchika-21/\">Подробнее</a>\r\n                        </div>\r\n                                            <div class=\"col-xl-12\">\r\n                            <h4>Советы при эксплуатации погрузчика</h4>\r\n                            <p>Существует ряд несложных, но действенных способов заставить погрузчик служить дольше положенного ему производителем срока.</p>\r\n                            <a href=\"/media-press/articles/sovety-pri-ekspluatacii-pogruzchika-22/\">Подробнее</a>\r\n                        </div>\r\n                                    </div>\r\n            </div>\r\n        </div>\r\n    </div>\r\n</section>\r\n    \";i:1;N;}i:1;N;}'),(5114,1606221709,'a:2:{i:0;a:1:{i:0;a:22:{i:0;a:2:{s:8:\"promo_id\";s:1:\"8\";s:7:\"prod_id\";s:2:\"68\";}i:1;a:2:{s:8:\"promo_id\";s:1:\"9\";s:7:\"prod_id\";s:2:\"95\";}i:2;a:2:{s:8:\"promo_id\";s:1:\"9\";s:7:\"prod_id\";s:2:\"96\";}i:3;a:2:{s:8:\"promo_id\";s:1:\"9\";s:7:\"prod_id\";s:2:\"97\";}i:4;a:2:{s:8:\"promo_id\";s:1:\"9\";s:7:\"prod_id\";s:2:\"98\";}i:5;a:2:{s:8:\"promo_id\";s:1:\"9\";s:7:\"prod_id\";s:2:\"99\";}i:6;a:2:{s:8:\"promo_id\";s:1:\"9\";s:7:\"prod_id\";s:3:\"100\";}i:7;a:2:{s:8:\"promo_id\";s:1:\"9\";s:7:\"prod_id\";s:3:\"101\";}i:8;a:2:{s:8:\"promo_id\";s:2:\"10\";s:7:\"prod_id\";s:2:\"90\";}i:9;a:2:{s:8:\"promo_id\";s:2:\"10\";s:7:\"prod_id\";s:2:\"91\";}i:10;a:2:{s:8:\"promo_id\";s:2:\"10\";s:7:\"prod_id\";s:2:\"92\";}i:11;a:2:{s:8:\"promo_id\";s:2:\"10\";s:7:\"prod_id\";s:2:\"93\";}i:12;a:2:{s:8:\"promo_id\";s:2:\"10\";s:7:\"prod_id\";s:2:\"94\";}i:13;a:2:{s:8:\"promo_id\";s:2:\"11\";s:7:\"prod_id\";s:2:\"32\";}i:14;a:2:{s:8:\"promo_id\";s:2:\"12\";s:7:\"prod_id\";s:2:\"34\";}i:15;a:2:{s:8:\"promo_id\";s:2:\"13\";s:7:\"prod_id\";s:2:\"50\";}i:16;a:2:{s:8:\"promo_id\";s:2:\"13\";s:7:\"prod_id\";s:2:\"51\";}i:17;a:2:{s:8:\"promo_id\";s:2:\"13\";s:7:\"prod_id\";s:2:\"52\";}i:18;a:2:{s:8:\"promo_id\";s:2:\"13\";s:7:\"prod_id\";s:2:\"53\";}i:19;a:2:{s:8:\"promo_id\";s:2:\"13\";s:7:\"prod_id\";s:2:\"54\";}i:20;a:2:{s:8:\"promo_id\";s:2:\"13\";s:7:\"prod_id\";s:3:\"223\";}i:21;a:2:{s:8:\"promo_id\";s:2:\"14\";s:7:\"prod_id\";s:3:\"303\";}}}i:1;N;}'),(5451,1606221776,'a:2:{i:0;a:1:{i:0;a:27:{s:2:\"id\";s:2:\"83\";s:5:\"image\";s:41:\"/uploads/images/categories/skladskaja.jpg\";s:10:\"gallery_id\";N;s:7:\"content\";s:0:\"\";s:4:\"main\";s:1:\"0\";s:5:\"title\";s:33:\"Складская техника\";s:6:\"active\";s:1:\"1\";s:7:\"visible\";s:1:\"1\";s:4:\"slug\";s:18:\"skladskaya-tehnika\";s:4:\"href\";s:0:\"\";s:10:\"created_at\";s:10:\"1598942860\";s:10:\"updated_at\";s:10:\"1604047919\";s:6:\"single\";s:0:\"\";s:10:\"order_menu\";s:1:\"5\";s:13:\"category_icon\";s:21:\"flaticon-trolley-cart\";s:5:\"order\";s:1:\"2\";s:9:\"parent_id\";N;s:4:\"type\";s:1:\"0\";s:10:\"meta_title\";s:0:\"\";s:16:\"meta_description\";s:0:\"\";s:10:\"manager_id\";N;s:4:\"path\";N;s:3:\"lvl\";s:1:\"1\";s:11:\"custom_slug\";s:1:\"0\";s:13:\"filterEnabled\";N;s:3:\"url\";N;s:13:\"department_id\";N;}}i:1;N;}'),(8388,1606221774,'a:2:{i:0;a:1:{i:0;b:0;}i:1;N;}'),(8909,1606221709,'a:2:{i:0;a:1:{i:0;a:3:{i:0;a:17:{s:2:\"id\";s:2:\"14\";s:5:\"title\";s:109:\"Расход дизельного топлива фронтальным погрузчиком Лонкинг\";s:10:\"meta_title\";s:0:\"\";s:9:\"meta_desc\";s:0:\"\";s:5:\"image\";s:49:\"/uploads/images/categories/last/fr-pogruzchik.jpg\";s:7:\"content\";s:5721:\"<p>Потребление топлива фронтальными погрузчиками Лонкинг (Lonking), один из первых и важных вопросов, интересующих покупателя для просчета стоимости владения техники. Фронтальный погрузчик не машина где существуют четкие нормы расхода топлива на 100 км/ч. Фронтальные погрузчики рассчитывают расход топлива в граммах на единицу мощности за 1 моточас работы. Счетчик моточасов напрямую зависит от оборотов двигателя фронтального погрузчика. Часто приходится слышать вопросы о том как высчитать расход топлива по моточасам или сравнения отношений моточасов и километров.</p>\r\n\r\n<p>На сегодняшний день нет четкой формулы расчета и перевода моточасов в километры, так как это разные величины. Из опытов операторов фронтальных погрузчиков взята усредненная цифра 35 км за 1 м/ч.</p>\r\n\r\n<p>А вот норма расчета и усредненного списания дизельного топлива, если на фронтальный погрузчик не установлена система Глонас или Джипег, рассчитывается по формуле:</p>\r\n\r\n<p><img alt=\"\" src=\"/uploads/images/news/old_/formula.jpg\" style=\"width: 248px; height: 129px;\" /></p>\r\n\r\n<p>где,</p>\r\n\r\n<p>N– мощность двигателя в (кВт). Мощность двигателя всегда указывается в технических характеристиках и обозначается в киловаттах (кВт) или лошадиных силах (л.с.).</p>\r\n\r\n<p>t – рассчитываемое время расхода топлива за 1-ин астрономический час (1). В данной формуле для расчета за показатель ( t ) можно подставлять любое время.</p>\r\n\r\n<p>G – удельный расход топлива машины (г/кВт ч). Удельный расход топлива – показатель данных для конкретного типа двигателя и указывается в технических характеристиках производителя.</p>\r\n\r\n<p>% – процент загруженности машины во время работы. Показатель работы двигателя фронтального погрузчика на максимальных оборотах за указанное время ( t ). Предполагается, что из 100% рабочего времени, на максимальных оборотах машина работает в среднем 30%-50%.</p>\r\n\r\n<p>p – плотность топлива(г/л). Плотность дизтоплива = равная 850 г/л.</p>\r\n\r\n<p>Из выше представленной формулы проведем расчеты для фронтальных погрузчиков Лонкинг.</p>\r\n\r\n<ul>\r\n	<li><a href=\"https://autoca-orel.ru/catalog/dorozhno-stroitelnaya-tehnika/frontalnye-pogruzchiki/lonking-cdm-816d/\" target=\"_blank\" title=\"Фронтальный погрузчик Lonking CDM816\">CDM 816D</a>&nbsp;= 55*1*235*50% / 850= 7.6 л в м/ч</li>\r\n	<li><a href=\"https://autocar-orel.ru/catalog/dorozhno-stroitelnaya-tehnika/frontalnye-pogruzchiki/lonking-lg833/\" target=\"_blank\" title=\"Фронтальный погрузчик Lonking CDM833\">CDM833</a>&nbsp;= 92*1*210*50% / 850= 11.3л в м/ч</li>\r\n	<li><a href=\"https://autocar-orel.ru/catalog/dorozhno-stroitelnaya-tehnika/frontalnye-pogruzchiki/lonking-cdm-835/\" target=\"_blank\" title=\"Фронтальный погрузчик Lonking CDM835D\">CDM835</a>&nbsp;= 97*1*210*50% / 850 = 12л в м/ч</li>\r\n	<li><a href=\"https://autocar-orel.ru/catalog/dorozhno-stroitelnaya-tehnika/frontalnye-pogruzchiki/lonking-cdm-843n/\" target=\"_blank\" title=\"Фронтальный погрузчик Lonking CDM843\">CDM843</a>&nbsp;=129*1*210*50% / 850 = 15.9л в м/ч</li>\r\n	<li><a href=\"https://autocar-orel.ru/catalog/dorozhno-stroitelnaya-tehnika/frontalnye-pogruzchiki/lonking-cdm-853/\" target=\"_blank\" title=\"Фронтальный погрузчик Lonking CDM853\">CDM853</a>&nbsp;=162*1*215*50% / 850 = 20.5л в м/ч</li>\r\n	<li><a href=\"https://autocar-orel.ru/catalog/dorozhno-stroitelnaya-tehnika/frontalnye-pogruzchiki/lonking-lg855b/\" target=\"_blank\" title=\"Фронтальный погрузчик Lonking CDM855\">CDM855</a>&nbsp;=162*1*215*50% / 850 = 20.5л в м/ч</li>\r\n	<li><a href=\"https://autocar-orel.ru/catalog/dorozhno-stroitelnaya-tehnika/frontalnye-pogruzchiki/lonking-cdm-860/\" target=\"_blank\" title=\"Фронтальный погрузчик Lonking CDM860\">CDM860</a>&nbsp;=176*1*215*50% / 850 = 22.3л в м/ч</li>\r\n</ul>\r\n\r\n<p>За расчет было взято 50% работы на максимальных оборотах двигателя, соответственно при меньшей загруженности расход дизельного топлива фронтальным погрузчиком Лонкинг будет меньше.</p>\r\n\r\n<ul>\r\n</ul>\r\n\";s:10:\"gallery_id\";N;s:6:\"active\";s:1:\"1\";s:10:\"created_at\";s:10:\"1602579388\";s:10:\"updated_at\";s:10:\"1602831152\";s:4:\"slug\";s:59:\"rashod-dizelnogo-topliva-frontalnym-pogruzchikom-lonking-20\";s:11:\"category_id\";s:1:\"4\";s:5:\"views\";N;s:5:\"entry\";s:101:\"Расчет расхода дизельного топлива погрузчиком Лонкинг\";s:5:\"order\";s:1:\"1\";s:4:\"type\";s:1:\"1\";s:11:\"custom_slug\";s:1:\"0\";}i:1;a:17:{s:2:\"id\";s:2:\"17\";s:5:\"title\";s:92:\"Компания Автокар посетила выставку Баума в Шанхае\";s:10:\"meta_title\";s:0:\"\";s:9:\"meta_desc\";s:0:\"\";s:5:\"image\";s:35:\"/uploads/images/news/old_/cn_36.jpg\";s:7:\"content\";s:359:\"<p>Самая крупная выставка Баума в Шанхае проходит один раз в два года. Наша компания Автокар посетила ее, и заключила новые договора с производителями складской и дорожно - строительной техники.</p>\r\n\";s:10:\"gallery_id\";N;s:6:\"active\";s:1:\"1\";s:10:\"created_at\";s:10:\"1602581160\";s:10:\"updated_at\";s:10:\"1604044390\";s:4:\"slug\";s:51:\"kompaniya-avtokar-posetila-vystavku-bauma-v-shanhae\";s:11:\"category_id\";s:1:\"1\";s:5:\"views\";N;s:5:\"entry\";s:92:\"Компания Автокар посетила выставку Баума в Шанхае\";s:5:\"order\";s:1:\"2\";s:4:\"type\";s:1:\"0\";s:11:\"custom_slug\";s:1:\"0\";}i:2;a:17:{s:2:\"id\";s:2:\"18\";s:5:\"title\";s:34:\"ООО Автокар 15 лет!!!\";s:10:\"meta_title\";s:0:\"\";s:9:\"meta_desc\";s:0:\"\";s:5:\"image\";s:41:\"/uploads/images/news/old_/IMG_1713_15.jpg\";s:7:\"content\";s:837:\"<p>Сотрудники ООО «Автокар» во главе с директором принимали поздравления, добрые слова и подарки от друзей - партнеров компании. Веселый праздник с конкурсами, шоу- программой и награждениями отличившихся сотрудников ООО «Автокар» проходил в дружеской обстановке. Сотрудникам за отличную работу были вручены памятные грамоты, сувениры, денежные поощрения.</p>\r\n\r\n<p>Пожелаем компании ООО «Автокар» дальнейшего процветания и достижения поставленных целей!</p>\r\n\";s:10:\"gallery_id\";N;s:6:\"active\";s:1:\"1\";s:10:\"created_at\";s:10:\"1602581319\";s:10:\"updated_at\";s:10:\"1605019902\";s:4:\"slug\";s:18:\"ooo-avtokar-15-let\";s:11:\"category_id\";s:1:\"1\";s:5:\"views\";N;s:5:\"entry\";s:110:\"В 2015 году компания ООО «Автокар» отпраздновала свое 15-летие.\";s:5:\"order\";s:1:\"3\";s:4:\"type\";s:1:\"0\";s:11:\"custom_slug\";s:1:\"0\";}}}i:1;N;}'),(31400,1606221790,'a:2:{i:0;a:1:{i:0;a:27:{s:2:\"id\";s:3:\"106\";s:5:\"image\";s:50:\"/uploads/images/categories/last/vil-pogruzchik.jpg\";s:10:\"gallery_id\";N;s:7:\"content\";s:0:\"\";s:4:\"main\";s:1:\"0\";s:5:\"title\";s:52:\"Аренда вилочных погрузчиков\";s:6:\"active\";s:1:\"1\";s:7:\"visible\";s:1:\"1\";s:4:\"slug\";s:29:\"arenda-vilochnyh-pogruzchikov\";s:4:\"href\";s:0:\"\";s:10:\"created_at\";s:10:\"1599637487\";s:10:\"updated_at\";s:10:\"1605860558\";s:6:\"single\";s:35:\"Вилочный погрузчик\";s:10:\"order_menu\";s:1:\"2\";s:13:\"category_icon\";s:17:\"flaticon-forklift\";s:5:\"order\";s:2:\"41\";s:9:\"parent_id\";N;s:4:\"type\";s:1:\"1\";s:10:\"meta_title\";s:0:\"\";s:16:\"meta_description\";s:0:\"\";s:10:\"manager_id\";N;s:4:\"path\";N;s:3:\"lvl\";s:1:\"1\";s:11:\"custom_slug\";s:1:\"0\";s:13:\"filterEnabled\";s:1:\"0\";s:3:\"url\";N;s:13:\"department_id\";s:1:\"1\";}}i:1;N;}'),(31637,1606221777,'a:2:{i:0;a:1:{i:0;a:27:{s:2:\"id\";s:3:\"103\";s:5:\"image\";s:0:\"\";s:10:\"gallery_id\";N;s:7:\"content\";s:0:\"\";s:4:\"main\";s:1:\"0\";s:5:\"title\";s:28:\"Электротележки\";s:6:\"active\";s:1:\"1\";s:7:\"visible\";s:1:\"1\";s:4:\"slug\";s:15:\"elektrotelezhki\";s:4:\"href\";s:0:\"\";s:10:\"created_at\";s:10:\"1599548519\";s:10:\"updated_at\";s:10:\"1604047918\";s:6:\"single\";s:28:\"Электротележка\";s:10:\"order_menu\";s:1:\"0\";s:13:\"category_icon\";s:0:\"\";s:5:\"order\";s:2:\"38\";s:9:\"parent_id\";s:2:\"83\";s:4:\"type\";s:1:\"0\";s:10:\"meta_title\";s:0:\"\";s:16:\"meta_description\";s:0:\"\";s:10:\"manager_id\";N;s:4:\"path\";s:2:\"83\";s:3:\"lvl\";s:1:\"2\";s:11:\"custom_slug\";s:1:\"0\";s:13:\"filterEnabled\";N;s:3:\"url\";N;s:13:\"department_id\";N;}}i:1;N;}'),(74351,1606221705,'a:2:{i:0;a:1:{i:0;a:16:{s:2:\"id\";s:1:\"2\";s:5:\"title\";s:12:\"Москва\";s:5:\"image\";s:0:\"\";s:4:\"slug\";s:6:\"moskva\";s:3:\"lat\";s:9:\"55.572034\";s:3:\"lng\";s:9:\"37.618668\";s:7:\"default\";s:1:\"1\";s:5:\"order\";s:1:\"0\";s:7:\"r_title\";s:12:\"Москвы\";s:7:\"d_title\";s:12:\"Москве\";s:7:\"v_title\";s:12:\"Москву\";s:8:\"tv_title\";s:14:\"Москвой\";s:8:\"pr_title\";s:12:\"Москве\";s:12:\"company_name\";s:54:\"Компания ООО Автокар г.Москва\";s:11:\"custom_slug\";s:1:\"0\";s:14:\"yandex_metrika\";s:8:\"51573830\";}}i:1;N;}'),(95254,1606221774,'a:2:{i:0;a:1:{i:0;a:27:{s:2:\"id\";s:2:\"80\";s:5:\"image\";s:43:\"/uploads/images/placeholder/placeholder.png\";s:10:\"gallery_id\";N;s:7:\"content\";s:0:\"\";s:4:\"main\";s:1:\"0\";s:5:\"title\";s:45:\"Дизельные б/у погрузчики\";s:6:\"active\";s:1:\"1\";s:7:\"visible\";s:1:\"1\";s:4:\"slug\";s:23:\"dizelnye-bu-pogruzchiki\";s:4:\"href\";s:0:\"\";s:10:\"created_at\";s:10:\"1598942747\";s:10:\"updated_at\";s:10:\"1604047920\";s:6:\"single\";s:54:\"Дизельный вилочный погрузчик\";s:10:\"order_menu\";s:1:\"0\";s:13:\"category_icon\";s:0:\"\";s:5:\"order\";s:2:\"16\";s:9:\"parent_id\";s:2:\"79\";s:4:\"type\";s:1:\"0\";s:10:\"meta_title\";s:0:\"\";s:16:\"meta_description\";s:0:\"\";s:10:\"manager_id\";N;s:4:\"path\";s:2:\"79\";s:3:\"lvl\";s:1:\"2\";s:11:\"custom_slug\";s:1:\"1\";s:13:\"filterEnabled\";s:1:\"0\";s:3:\"url\";N;s:13:\"department_id\";N;}}i:1;N;}'),(523090,1606221709,'a:2:{i:0;a:1:{i:0;a:18:{s:2:\"id\";s:2:\"11\";s:5:\"title\";s:37:\"Осенний ценопад: LG 833\";s:12:\"preview_text\";s:69:\"Джойстик+кондиционер! В наличии с ПСМ!\";s:5:\"image\";s:49:\"/uploads/images/promo/15.10/833/833_15.10_710.jpg\";s:4:\"slug\";s:22:\"osenniy-cenopad-lg-833\";s:7:\"content\";s:178:\"<p>Ковш 1.8м3.<br />\r\nУдлиненная стрела.<br />\r\nГод выпуска <strong>2020</strong>.</p>\r\n\r\n<p><strong>В наличии и с ПСМ!</strong></p>\r\n\";s:6:\"active\";s:1:\"1\";s:10:\"created_at\";s:10:\"1602771005\";s:10:\"updated_at\";s:10:\"1602771312\";s:10:\"gallery_id\";N;s:5:\"order\";s:1:\"4\";s:10:\"start_date\";s:10:\"1601240400\";s:8:\"end_date\";s:10:\"1603573200\";s:12:\"image_tablet\";s:0:\"\";s:12:\"image_mobile\";s:0:\"\";s:11:\"custom_slug\";s:1:\"1\";s:4:\"main\";s:1:\"1\";s:16:\"meta_description\";s:0:\"\";}}i:1;N;}'),(667018,1606221763,'a:2:{i:0;a:1:{i:0;a:27:{s:2:\"id\";s:2:\"70\";s:5:\"image\";s:41:\"/uploads/images/categories/last/katok.jpg\";s:10:\"gallery_id\";N;s:7:\"content\";N;s:4:\"main\";s:1:\"1\";s:5:\"title\";s:10:\"Катки\";s:6:\"active\";s:1:\"1\";s:7:\"visible\";s:1:\"1\";s:4:\"slug\";s:5:\"katki\";s:4:\"href\";s:0:\"\";s:10:\"created_at\";s:10:\"1598942409\";s:10:\"updated_at\";s:10:\"1604047914\";s:6:\"single\";s:10:\"Каток\";s:10:\"order_menu\";s:1:\"0\";s:13:\"category_icon\";s:0:\"\";s:5:\"order\";s:1:\"8\";s:9:\"parent_id\";s:2:\"63\";s:4:\"type\";s:1:\"0\";s:10:\"meta_title\";s:0:\"\";s:16:\"meta_description\";s:0:\"\";s:10:\"manager_id\";N;s:4:\"path\";s:2:\"63\";s:3:\"lvl\";s:1:\"2\";s:11:\"custom_slug\";s:1:\"0\";s:13:\"filterEnabled\";N;s:3:\"url\";N;s:13:\"department_id\";N;}}i:1;N;}'),(4496838,1606221783,'a:2:{i:0;a:1:{i:0;a:27:{s:2:\"id\";s:2:\"98\";s:5:\"image\";s:36:\"/uploads/images/categories/shini.jpg\";s:10:\"gallery_id\";N;s:7:\"content\";s:0:\"\";s:4:\"main\";s:1:\"0\";s:5:\"title\";s:38:\"Шины для спецтехники\";s:6:\"active\";s:1:\"1\";s:7:\"visible\";s:1:\"1\";s:4:\"slug\";s:22:\"shiny-dlya-spectehniki\";s:4:\"href\";s:0:\"\";s:10:\"created_at\";s:10:\"1598943246\";s:10:\"updated_at\";s:10:\"1605278368\";s:6:\"single\";s:0:\"\";s:10:\"order_menu\";s:1:\"8\";s:13:\"category_icon\";s:12:\"flaticon-car\";s:5:\"order\";s:2:\"33\";s:9:\"parent_id\";N;s:4:\"type\";s:1:\"0\";s:10:\"meta_title\";s:0:\"\";s:16:\"meta_description\";s:0:\"\";s:10:\"manager_id\";N;s:4:\"path\";N;s:3:\"lvl\";s:1:\"1\";s:11:\"custom_slug\";s:1:\"0\";s:13:\"filterEnabled\";s:1:\"1\";s:3:\"url\";N;s:13:\"department_id\";N;}}i:1;N;}'),(4516269,1606221773,'a:2:{i:0;a:1:{i:0;a:0:{}}i:1;N;}'),(8301292,0,'a:2:{i:0;a:2:{i:0;O:15:\"yii\\web\\UrlRule\":16:{s:4:\"name\";s:5:\"debug\";s:7:\"pattern\";s:10:\"#^debug$#u\";s:4:\"host\";N;s:5:\"route\";s:5:\"debug\";s:8:\"defaults\";a:0:{}s:6:\"suffix\";b:0;s:4:\"verb\";N;s:4:\"mode\";N;s:12:\"encodeParams\";b:1;s:10:\"normalizer\";b:0;s:15:\"\0*\0createStatus\";N;s:15:\"\0*\0placeholders\";a:0:{}s:26:\"\0yii\\web\\UrlRule\0_template\";s:7:\"/debug/\";s:27:\"\0yii\\web\\UrlRule\0_routeRule\";N;s:28:\"\0yii\\web\\UrlRule\0_paramRules\";a:0:{}s:29:\"\0yii\\web\\UrlRule\0_routeParams\";a:0:{}}i:1;O:15:\"yii\\web\\UrlRule\":16:{s:4:\"name\";s:43:\"debug/<controller:[\\w\\-]+>/<action:[\\w\\-]+>\";s:7:\"pattern\";s:56:\"#^debug/(?P<a4cf2669a>[\\w\\-]+)/(?P<a47cc8c92>[\\w\\-]+)$#u\";s:4:\"host\";N;s:5:\"route\";s:27:\"debug/<controller>/<action>\";s:8:\"defaults\";a:0:{}s:6:\"suffix\";b:0;s:4:\"verb\";N;s:4:\"mode\";N;s:12:\"encodeParams\";b:1;s:10:\"normalizer\";b:0;s:15:\"\0*\0createStatus\";N;s:15:\"\0*\0placeholders\";a:2:{s:9:\"a4cf2669a\";s:10:\"controller\";s:9:\"a47cc8c92\";s:6:\"action\";}s:26:\"\0yii\\web\\UrlRule\0_template\";s:29:\"/debug/<controller>/<action>/\";s:27:\"\0yii\\web\\UrlRule\0_routeRule\";s:56:\"#^debug/(?P<a4cf2669a>[\\w\\-]+)/(?P<a47cc8c92>[\\w\\-]+)$#u\";s:28:\"\0yii\\web\\UrlRule\0_paramRules\";a:0:{}s:29:\"\0yii\\web\\UrlRule\0_routeParams\";a:2:{s:10:\"controller\";s:12:\"<controller>\";s:6:\"action\";s:8:\"<action>\";}}}i:1;N;}'),(9377664,1606221711,'a:2:{i:0;a:1:{i:0;a:10:{s:2:\"id\";s:1:\"8\";s:4:\"name\";s:38:\"Грузоподъемность, кг\";s:4:\"slug\";s:17:\"gruzopodemnost_kg\";s:5:\"order\";s:1:\"1\";s:6:\"active\";s:1:\"1\";s:4:\"main\";s:1:\"1\";s:10:\"additional\";s:1:\"0\";s:4:\"type\";s:1:\"1\";s:9:\"in_filter\";s:1:\"1\";s:4:\"step\";s:1:\"1\";}}i:1;N;}'),(41855762,1606218192,'a:2:{i:0;a:2:{i:0;s:4055:\"            <div class=\"catalog-menu\">\r\n                <div class=\"catalog-menu-wrapper\">\r\n                    <div class=\"catalog-navigation\">\r\n                        <div class=\"container\">\r\n                            <div class=\"row m-0 p-0\">\r\n                                                                                                        <div class=\"col-3\">\r\n                                    <div>\r\n                                        <a href=\"/arenda-spectekhniki/arenda-dorozhno-stroitelnoy-tehniki/\">\r\n                                                                                            <i class=\"flaticon-excavator\"></i>\r\n                                            \r\n                                            Аренда дорожно-строительной техники</a>\r\n                                        \r\n                                        <ul>\r\n                                                                                            <li><a href=\"/arenda-spectekhniki/arenda-dorozhno-stroitelnoy-tehniki/arenda-ekskavatorov-pogruzchikov/\">Аренда экскаваторов - погрузчиков</a></li>\r\n                                                                                            <li><a href=\"/arenda-spectekhniki/arenda-dorozhno-stroitelnoy-tehniki/arenda-frontalnyh-pogruzchikov/\">Аренда фронтальных погрузчиков</a></li>\r\n                                                                                            <li><a href=\"/arenda-spectekhniki/seriya/\">Аренда гусеничных экскаваторов</a></li>\r\n                                                                                            <li><a href=\"/arenda-spectekhniki/arenda-dorozhno-stroitelnoy-tehniki/arenda-buldozerov/\">Аренда бульдозеров</a></li>\r\n                                                                                            <li><a href=\"/arenda-spectekhniki/arenda-dorozhno-stroitelnoy-tehniki/arenda-avtokranov/\">Аренда автокранов</a></li>\r\n                                                                                    </ul>\r\n                                    </div>\r\n                                        </div>\r\n                                                                                                            <div class=\"col-3\">\r\n                                    <div>\r\n                                        <a href=\"/arenda-spectekhniki/arenda-vilochnyh-pogruzchikov/\">\r\n                                                                                            <i class=\"flaticon-forklift\"></i>\r\n                                            \r\n                                            Аренда вилочных погрузчиков</a>\r\n                                        \r\n                                        <ul>\r\n                                                                                            <li><a href=\"/arenda-spectekhniki//\">Аренда дизельных погрузчиков</a></li>\r\n                                                                                            <li><a href=\"/arenda-spectekhniki/arenda-vilochnyh-pogruzchikov/arenda-elektricheskih-pogruzchikov/\">Аренда электрических погрузчиков</a></li>\r\n                                                                                            <li><a href=\"/arenda-spectekhniki/arenda-vilochnyh-pogruzchikov/arenda-benzinovyh-pogruzchikov/\">Аренда бензиновых погрузчиков</a></li>\r\n                                                                                    </ul>\r\n                                    </div>\r\n                                        </div>\r\n                                                                                                </div>\r\n                        </div>\r\n                    </div>\r\n                </div>\r\n            </div>\r\n                <!--    -->\";i:1;N;}i:1;N;}'),(45652900,1606228969,'a:2:{i:0;a:2:{i:0;s:1213:\"<section style=\"margin-top: 80px\">\r\n    <div class=\"container-fluid main-page-video-block-bg\" >\r\n        <div class=\"container\">\r\n            <div class=\"row \">\r\n                <div class=\"col-12 text-center section-header\">\r\n                    <h2 class=\"white\">Видеоматериалы</h2>\r\n                    <a class=\"white main-page-video-block-link\" href=\"/media-press/video/\">Перейти в раздел</a>\r\n                </div>\r\n                                    <div class=\"col-xl-3 col-lg-3 col-md-6 col-sm-12 col-12 main-page-video-container\">\r\n                        <a data-fancybox href=\"https://www.youtube.com/watch?v=YETxa_WHuto\">\r\n                            <img class=\"img-fluid\" src=\"/uploads/images/video/vid_CDM6060.jpg\" alt=\"Экскаватор Lonking CDM6060\"/>\r\n                        </a>\r\n                        <h4>Экскаватор Lonking CDM6060</h4>\r\n                        <div class=\"main-page-video-container-description\">\r\n                            <p>Обзор экскаватора Lonking CDM6060</p>\r\n                        </div>\r\n\r\n                    </div>\r\n                            </div>\r\n        </div>\r\n    </div>\r\n</section>\r\n    \";i:1;N;}i:1;N;}'),(2147483647,1606221809,'a:2:{i:0;a:1:{i:0;b:0;}i:1;N;}');

--
-- Table structure for table `callback`
--

CREATE TABLE `callback` (
  `id` int(11) NOT NULL AUTO_INCREMENT,
  `url` varchar(255) DEFAULT NULL,
  `product` varchar(255) DEFAULT NULL,
  `company` varchar(255) DEFAULT NULL,
  `phone` varchar(255) DEFAULT NULL,
  `leasing` varchar(255) DEFAULT NULL,
  `attachment` varchar(255) DEFAULT NULL,
  `type` varchar(255) DEFAULT NULL,
  `time` varchar(255) DEFAULT NULL,
  `ip` varchar(255) DEFAULT NULL,
  `ua` varchar(255) DEFAULT NULL,
  `roistat` varchar(255) DEFAULT NULL,
  `utm_source` varchar(255) DEFAULT NULL,
  `utm_medium` varchar(255) DEFAULT NULL,
  `utm_campaign` varchar(255) DEFAULT NULL,
  `utm_content` varchar(255) DEFAULT NULL,
  `utm_term` varchar(255) DEFAULT NULL,
  `name` varchar(255) DEFAULT NULL,
  `vacancy` varchar(255) DEFAULT NULL,
  `city` varchar(255) DEFAULT NULL,
  `comment` text,
  `email` varchar(255) DEFAULT NULL,
  `s_uid` varchar(255) DEFAULT NULL,
  `inn` varchar(255) DEFAULT NULL,
  PRIMARY KEY (`id`)
) ENGINE=InnoDB AUTO_INCREMENT=13 DEFAULT CHARSET=utf8;

--
-- Dumping data for table `callback`
--


--
-- Table structure for table `cat_tags`
--

CREATE TABLE `cat_tags` (
  `tag_id` int(11) NOT NULL,
  `cat_id` int(11) NOT NULL,
  KEY `fk-cat_tags-tags` (`tag_id`),
  KEY `fk-cat_tags-product` (`cat_id`),
  CONSTRAINT `fk-cat_tags-product` FOREIGN KEY (`cat_id`) REFERENCES `category` (`id`) ON DELETE CASCADE,
  CONSTRAINT `fk-cat_tags-tags` FOREIGN KEY (`tag_id`) REFERENCES `tags` (`id`) ON DELETE CASCADE
) ENGINE=InnoDB DEFAULT CHARSET=utf8mb4;

--
-- Dumping data for table `cat_tags`
--

INSERT INTO `cat_tags` VALUES (5,75),(6,75),(8,69),(9,77),(10,77),(7,69),(11,76),(12,76),(25,64),(35,64),(37,64),(38,64),(39,64),(40,64),(41,64),(42,64),(52,84),(53,84),(54,87),(55,87),(56,87),(43,64),(60,64),(61,64),(62,64),(63,64),(64,64),(65,64),(66,86),(67,86),(68,86),(69,102),(70,102),(71,98),(72,98),(73,98),(74,98),(75,98),(76,98),(77,98),(78,98),(79,98),(80,98),(81,98),(82,98),(83,98),(84,98),(85,98),(87,98),(88,98),(89,98),(90,98),(91,98),(92,98),(93,98),(94,98),(95,98),(96,98),(97,98),(98,98),(99,98),(100,98),(101,106),(102,106),(103,106),(45,67),(46,67),(47,67),(48,67),(49,67),(50,67),(51,67),(44,67),(104,74),(105,67),(106,67),(109,86),(108,84),(110,125),(111,87),(112,102),(113,103),(114,71),(116,124),(115,123),(107,98),(117,68),(118,68),(119,67),(120,67),(121,105),(122,71);

--
-- Table structure for table `category`
--

CREATE TABLE `category` (
  `id` int(11) NOT NULL AUTO_INCREMENT,
  `image` varchar(255) DEFAULT NULL,
  `gallery_id` int(11) DEFAULT NULL,
  `content` text,
  `main` tinyint(1) DEFAULT NULL,
  `title` varchar(60) NOT NULL,
  `active` tinyint(1) NOT NULL DEFAULT '1',
  `visible` tinyint(1) NOT NULL DEFAULT '1',
  `slug` varchar(255) DEFAULT NULL,
  `href` varchar(255) DEFAULT NULL,
  `created_at` int(11) DEFAULT NULL,
  `updated_at` int(11) DEFAULT NULL,
  `single` varchar(255) DEFAULT NULL,
  `order_menu` smallint(6) DEFAULT NULL,
  `category_icon` varchar(255) DEFAULT NULL,
  `order` smallint(6) DEFAULT NULL,
  `parent_id` int(11) DEFAULT NULL,
  `type` smallint(6) DEFAULT NULL,
  `meta_title` varchar(255) DEFAULT NULL,
  `meta_description` varchar(255) DEFAULT NULL,
  `manager_id` int(11) DEFAULT NULL,
  `path` varchar(255) DEFAULT NULL,
  `lvl` int(11) DEFAULT NULL,
  `custom_slug` tinyint(3) DEFAULT NULL,
  `filterEnabled` smallint(6) DEFAULT NULL,
  `url` varchar(255) DEFAULT NULL,
  `department_id` int(11) DEFAULT NULL,
  `form_template` varchar(255) DEFAULT NULL,
  `prods_type` tinyint(3) DEFAULT NULL,
  `layout` varchar(255) DEFAULT NULL,
  PRIMARY KEY (`id`),
  KEY `idx-category-parent_id` (`parent_id`),
  KEY `fk-manager-category` (`manager_id`),
  KEY `idx-category-gallery_id` (`gallery_id`),
  KEY `idx-category-main` (`main`),
  KEY `idx-category-active` (`active`),
  KEY `idx-category-slug` (`slug`(191)),
  KEY `idx-category-url` (`url`(191)),
  KEY `fk-category-department` (`department_id`),
  CONSTRAINT `fk-category-department` FOREIGN KEY (`department_id`) REFERENCES `department` (`id`) ON DELETE SET NULL,
  CONSTRAINT `fk-category-parent` FOREIGN KEY (`parent_id`) REFERENCES `category` (`id`) ON DELETE SET NULL,
  CONSTRAINT `fk-manager-category` FOREIGN KEY (`manager_id`) REFERENCES `manager` (`id`) ON DELETE CASCADE
) ENGINE=InnoDB AUTO_INCREMENT=129 DEFAULT CHARSET=utf8mb4;

--
-- Dumping data for table `category`
--

INSERT INTO `category` VALUES (63,'/uploads/images/categories/dst.jpg',NULL,'<p>Дорожно-строительная техника - разновидность спецтехники, которая используется для строительства и ремонта путепроводов. Компания «АВТОКАР» - официальный дилер производителей дорожной спецтехники Lonking и MST в России. Мы предлагаем большой выбор новых дорожно-строительных машин по ценам производителя. Спецтехника адаптирована к работе в условиях российского климата.</p>\r\n\r\n<h4>Требования к дорожно-строительной технике</h4>\r\n\r\n<p>Спецтехника, используемая в дорожном строительстве и планировке участков под застройку, должна соответствовать ГОСТ 12.2.011-2012. Стандарт предъявляет к машинам ряд требований, в том числе наличие конструктивных элементов:</p>\r\n\r\n<ol>\r\n	<li>Контрастная окраска, выделяющая спецтехнику на фоне окружающей среды.</li>\r\n	<li>Устройства блокировки, предупреждающие возникновение перегрузок.</li>\r\n	<li>Устройства безопасности, исключающие одновременное движение несовместимых механизмов.</li>\r\n	<li>Трубопроводы и кабели изолированы, надежно защищены кожухами.</li>\r\n	<li>Противовесы, исключающие опрокидывание, падение.</li>\r\n	<li>ДВС с нормативными показателями выбросов отработанных газов.</li>\r\n	<li>Системы, исключающие несанкционированный запуск ДВС при включенной передаче.</li>\r\n	<li>Устройства для экстренной остановки машины при аварийной ситуации.</li>\r\n	<li>Системы смазки ДВС, охлаждения, питания топливом, исключающие протекание технических жидкостей.</li>\r\n	<li>Выпускная система с гашением искр перед выходом отработанных газов.</li>\r\n	<li>Органы управления спецтехникой, расположенные в зоне комфорта.</li>\r\n</ol>\r\n\r\n<p>Наша компания занимается продажей дорожной техники, соответствующей ГОСТ. Техника поставляется полностью готовой к работе с пакетом сопроводительной документации, необходимой для постановки на учет.</p>\r\n\r\n<h4>Виды и назначение дорожной техники</h4>\r\n\r\n<p>У нас можно купить спецтехнику <strong>Lonking</strong>, <strong>MST</strong>, <strong>BEL-DOZER&nbsp;</strong>следующих видов:</p>\r\n\r\n<ol>\r\n	<li>Землеройная - экскаваторы, экскаваторы-погрузчики, фронтальные погрузчики. Используются для вскрытия земной поверхности и копания траншей, котлованов.</li>\r\n	<li>Планировочная - бульдозеры, грейдеры, катки. Применяются для подготовительных, планировочных работ, укладки, ремонта дорожного полотна</li>\r\n	<li>Грузовая - фронтальные и телескопические погрузчики, минипогрузчики, экскаваторы-погрузчики. Выполняют перевозку, разгрузку/погрузку сыпучих материалов.</li>\r\n</ol>\r\n\r\n<p>Машины, применяемые для строительства дорог, считаются универсальными и могут использоваться для выполнения широкого круга работ, заменяя узкоспециализированную технику.</p>\r\n\r\n<h4>Выбор и покупка</h4>\r\n\r\n<p>При выборе спецтехники нужно учитывать назначение, производительность, грузоподъемность, характеристики ДВС, навесное оборудование. Мы предлагаем различные комплектации дорожно-строительной техники в #city_pr# с оперативной доставкой в города России.</p>\r\n\r\n<h4>Достоинства покупки в нашей компании:</h4>\r\n\r\n<ul>\r\n	<li>большой выбор моделей и комплектаций;</li>\r\n	<li>помощь в подборе спецтехники;</li>\r\n	<li>документы и гарантии на технику;</li>\r\n	<li>приемлемая цена;</li>\r\n	<li>скидки, акции.</li>\r\n</ul>\r\n\r\n<p>Узнать подробнее о дорожно-строительных машинах, стоимости, доставке, условиях оплаты можно по телефону или эл.почте.</p>\r\n',0,'Дорожно-строительная техника',1,1,'dorozhno-stroitelnaya-tehnika','',1598942158,1623761116,'',1,'flaticon-excavator',0,NULL,0,'','',NULL,NULL,1,0,0,'/dorozhno-stroitelnaya-tehnika/',NULL,'',0,NULL),(64,'/uploads/images/categories/vil-pogruzchik.jpg',NULL,'<p>Вилочные погрузчики - спецтехника для поднятия, перемещения, разгрузки, погрузки, штабелирования грузов. Рабочий орган погрузчика - вилы может при необходимости заменяться другим навесным оборудованием, что значительно расширяет функции техники. Компания «АВТОКАР» предлагает вилочные погрузчики Lonking и Komatsu в #city_pr#. Продажа спецтехники выполняется с доставкой во все регионы России.</p>\r\n\r\n<h4>Сфера применения</h4>\r\n\r\n<p>Вилочные погрузчики эксплуатируются на открытых площадках, в карьерах, внутри помещений. Сфера применения спецтехники зависит от типа двигателя и грузоподъемности. Погрузчики используются для погрузочно-разгрузочных, такелажных, уборочных, строительных работ на объектах:</p>\r\n\r\n<ul>\r\n	<li>складские, торговые комплексы;</li>\r\n	<li>логистические центры, терминалы;</li>\r\n	<li>стройплощадки, открытые карьеры;</li>\r\n	<li>заводские цеха, ангары;</li>\r\n	<li>вокзалы, порты, аэропорты;</li>\r\n	<li>сельскохозяйственные, коммунальные предприятия.</li>\r\n</ul>\r\n\r\n<p>Вилочные погрузчики по типу двигателя</p>\r\n\r\n<p>Вилочные погрузчики оснащаются электрическим, газ-бензиновым или дизельным двигателем. У нас можно купить технику с любым типом двигателя.</p>\r\n\r\n<ol>\r\n	<li>\r\n	<p>Электрические вилочные погрузчики. Спецтехника, двигатель которой получает питание от тяговой АКБ. Электропогрузчики имеют грузоподъемность от 1.5 до 2 тонн и рассчитаны на 8 ч автономной работы. Техника с электродвигателем может использоваться в помещениях независимо от наличия вентиляции.</p>\r\n\r\n	<p>Достоинства:</p>\r\n\r\n	<ul>\r\n		<li>отсутствие выхлопных газов;</li>\r\n		<li>низкий уровень шума;</li>\r\n		<li>не требуют заправки топливом;</li>\r\n		<li>длительный ресурс моточасов;</li>\r\n		<li>большие промежутки между ТО;</li>\r\n		<li>низкая цена техобслуживания.</li>\r\n	</ul>\r\n	</li>\r\n	<li>\r\n	<p>Газ-бензиновые автопогрузчики. Универсальная, экономичная техника для работы на улице и в помещениях с принудительной вентиляцией. Грузоподъемность от 1.5 до 5 тонн позволяет использовать автопогрузчики для широкого спектра работ. Переключение газ/бензин выполняется нажатием одной кнопки из кабины оператора.</p>\r\n\r\n	<p>Достоинства:</p>\r\n\r\n	<ul>\r\n		<li>широкая сфера применения;</li>\r\n		<li>автономная работа до 24 ч в сутки;</li>\r\n		<li>экономный расход топлива;</li>\r\n		<li>простое ТО, ремонтопригодность;</li>\r\n		<li>большой выбор по грузоподъемности;</li>\r\n		<li>могут работать при минусовых температурах.</li>\r\n	</ul>\r\n	</li>\r\n	<li>\r\n	<p>Дизельные вилочные автопогрузчики. Мощная спецтехника грузоподъемностью от 1.5 до 8 тонн. Предназначена для работы на открытых площадках. Дизель-погрузчики адаптированы к условиям российского климата и хорошо заводятся при температуре до -15 С.</p>\r\n\r\n	<p>Достоинства:</p>\r\n\r\n	<ul>\r\n		<li>потребляют недорогое топливо;</li>\r\n		<li>оптимальное соотношение мощности и топливорасхода;</li>\r\n		<li>маневренные, быстрые;</li>\r\n		<li>пригодны для тяжелых условий эксплуатации;</li>\r\n		<li>неприхотливость в обслуживании;</li>\r\n		<li>стоимость покупки и владения.</li>\r\n	</ul>\r\n	</li>\r\n</ol>\r\n\r\n<p><strong>Как выбрать вилочный погрузчик?</strong></p>\r\n\r\n<p>При выборе нужно учитывать:</p>\r\n\r\n<ol>\r\n	<li>Условия эксплуатации: в помещении, на улице, смешанный тип.</li>\r\n	<li>Тип покрытия, по которому будет ездить техника.</li>\r\n	<li>Условия окружающей среды или характеристики помещения.</li>\r\n	<li>Наличие рамп, уклонов, препятствий.</li>\r\n	<li>Тип погрузочно-разгрузочных операций, характеристики груза.</li>\r\n	<li>Режим эксплуатации, уровень квалификации оператора.</li>\r\n	<li>Технические и технико-эксплуатационные характеристики.</li>\r\n</ol>\r\n\r\n<p>Наши консультанты знают все о вилочных погрузчиках Lonking и Komatsu. Специалисты помогут выбрать спецтехнику с учетом вашего бюджета, особенностей бизнес-процессов и пожеланий. Задать вопрос о вилочных электро- и автопогрузчиках можно по телефону.</p>\r\n',1,'Вилочные погрузчики',1,1,'vilochnye-pogruzchiki','',1598942178,1623919564,'',3,'flaticon-forklift',1,NULL,0,'','',NULL,NULL,1,0,0,'/vilochnye-pogruzchiki/',NULL,'',0,NULL),(66,'/uploads/images/categories/stelazh.jpg',NULL,'<p>Складские стеллажи - системы хранения грузов с учетом их габаритов и характеристик. Использование стеллажей позволяет рационально использовать складские площади и обеспечивает быстрый доступ персонала к хранимым материальным ценностям. Компания «АВТОКАР» предлагает стеллажи для склада, позволяющие распределить груз на нескольких уровнях от пола до потолка. В наличии стеллажные системы разных типов и размеров, продажа которых выполняется с доставкой в города России.</p>\r\n\r\n<h4>Виды стеллажей для склада</h4>\r\n\r\n<p>Конструкция стеллажей включает металлические стойки, горизонтальные и вертикальные балки, настилы (полки). У нас можно купить разные по конструкции стеллажные системы следующих видов:</p>\r\n\r\n<ol>\r\n	<li>Фронтальные. Системы для многоярусного хранения грузов на поддонах, полках, в сетках или контейнерах. Это самый недорогой способ организации хранения, широко используемый на арендованных складских площадях в #city_pr#. Фронтальные стеллажи отличаются прочностью, надежностью, простотой монтажа и демонтажа. Систему может достраиваться в высоту и в длину, а ее размеры ограничены только площадью складского помещения.</li>\r\n	<li>Набивные. Системы хранения, в которых предусмотрено перемещения складской техники и персонала внутри стеллажей. Элементы системы устанавливаются блоками с редкими межстеллажными проходами. Это позволяет использовать каждый квадратный метр склада для размещения грузов.</li>\r\n	<li>Консольные. Сборно-разборные конструкции для складирования крупногабаритных, тяжеловесных грузов, трубного проката, стройматериалов. Стеллаж собирается из отдельных консолей и набирается в одну линию, длина которой ограничивается размером склада.</li>\r\n	<li>Металлические. Универсальные конструкции, соединенные друг с другом в соответствии со схемой изготовителя или по индивидуально разработанному проекту. Металлические стеллажи могут применяться на не отапливаемых складах.</li>\r\n	<li>Среднегрузовые. Полочные конструкции для хранения грузов средних габаритов. Среднегрузовые стеллажные системы применяются не только на складах, но в торговых объектах, демонстрационных залах.</li>\r\n</ol>\r\n\r\n<p>Компания «АВТОКАР» предлагает большой выбор стеллажей для склада, а также шкафы для хранения одежды складского персонала. Мы предлагаем стеллажи, соответствующие СНиП 31-04-2001 и современным требованиям логистики.</p>\r\n\r\n<h4>Достоинства стеллажного хранения</h4>\r\n\r\n<p>Преимущества стеллажного хранения грузов на складах:</p>\r\n\r\n<ul>\r\n	<li>размещение товаров разной номенклатуры в одном помещении;</li>\r\n	<li>использование разных видов тары, в т.ч. паллеты, поддоны, бочки;</li>\r\n	<li>рациональное использование складских площадей;</li>\r\n	<li>доступность обработки и обслуживания грузов;</li>\r\n	<li>возможность использования специальной техники;</li>\r\n	<li>удобство проведения инвентаризации, упрощение складского учета;</li>\r\n	<li>безопасность персонала, сохранность товаров.</li>\r\n</ul>\r\n\r\n<p>Стоимость стеллажных систем хранения окупается в среднем через 2-12 месяцев в зависимости от грузооборота.</p>\r\n\r\n<h4>Выбор и покупка</h4>\r\n\r\n<p>При выборе стеллажей для склада нужно учитывать: площадь помещения, наличие отопления, количество ярусов, характеристики грузов, использование складской техники и ее виды, перспективы расширения и многое другое. Наши консультанты помогут с выбором системы хранения, быстро рассчитают цены, организуют доставку.</p>\r\n',0,'Стеллажи для склада',1,1,'stellazhi-dlya-sklada','',1598942249,1623843375,'',7,'flaticon-cargo',3,NULL,0,'','',NULL,NULL,1,0,0,'/stellazhi-dlya-sklada/',4,'',1,''),(67,'/uploads/images/categories/last/fr-pogruzchik.jpg',NULL,'<p>Фронтальный погрузчик - самоходная спецтехника с ковшом, используемая для захвата, погрузки, буксировки и транспортировки различных материалов, грузов. Компания «АВТОКАР» занимается продажей новых фронтальных погрузчиков <strong>Lonking</strong> в #city_pr#. Техника поставляется в другие города России. У нас можно выбрать погрузчик любой грузоподъемности, комплектации, а также дополнительное навесное оборудование.</p>\r\n\r\n<h4>Конструктивные особенности</h4>\r\n\r\n<p>Основным рабочим органом фронтальных автопогрузчиков является ковш, закрепленный на подъемной стрелы. Конструкция ковша позволяет спецтехнике набирать ковш с горизонтальной плоскости высотой до 3 метров. Для моделей <strong>Lonking</strong> предусмотрена возможность использования сменного оборудования: крановые крюки, вилы, бревнозахваты, снегоочистители, подметальные щетки и пр. Сменное навесное оборудование значительно расширяет функциональность техники и делает ее универсальной.</p>\r\n\r\n<p>Конструктивные особенности:</p>\r\n\r\n<ol>\r\n	<li>Экологичный, экономичный двигатель WEICHAI с турбонадувом.</li>\r\n	<li>Удлиненная стрела и ковш с высокой производительностью.</li>\r\n	<li>Безопасная кабина оператора ROPS FOPS с усиленной звукоизоляцией.</li>\r\n	<li>3-х элементный, двухтурбинный гидротрансформатор.</li>\r\n	<li>Коробка передач: 4 скорости вперед + 4 скорости назад.</li>\r\n	<li>Эрогономичный джойстик для управления рабочим органом.</li>\r\n	<li>Стояночный и аварийный пневматический тормоз.</li>\r\n	<li>Удлиненная колесная база, обеспечивающая повышенную устойчивость.</li>\r\n	<li>Автоматическая система выравнивания ковша.</li>\r\n</ol>\r\n\r\n<p>Представленные в каталоге фронтальные погрузчики адаптированы для работы в России при температуре от +50 до -40 С.</p>\r\n\r\n<h4>Сфера применения</h4>\r\n\r\n<p>Фронтальные погрузчики применяются в строительстве, коммунальном и сельском хозяйстве, промышленности для выполнения широкого спектра работ:</p>\r\n\r\n<ul>\r\n	<li>разгрузка/загрузка сыпучих материалов</li>\r\n	<li>прокладка труб, инженерных коммуникаций</li>\r\n	<li>уборка строительного мусора, снега</li>\r\n	<li>планировка местности, разравнивание участков</li>\r\n	<li>транспортировка грузов</li>\r\n	<li>подъем грузов на высоту</li>\r\n</ul>\r\n\r\n<p>Фронтальные погрузчики благодаря невысокой стоимости и универсальности применяются на многих объектах в городе, сельской местности, в карьерах, шахтах. Модельный ряд автопогрузчиков с фронтальным ковшом включает более 20 моделей, позволяя подобрать технику для любых нужд.</p>\r\n\r\n<h4>Выбор и покупка фронтальных погрузчиков</h4>\r\n\r\n<p>При выборе фронтального автопогрузчика нужно учитывать:</p>\r\n\r\n<ul>\r\n	<li>грузоподъемность - от 1.5 до 6 тонн;</li>\r\n	<li>объем фронтального ковша - от 1 до 3.5 м3;</li>\r\n	<li>высоту подъема ковша - до 3 метров;</li>\r\n	<li>мощность двигателя - от 55 до 185 кВ;</li>\r\n	<li>эксплуатационную массу - от 5.5 до 22.5 тонн.</li>\r\n</ul>\r\n\r\n<p>У нас можно купить оригинальные погрузчики Lonking в разной комплектации. Компания «АВТОКАР» - официальный партнер концерна LONKING HOLDINGS LIMITED. Мы поставляем спецтехнику из Китая по ценам производителя и предоставляем расширенную гарантию, выгодные условия покупки.</p>\r\n',1,'Фронтальные погрузчики',1,1,'frontalnye-pogruzchiki','',1598942296,1623761116,'Фронтальный погрузчик',0,'',5,63,0,'','',NULL,'63',2,0,1,'/dorozhno-stroitelnaya-tehnika/frontalnye-pogruzchiki/',NULL,'',0,NULL),(68,'/uploads/images/categories/last/mini-pogruzchik.jpg',NULL,'<p>Минипогрузчик — вид строительно-дорожной техники, предназначенный для эксплуатации в условиях ограниченного пространства и выполнения широкого спектра производственных задач. Особенность данных спец.машин — сочетание компактности и отличной маневренности. На рынок поставляется широкий ассортимент моделей мини погрузчиков от различных производителей. Компания «Автокар» (г. #city#) предлагает к реализации компактную колесную технику китайского бренда Lonking. Любая модель данной спецтехники отличается сочетанием высокой производительности, надежности и функциональности.</p>\r\n\r\n<p>Эталонный вариант легких колесных погрузчиков</p>\r\n\r\n<p>Разработчики Lonking при проектировании спецтехники, ориентируются на создание машин, которые могут быть задействованы при различных производственных операциях (за счет системы смены навесного оборудования SSL).</p>\r\n\r\n<p>Основные технические характеристики:</p>\r\n\r\n<ul>\r\n	<li>джойстиковая система управления (механический сервопривод);</li>\r\n	<li>номинальная грузоподъемность от 800 до 1320 кг;</li>\r\n	<li>скорость передвижения с грузом до 13 км/ч;</li>\r\n	<li>высота разгрузки до 3060 метров;</li>\r\n	<li>температурный режим эксплуатации о+50 до -50 градусов;</li>\r\n	<li>размер шин —10-16.5 12-16.5;</li>\r\n	<li>объем ковша — 0.43- 0.5м3;</li>\r\n	<li>объем топливного бака 83-91 л.;</li>\r\n	<li>радиус поворот по передним шинам 1200 мм;</li>\r\n	<li>4-х цилиндровые дизельные двигатели марки KUBOTA.</li>\r\n</ul>\r\n\r\n<p>Отличительные особенности минипогрузчиков бренда <strong>Lonking</strong>:</p>\r\n\r\n<ul>\r\n	<li>универсальность;</li>\r\n	<li>оборудование теплоизоляцией кабин;</li>\r\n	<li>оцинкованная рамная конструкция;</li>\r\n	<li>автоматизированная система выравнивания ковша;</li>\r\n	<li>безопасность и простота эксплуатации;</li>\r\n	<li>комфортабельность;</li>\r\n	<li>просторная кабина с оптимальным углом обзора;</li>\r\n	<li>полное соответствие всем международным стандартам безопасности.</li>\r\n</ul>\r\n\r\n<p>По всем техническим и эксплуатационным характеристикам мини погрузчики Lonking являются достойными конкурентами европейским и американским аналогам.</p>\r\n\r\n<p>Торговое предложение от «Автокар»</p>\r\n\r\n<p>Наша компания предлагает купить модели CDM 307, CDM 308 и CDM 312 от Lonking в оригинальном исполнении. Являемся официальным дистрибьютором данного китайского производителя спец.техники. Стоимость машины зависит от комплектации.</p>\r\n',1,'Мини погрузчики',1,1,'minipogruzchiki','',1598942328,1623067663,'Мини погрузчик',0,'',6,63,0,'','',NULL,'63',2,1,1,'/dorozhno-stroitelnaya-tehnika/minipogruzchiki/',NULL,'',0,NULL),(69,'/uploads/images/categories/last/exkavator.jpg',NULL,'<p>Полноповоротные экскаваторы на гусеничном ходу широко применяются при выполнении землеройных работ. Глубокие траншеи, объемные котлованы трудно выкопать колесной спецтехникой, когда местность заболочена. А вот экскаваторы марок Lonking и MST, реализуемые в #city_pr# компанией «Автокар», легко справятся с такими задачами в любое время года.</p>\r\n\r\n<h4>Чем интересны экскаваторы марок Lonking и MST</h4>\r\n\r\n<p>Компаниям, желающим купить строительную спецтехнику, следует присмотреться к землеройным машинам, китайского и турецкого производства. Гусеничные экскаваторы Lonking и MST:</p>\r\n\r\n<ul>\r\n	<li>имеют низкую стоимость;</li>\r\n	<li>обладают отличной проходимостью по рыхлым, сыпучим грунтам и заболоченной местности;</li>\r\n	<li>способны легко маневрировать среди капитальных строений;</li>\r\n	<li>надежны, производительны;</li>\r\n	<li>снабжены понятными удобными органами управления, защитой от опрокидывания;</li>\r\n	<li>выглядят эстетично, как снаружи, так и в кабине экскаваторщика.</li>\r\n</ul>\r\n\r\n<p>Землеройную технику, представленную на продажу в #city_pr#, можно подразделить на четыре вида.</p>\r\n\r\n<h4>Компактные миниэкскаваторы</h4>\r\n\r\n<p>Модели экскаваторов CDM 6065, CDM 6085 с рабочим ковшом, объемом 0,25...0,35 м3. Не оказывают значительного давления на грунт, работают в ограниченном пространстве. Легко перевозятся, с одной стройплощадки на другую, обычными автоэвакуаторами. Очень часто услугами этих экскаваторов пользуются владельцы дачных участков.</p>\r\n\r\n<h4>Спецтехника для коммунальщиков</h4>\r\n\r\n<p>Землеройная техника CDM 6150 c ковшом, вмещающим 0,56 м3 разрабатываемого грунта, пригодится коммунальным службам. Малогабаритный, но производительный экскаватор поможет ремонтникам добраться до поврежденного трубопровода. Для его оперативной доставки к месту аварии не нужен согласованный маршрут перевозки.</p>\r\n\r\n<h4>Землеройные машины для средних грунтов</h4>\r\n\r\n<p>Экскаваторы моделей CDM 6225, CDM 6235 E предпочтительнее использовать на рыхлых грунтах. Усилия копания, не превышающего 130 кН, недостаточно для разработки каменистого грунта. Но вместительный ковш, объемом 1,1...1,16 м3 быстро выроет котлован, нужных размеров, в суглинке.</p>\r\n\r\n<h4>Экскаваторы для плотных грунтов</h4>\r\n\r\n<p>Если потребуется копать траншеи в плотных грунтах, лучше выбирать мощные машины:</p>\r\n\r\n<ul>\r\n	<li>CDM 6240;</li>\r\n	<li>CDM 6365 (все модификации);</li>\r\n	<li>CDM 6485H;</li>\r\n	<li>M 220LC;</li>\r\n	<li>M 300LC;</li>\r\n</ul>\r\n\r\n<p>Неприхотливые к погодным условиям экскаваторы выкопают канаву даже в промерзшем грунте.</p>\r\n\r\n<h4>Преимущества покупки экскаваторов в компании «Автокар»</h4>\r\n\r\n<p>ООО «Автокар» — сертифицированный дилер заводов, выпускающих строительную технику марок MST и Lonking. Клиенты компании, решившие купить экскаваторы в Москве по конкурентным ценам, могут рассчитывать на:</p>\r\n\r\n<ul>\r\n	<li>грамотную предпродажную консультацию, проведенную опытным специалистом;</li>\r\n	<li>последующее сервисное обслуживание строительной техники;</li>\r\n	<li>оперативное устранение гарантийных поломок;</li>\r\n	<li>постоянное наличие необходимых запчастей и комплектующих;</li>\r\n	<li>приобретение экскаваторов по программе TRADE-IN.</li>\r\n</ul>\r\n\r\n<p>Если требуется надежный гусеничный экскаватор, обладающий невысокой стоимостью — обращайтесь в компанию «Автокар». Не стоит искать других продавцов, экономьте свое время и денежные средства. Недорогие машины, для землеройных работ любой сложности, всегда имеются в каталоге официального дистрибьютора.</p>\r\n',1,'Экскаваторы',1,1,'ekskavatory','',1598942376,1623067666,'Экскаватор',0,'',7,63,0,'','',NULL,'63',2,0,1,'/dorozhno-stroitelnaya-tehnika/ekskavatory/',NULL,'',0,NULL),(70,'/uploads/images/categories/last/katok.jpg',NULL,'<p>Компания «Lonking Holdings Limited» производит дорожно-строительную технику с 1993 г. Дорожные катки этого бренда популярны во всем мире благодаря удобной системе управления и стильному дизайну. Преимущество спецтехники Lonking - доступная цена комфортные условия работы и практичная комплектация. Свободный доступ к агрегатам и узлам &nbsp;облегчает техосмотр и ремонт.</p>\r\n\r\n<h4>Особенности катка Lonking</h4>\r\n\r\n<p>Спецтехника этого производителя востребована в разных странах мира. Китайский каток Lonking, который можно купить недорого, выгодно отличается от европейских аналогов терпимостью к холоду. Эта характеристика имеет важное значение при работе специализированной техники в странах с суровыми погодными условиями. Поэтому катки Lonking востребованы в #city_pr# и других городах России.<br />\r\nДвигатель дорожного катка бренда LonKing можно легко запустить при температуре воздуха -20оС. В условиях низких температур водитель должен устанавливать предпусковой подогреватель двигателя. Дорожный каток LonKing может быть укомплектован некоторыми дополнительными опциями. Это может быть 3-х зубовый рыхлитель, кулачковый бандаж и т. д.</p>\r\n\r\n<h4>Функционал и преимущество катков Lonking</h4>\r\n\r\n<p>Катки марки Lonking совмещают доступную стоимость и отличные характеристики. Это плавный ход спецтехники и высокая производительность. Стоит также отметить отличное качество уплотнения грунта любого типа при любой скорости.<br />\r\nДорожные катки Lonking оснащены мощными 6-ти цилиндровыми двигателями. Они работают на дизельном топливе и запускаются при низких температурах. Двигатели произведены по лицензии популярного концерна Cummins.<br />\r\nКатку Lonking не мешают неровности на поверхности грунта. Спецтранспорт может свободно поворачиваться во время работы. Это возможно благодаря размещению полурамы на специальных шарнирных соединениях.<br />\r\nОсновное преимущество спецтехники этого бренда — инновационная гидравлическая система Rexroth. Производитель оборудовал каток гидравлической одновальцовой системой вибрации. Спецтехника также оснащена системой виброгашения.<br />\r\nКитайский дорожный каток Лонкинг отличается просторной водительской кабиной ROPS/FOPS. Она удобная, с повышенным уровнем обзора. Оператор имеет отличный обзор и доступ к элементам управления. Опирается кабина водителя на специальные резиновые подушки. Они позволяют уменьшить шумы и вибрацию.<br />\r\nОсобенности вибрационной системы<br />\r\nДорожная спецтехника этого типа оснащена гидравлической вибрационной системой Rexroth. Она обладает следующими преимуществами:</p>\r\n\r\n<ul>\r\n	<li>- усиливает эффект уплотнения материалов, в том числе крупнообломочных;</li>\r\n	<li>- второе уменьшает количество проходов спецтехники по одному следу;</li>\r\n	<li>- увеличивает толщину грунта до 1,5 м;</li>\r\n	<li>- значительно увеличивает производительность;</li>\r\n	<li>- выполняет свои функции, не влияя на степень комфорта эксплуатации.</li>\r\n</ul>\r\n\r\n<p>Вибрационная система имеет 2 режима, которые водитель выбирает в зависимости от плотности грунта. Это позволяет увеличить степень уплотнения без увеличения веса транспортного средства. Производители дорожных катков Lonking решили проблему высокой вибрации. Для этого спецтехнику оснастили системой гашения вибрации при помощи подушек кабины и колес.</p>\r\n',1,'Катки',1,1,'katki','',1598942409,1623749648,'Каток',0,'',8,63,0,'','',NULL,'63',2,0,1,'/dorozhno-stroitelnaya-tehnika/katki/',NULL,'',0,NULL),(71,'/uploads/images/categories/last/buldozer.jpg',NULL,'<p>Бульдозер - самоходная тракторная техника с навесным оборудованием, активно используется при проведении ландшафтных, землеройных и строительных работ. Компания «Автокар» предоставляет возможность купить бульдозеры в #city_pr# от таких известных производителей, как BEL-DOZER и Lonking. Стоимость покупки приятно удивит покупателя, нуждающегося в производительной, надежной и эффективной спецтехнике.</p>\r\n\r\n<h4>Как правильно выбрать</h4>\r\n\r\n<p>В автопарке компании «Автокар» предоставлены гусеничные бульдозеры разной производительности. Для правильного выбора необходимо заблаговременно определиться, для каких работ будет применяться приобретаемая спецтехника. Выбирая гусеничный бульдозер необходимо учитывать следующие факторы:</p>\r\n\r\n<ul>\r\n	<li>Масштаб выполняемых работ;</li>\r\n	<li>Тип грунта, на котором будет эксплуатироваться спецтехника;</li>\r\n	<li>Необходимый уровень мощности;</li>\r\n	<li>Общая сложность проводимых работ.</li>\r\n</ul>\r\n\r\n<p>В компании «Автокар» вы сможете купить гусеничный бульдозер, который способен справиться с задачи наиболее высокого уровня сложности.</p>\r\n\r\n<h4>Какие работы выполняет бульдозер</h4>\r\n\r\n<p>Карьерные работы, возведение дорог, строительные и земляные работы невозможны без использования бульдозера. Базой спецтехники является гусеничный трактор, укомплектованный разрыхлительным механизмом, гидроприводом и другим навесным оборудованием, позволяющим эффективно справляться с различным спектром задач:</p>\r\n\r\n<ul>\r\n	<li>Перемещать грунт любой плотности и объема;</li>\r\n	<li>Производить планировку строительной площадки;</li>\r\n	<li>Прорывать траншеи и расчищать снег;</li>\r\n	<li>Перемешивать сыпучие строительные материалы;</li>\r\n	<li>Возводить дороги временного назначения;</li>\r\n	<li>Разрывать каналы и засыпать ямы;</li>\r\n	<li>Очищать участки от камней и других тяжелых предметов;</li>\r\n	<li>Выкорчевывать деревья.</li>\r\n</ul>\r\n\r\n<h4>Выгодное предложение</h4>\r\n\r\n<p>Компания «Автокар» за время своей деятельности смогла зарекомендовать себя на местном рынке исключительно с положительной стороны, как надежный и проверенный поставщик спецтехники. Обширный автопарк дает возможность подобрать модель гусеничного бульдозера с необходимым параметром мощности для решения конкретных задач. Отличительной чертой компании «Автокар» является взаимовыгодная ценовая политика, стоимость покупки бульдозера положительно отразиться на статье расходов запланированного строительного бюджета.</p>\r\n\r\n<p>Гусеничный бульдозер от компании «Автокар» - это гарант производительности, эффективности и надежности.</p>\r\n',1,'Бульдозеры',1,1,'buldozery','',1598942431,1623067673,'',0,'',9,63,0,'','',NULL,'63',2,0,1,'/dorozhno-stroitelnaya-tehnika/buldozery/',NULL,'',0,NULL),(72,'/uploads/images/categories/last/greider.jpg',NULL,'<p>Планируете без переплаты купить китайский грейдер «<strong>Lonking</strong>»? Ищете выгодные предложения от компаний, занимающихся продажей спецтехники?</p>\r\n\r\n<p>Изучите возможности, условия сотрудничества от специализированной компании «Автокар». Мы поможем Вам в короткие сроки недорого приобрести в #city_pr# различную дорожно-строительную технику, в том числе по доступной стоимости купить автогрейдер «Lonking» одной из предложенных на сайте моделей.</p>\r\n\r\n<h4>Грейдеры Лонкинг: главное.</h4>\r\n\r\n<p>Многофункциональность, мощность, надежность, эффективность – все эти характеристики присущи автогрейдерам «Lonking», делают их востребованными в разных отраслях и областях деятельности. Начиная от земляных, ремонтно-строительных, сельскохозяйственных работ, заканчивая прокладкой дорожного полотна, обустройством обочин, откосов, расчисткой заснеженных участков дорог – это лишь часть функций, которые по силам грейдерам китайского бренда. Установив дополнительное оборудование (кирковщик, отвал бульдозера, рыхлитель и др.), можно еще больше расширить сферы применения данного вида техники.</p>\r\n\r\n<p>В зависимости от предназначения грейдеры подразделяются на легкие, средние и тяжелые.</p>\r\n\r\n<p>Каждая модель спецтехники помимо прочей комплектации имеет в своем составе:</p>\r\n\r\n<ul>\r\n	<li><strong>6-ти цилиндровый двигатель Cummins.</strong> Двигатель данного производителя отличается надежностью, экономичностью, позволяет добиваться высокой производительности техники, низкого уровня выбросов вредных веществ в атмосферу</li>\r\n	<li><strong>Немецкую систему гидравлики «ZF».</strong> Отличается повышенным рабочим ресурсом и достаточно высокой мощностью</li>\r\n	<li><strong>Тормоз «Rexroth»</strong> (2-х дисковый гидравлический).</li>\r\n	<li><strong>Встроенный самоблокирующийся дифференциал.</strong></li>\r\n	<li><strong>Удобную, с точки зрения эргономики, продуманную до мелочей кабину</strong>, предоставляющую оператору легкий и комфортный доступ ко всем элементам управления, отличный круговой обзор.</li>\r\n</ul>\r\n\r\n<p>Китайские грейдеры маневренны и мобильны, идеально вписываются в условия русского климата, отлично подходят для местностей, имеющих, как ярко-выраженные морозные зимы, так и летний зной.</p>\r\n\r\n<p><strong>Выгодное предложение от нашей организации</strong></p>\r\n\r\n<p>Компания «Автокар», принадлежа к числу официальных дистрибьюторов «Lonking» в России, имея более 20-летний опыт работы, занимается продажами, а также сдачей в аренду дорожно-строительной спецтехники в #city_pr#. В том числе, готова предложить Вам по ценам от производителя купить китайский грейдер желаемой модели, операционного веса, комплектации.</p>\r\n\r\n<p>Реализуемые нами автогрейдеры кроме стоимости отличаются следующими параметрами:</p>\r\n\r\n<ul>\r\n	<li>операционным весом;</li>\r\n	<li>номинальной мощностью;</li>\r\n	<li>тяговым усилием;</li>\r\n	<li>габаритами отвала.</li>\r\n</ul>\r\n\r\n<p>Сотрудничаем с юридическими и частными лицами, предлагаем гибкое ценообразование, доставку техники, как по #city_pr#, так и в любой регион России, длительную гарантию.</p>\r\n\r\n<p>Хотите приобрести грейдер «Lonking»? Свяжитесь с нами, оформите заказ! При наличии вопросов, адресуйте их нашим специалистам! Они помогут выбрать модель техники, посчитают стоимость заказа с учетом транспортировки грейдера, выставят коммерческое предложение.</p>\r\n\r\n<p>Мы уверены, что совершив у нас покупку, Вы останетесь довольны качеством автогрейдера, его ценой, профессионализмом наших специалистов, серьезным подходом к работе!</p>\r\n',1,'Грейдеры',1,1,'greydery','',1598942473,1623067678,'',0,'',10,63,0,'','',NULL,'63',2,0,1,'/dorozhno-stroitelnaya-tehnika/greydery/',NULL,'',0,NULL),(74,'/uploads/images/categories/last/exkavator-pogruzchik.jpg',NULL,'<p>Экскаваторы-погрузчики MST - универсальная дорожно-строительная спецтехника на колесной базе с рабочим ковшом объемом от 1.2 м3 и грузоподъемностью от 3.1 тонны. Компания «АВТОКАР» - официальный партнер машиностроительного концерна «Sanko Makina», выпускающего автопогрузчики-экскаваторы под брендом MST. Дорожно-строительная техника адаптирована к работе в условиях российского климата.</p>\r\n\r\n<h4>Конструктивные особенности</h4>\r\n\r\n<p>Экскаваторы-погрузчики, которые можно купить с гарантией производителя в нашей компании, обладают конструктивными особенностями:</p>\r\n\r\n<ol>\r\n	<li>Маневренный и вместительный ковш-отвал 4 в 1. Это основной рабочий орган спецтехники, установленный в передней части машины.</li>\r\n	<li>Экскаваторный ковш объемом от 0.2 м3. Челюстной ковш, работающий по принципу «обратная лопата».</li>\r\n	<li>Двигатель внутреннего сгорания PERKINS. Соответствуют экологическим требованиям РФ и ЕС.</li>\r\n	<li>Автоматическая КП Powershift. Трансмиссия с усиленными мостами Carraro (Италия).</li>\r\n	<li>Функциональное управление. В зависимости от модели управление выполняется рычагом или джойстиком.</li>\r\n	<li>Комфортабельная кабина оператора. В кабине установлен кондиционер, система отопления и медиа.</li>\r\n	<li>Система Ride Control. Мягкая подвеска, подстраивающая под тип дорожного покрытия.</li>\r\n</ol>\r\n\r\n<h4>Функции дорожно-строительной техники</h4>\r\n\r\n<p>Многофункциональные экскаваторы-погрузчики используются на стройплощадках для выполнения следующих работ:</p>\r\n\r\n<ul>\r\n	<li>копание траншей, котлованов при помощи заднего экскаваторного ковша;</li>\r\n	<li>разгрузка и перенос сыпучих, штучных стройматериалов за счет переднего ковша-отвала;</li>\r\n	<li>профилирование насыпей, засыпка траншей передним ковшом;</li>\r\n	<li>снятие верхнего слоя грунта и выравнивание поверхностей при помощи отвала;</li>\r\n	<li>уборка снега, строительного мусора;</li>\r\n	<li>демонтажные работы по сносу стен, зданий и сооружений.</li>\r\n</ul>\r\n\r\n<p>Погрузчик может оснащаться дополнительным навесным оборудованием: гидромолот, подметальная щетка, шнеки для бурения, откидные вилы, захват для бревен, гидроножницы и пр.</p>\r\n\r\n<p>Продажа экскаваторов-погрузчиков в #city_pr#</p>\r\n\r\n<p>Компания «АВТОКАР» предлагает новую дорожно-строительную спецтехнику с доставкой в любой регион России. Наши конкурентные преимущества:</p>\r\n\r\n<ul>\r\n	<li>большой выбор модификаций по грузоподъемности;</li>\r\n	<li>разные комплектации и дополнительное оснащение;</li>\r\n	<li>гарантия от производителя «Sanko Makina»;</li>\r\n	<li>помощь в подборе дорожно-строительных машин;</li>\r\n	<li>приемлемые цены и скидки.</li>\r\n</ul>\r\n\r\n<p>Стоимость спецтехники зависит от технических характеристик, комплектации. Узнать подробнее о покупке, доставке, техобслуживании можно по телефону.</p>\r\n',1,'Экскаваторы-погрузчики',1,1,'ekskavatory-pogruzchiki','',1598942524,1623747062,'Экскаватор-погрузчик',0,'',11,63,0,'','',NULL,'63',2,0,1,'/dorozhno-stroitelnaya-tehnika/ekskavatory-pogruzchiki/',NULL,'',0,NULL),(75,'/uploads/images/placeholder/placeholder.png',NULL,'<p><strong>Дизельные погрузчики</strong> - многофункциональная спецтехника, оснащенная двигателем внутреннего сгорания, который потребляет недорогое дизтопливо. Рабочий орган автопогрузчика - вилы при необходимости может заменяться другим навесным оборудованием. Компания «АВТОКАР» - официальный дилер дизельных погрузчиков Lonking (Китай) в #city_pr#. У нас можно купить новые автопогрузчики Komatsu (Япония) и технику б/у с доставкой в города России.</p>\r\n\r\n<p>Дизельные погрузчики используются преимущественно для работы на улице или в помещениях более 2000 м2, оборудованных системой приточно-вытяжной вентиляции. Машины сочетают высокую производительность, грузоподъемность с надежностью и экономичностью.</p>\r\n\r\n<h4>Конструктивные особенности:</h4>\r\n\r\n<p>1. Погрузчики оснащены дизельными ДВС производства Komatsu, YUCHAI, Xichai. Силовые агрегаты соответствуют экологическим нормам ЕАЭС и ЕС. Дизельный двигатель экономичен, потребляет на 30% меньше дизтоплива, чем бензиновый. ДВС на соляре обладает высоким КПД, отличными тяговыми способностями, увеличенным ресурсов моточасов.</p>\r\n\r\n<p>2. Рабочее оборудование вилы могут смещаться вправо/влево для удобного подъема груза. Система блокировки вил обеспечивает безопасность персонала. Функция действует автоматически, как только оператор покидает кабину.</p>\r\n\r\n<p>3. Кабина оператора с повышенным уровнем комфорта. Удобное эргономичное кресло, джойстиковое управление, рулевое колесо с усилителем обеспечивают легкое управление и возможность маневрирования. Наличие в кабине отопления, кондиционера, медиа повышает комфорт оператора в процессе продолжительной работы.</p>\r\n\r\n<p>4. Усиленный профиль из стали, запатентованная система антиопракидывания и комплект пневмашин обеспечивает устойчивость спецтехники при подъеме на рампах и при движении на неровных поверхностях.</p>\r\n\r\n<p>5. Гидромеханическая коробка TORQFLOW с переключением в ручном или автоматическом режиме. Коробка отличается высокими тяговыми характеристиками, отличной управляемостью, надежностью, ремонтопригодностью.</p>\r\n\r\n<h4>Достоинства и сфера применения</h4>\r\n\r\n<p>Достоинства спецтехники:</p>\r\n\r\n<ul>\r\n	<li>- надежные двигатели с большим эксплуатационным ресурсом;</li>\r\n	<li>- увеличенные интервалы между ТО;</li>\r\n	<li>- высокая производительность при низком расходе топлива;</li>\r\n	<li>- стабильная работа ДВС, в т.ч на малых оборотах;</li>\r\n	<li>- способность работать круглосуточно несколько смен подряд.</li>\r\n</ul>\r\n\r\n<p>Стоимость владения техники с дизель-двигателем на 30% меньше, чем у аналогичной машины с бензиновым мотором. Техника используется для перемещения грузов и выполнения такелажных, демонтажных, работ. Машины применяются на открытых складах, терминалах, на заводах и фабриках, в карьерах.</p>\r\n\r\n<h4>Как купить дизельный погрузчик?</h4>\r\n\r\n<p>Наша компания предлагает дизельные автопогрузчики Lonking и Komatsu грузоподъемностью от 1.5 до 10 тонн. При выборе автопогрузчика рекомендуется учитывать основные технические параметры: г/п, высоту подъема вил, тип трансмиссии, модель дизель-мотора. Продажа техники осуществляется в разной комплектации в зависимости от требований заказчика. Узнать цену, условия покупки, доставки, оплаты можно по телефону.</p>\r\n',0,'Дизельные вилочные погрузчики',1,1,'dizelnye-vilochnye-pogruzchiki','',1598942550,1623919564,'Дизельный вилочный погрузчик',0,'',12,64,0,'','',NULL,'64',2,0,1,'/vilochnye-pogruzchiki/dizelnye-vilochnye-pogruzchiki/',NULL,'',0,NULL),(76,'/uploads/images/placeholder/placeholder.png',NULL,'<p>Газ-бензиновые автопогрузчики - универсальная спецтехника, предназначенная для работы в помещениях с принудительной системой вентиляции и на улице при любой температуре воздуха. Сочетание двух видов топлива позволяет экономить на содержании техники и расширять ее функционал.</p>\r\n\r\n<h4>Эксплуатационные характеристики</h4>\r\n\r\n<p>Газ-бензиновые погрузчики используются для работы в помещениях и на улице. Техника востребована для выполнения погрузочно-разгрузочных, такелажных операций на складах, в логистических центрах, терминалах, аэропортах, на промышленных предприятиях. За счет возможности использования сменного навесного оборудования можно расширить функционал автопогрузчиков и применять их в коммунальном хозяйстве, дорожном и гражданском строительстве в #city_pr#.</p>\r\n\r\n<p>Переключение режима работы двигателя с бензина на газ выполняется из кабины оператора без дополнительных манипуляций, что позволяет быстро менять сферу эксплуатации.</p>\r\n\r\n<p>Основные эксплуатационные характеристики:</p>\r\n\r\n<ul>\r\n	<li>средний уровень шума - до 80 дБ;</li>\r\n	<li>продолжительный режим автономной работы;</li>\r\n	<li>экономия топлива за счет рационального переключения газ/бензин;</li>\r\n	<li>неприхотливы в эксплуатации;</li>\r\n	<li>низкая стоимость содержания и ТО;</li>\r\n	<li>большой выбор модификаций по тоннажу.</li>\r\n</ul>\r\n\r\n<h4>Конструктивные особенности</h4>\r\n\r\n<p>Газ-бензиновые автопогрузчики оснащены ДВС мощностью от 20 кВт (по SAE). На технику устанавливаются бензиновые двигатели NISSAN, PSI в зависимости от производителя и грузоподъемности.</p>\r\n\r\n<p>Конструктивные особенности:</p>\r\n\r\n<ol>\r\n	<li>Гидромеханическая МКП TORQFLOW с механическим включением заднего хода.</li>\r\n	<li>Двухсекционная мачта с расширенным обзором.</li>\r\n	<li>Система отслеживания присутствия оператора в кабине.</li>\r\n	<li>Каретка для вил с защитной решеткой.</li>\r\n	<li>Гидроусилитель рулевого управления.</li>\r\n	<li>Фиксирующий клапан наклона.</li>\r\n	<li>Интегральный рулевой механизм стабильного управления.</li>\r\n	<li>Двойной воздушный фильтр.</li>\r\n	<li>Высокопрочный цельносварной капот.</li>\r\n	<li>Газоотводная система с искрогасящим глушителем.</li>\r\n</ol>\r\n\r\n<p>Модельный ряд</p>\r\n\r\n<p>Компания «АВТОКАР» - официальный дистрибьютор Lonking в России. У нас можно купить газ-бензиновые погрузчики Lonking и Komatsu, оснащенные вилами и другим навесным оборудованием. Модельный ряд автопогрузчиков включает модели разной грузоподъемности: от 1.5 до 5 тонн с высотой разгрузки до 3 метров.</p>\r\n\r\n<p>Продажа газ-бензиновых погрузчиков выполняется в Москве с доставкой в любой регион России. Наши конкурентные преимущества:</p>\r\n\r\n<ul>\r\n	<li>оригинальная техника из КНР, Японии, Европы;</li>\r\n	<li>погрузчики адаптированы к российским условиям;</li>\r\n	<li>гарантия производителя в соответствии с законодательством;</li>\r\n	<li>большой выбор навесного оборудования и комплектаций;</li>\r\n	<li>доступная цена на спецтехнику.</li>\r\n</ul>\r\n\r\n<p>Задать вопрос о газ-бензиновых погрузчиках, рассчитать стоимость, узнать о доставке и способах оплаты можно по телефону или электронной почте.</p>\r\n',0,'Газ-Бензиновые вилочные погрузчики',1,1,'gaz-benzinovye-vilochnye-pogruzchiki','',1598942586,1623747612,'Газ-Бензиновый вилочный погрузчик',0,'',13,64,0,'','',NULL,'64',2,0,1,'/vilochnye-pogruzchiki/gaz-benzinovye-vilochnye-pogruzchiki/',NULL,'',0,NULL),(77,'/uploads/images/placeholder/placeholder.png',NULL,'<p>Для транспортировки и поднятия на определенную высоту крупногабаритной продукции, находящейся в складских помещениях, используются вилочные погрузчики. Электрические модели постепенно вытесняют своих дизельных (бензиновых) конкурентов из-за отсутствия выхлопных газов. Выгодное с экономической точки зрения использование складской техники на электродвигателях позволило сократить средства на ее эксплуатацию и обслуживание. Техника может работать как на отрытой местности, так и в помещении.</p>\r\n\r\n<h4>Особенности вилочных погрузчиков электрического типа</h4>\r\n\r\n<p>Электрический вилочный погрузчик представляет собой компактный тип складской техники, предназначенный для выполнения местных погрузочно-разгрузочных работ, транспортировки и складирования различных грузов. Стоимость оборудования зависит от используемых в производстве компонентов и наличия дополнительного оборудования. Большинство моделей выпускается в комплекте со специальными приспособлениями для крепления дополнительных навесных инструментов, что значительно расширяет функциональность погрузчика.</p>\r\n\r\n<p>Дополнительное навесное оборудование, которое можно установить на стандартную модель погрузчика:</p>\r\n\r\n<ul>\r\n	<li>Электромагниты для транспортировки, погрузки и разгрузки стали и металлических заготовок.</li>\r\n	<li>Захват для рулонов, необходимый для надежного крепления рулонного материала.</li>\r\n	<li>Ковши для сыпучих материалов.</li>\r\n	<li>Уборочные комплекты для уборки небольших территорий.</li>\r\n	<li>Вилы, которые применяются в аграрных комплексах.</li>\r\n</ul>\r\n\r\n<p>При выборе навесного приспособления необходимо учитывать совместимость с конкретной моделью погрузчика. Продажа основной и дополнительной техники осуществляется в соответствии с совместимостью, указанной в технической документации.</p>\r\n\r\n<h4>Преимущества использования вилочных погрузчиков с электроприводом</h4>\r\n\r\n<p>Вилочные погрузчики с электроприводом питаются от специальных тягловых аккумуляторов, которые дают заряд на длительное время. Одного заряда хватает на 7-8 часов работы без технологических простоев. Подобная техника успешно используется на открытых и закрытых складах, в торговых центрах, морских портах и аэропортах, а также там, где необходимо перевозить груз с одного места на другое, или поднимать его на высоту.</p>\r\n\r\n<p>Основные преимущества электрических погрузчиков:</p>\r\n\r\n<ul>\r\n	<li>Высокая маневренность колесной базы.</li>\r\n	<li>Пониженный уровень шума при работе.</li>\r\n	<li>Малая амортизация топливных элементов.</li>\r\n	<li>Экологичность.</li>\r\n	<li>Ремонтопригодность.</li>\r\n	<li>Возможность установки дополнительных приспособлений для расширения функциональности.</li>\r\n</ul>\r\n\r\n<p>Электрические вилочные погрузчики могут быть четырехколесными и трехколесными. У погрузчиков с грузоподъемностью до 1,5 тонн ведущими являются только задние колеса. Модели, которые предназначены для поднятия груза более 1,5 тонн, являются полноприводными. Четырехколесная база имеет более надежное сцепление с дорожным покрытием, поэтому такие модели используются для поднятия крупногабаритных грузов. Трехопорные модели в свою очередь являются более маневренными и энергоемкими.</p>\r\n\r\n<p>Купить электрический вилочный погрузчик по цене производителя можно в специализированной компании \"Автокар\", которая является официальным дистрибьютором Lonking, Komatsu, MST. В #city_pr# можно заказать в аренду разгрузочно-погрузочной техники по выгодной стоимости.</p>\r\n',0,'Электрические вилочные погрузчики',1,1,'elektricheskie-vilochnye-pogruzchiki','',1598942624,1623748036,'Электрический вилочный погрузчик',0,'',14,64,0,'','',NULL,'64',2,0,1,'/vilochnye-pogruzchiki/elektricheskie-vilochnye-pogruzchiki/',NULL,'',0,NULL),(78,'/uploads/images/categories/rvd.jpg',NULL,'',0,'Рукава высокого давления',1,1,'rukava-vysokogo-davleniya','',1598942687,1623068151,'',1,'flaticon-pipe',15,NULL,0,'','',NULL,NULL,1,0,0,'/rukava-vysokogo-davleniya/',NULL,'rvd',1,NULL),(79,'/uploads/images/categories/bu.jpg',NULL,'<p>Покупка складской техники бывшей в употреблении - достойная альтернатива покупке в кредит или аренде. Наша компания «АВТОКАР» предлагает вилочные погрузчики б/у в отличном состоянии. Спецтехника прошла предпродажное ТО и готова к эксплуатации на складах в #city_pr# и других регионов России.</p>\r\n\r\n<h4>Как выбрать вилочный погрузчик б/у</h4>\r\n\r\n<p>При выборе складской техники бывшей в употреблении нужно обращать внимание на основные параметры:</p>\r\n\r\n<ul>\r\n	<li>грузоподъемность и высота подъема груза;</li>\r\n	<li>пробег моточасов;</li>\r\n	<li>тип двигателя: электродвигатель или ДВС;</li>\r\n	<li>тип трансмиссии: механика или автомат;</li>\r\n	<li>количество секционных мачт: 2 или 3;</li>\r\n	<li>состояние вил и дополнительного навесного оборудования.</li>\r\n</ul>\r\n\r\n<p>Перед покупкой рекомендуется оценить условия эксплуатации спецтехники: улица или помещение, тип грузов, дальность перевозки, высоту стеллажей, габариты проемов, наличие рамп, подъемов и пр.</p>\r\n\r\n<p>Выбор б/у погрузчика с ДВС</p>\r\n\r\n<p>У нас можно купить вилочные погрузчики с двигателем внутреннего сгорания двух типов:</p>\r\n\r\n<ol>\r\n	<li>Дизельный. Износ дизельного ДВС происходит равномерно. Перед продажей двигатель проходит ТО, при необходимости заменяются жиклеры.</li>\r\n	<li>Газ-бензиновые. Продажа осуществляется после осмотра и тестирования бензинового двигателя и газобаллонного оборудования.</li>\r\n</ol>\r\n\r\n<p>Б/у складская техника также проходит техобслуживание узлов и проверяется:</p>\r\n\r\n<ul>\r\n	<li>наличие утечек масла и гидравлической жидкости;</li>\r\n	<li>уровень технических жидкостей;</li>\r\n	<li>наличие задиров на штоках цилиндров;</li>\r\n	<li>наличие потертостей на руле, педалях;</li>\r\n	<li>повреждения на мачте;</li>\r\n	<li>состояние и работоспособность вил;</li>\r\n	<li>уровень выхлопных газов;</li>\r\n	<li>состояние шин;</li>\r\n	<li>целостность шлангов;</li>\r\n	<li>присутствие люфтов на мачте;</li>\r\n	<li>исправность фильтров;</li>\r\n	<li>исправность тормозной системы.</li>\r\n</ul>\r\n\r\n<h4>Выбор б/у электропогрузчика</h4>\r\n\r\n<p>В конструкции двигателя электропогрузчиков отсутствует поршневая группа, поэтому силовой агрегат изнашивается медленно. При покупке б/у вилочного электропогрузчика нужно обращать внимание на состояние АКБ:</p>\r\n\r\n<ul>\r\n	<li>уровень и плотность электролита;</li>\r\n	<li>степень заряда батареи;</li>\r\n	<li>наличие внешних повреждений.</li>\r\n</ul>\r\n\r\n<p>Разряд батареи до 60% при нормальных показателях электролита - не проблема. Спецтехника прослужит от 1 до 5 лет и только потом потребуется замена АКБ.</p>\r\n\r\n<p>Покупка б/у вилочных погрузчиков</p>\r\n\r\n<p>Компания «АВТОКАР» предлагает б/у складскую спецтехнику в рабочем состоянии производства Lonking, Toyota, Yale, Komatsu грузоподъемностью от 1.5 тонн. Низкая цена - не единственное преимущество покупки б/у погрузчиков в нашей компании. Мы предлагаем:</p>\r\n\r\n<ul>\r\n	<li>исправную технику в отличном состоянии;</li>\r\n	<li>наличие сопроводительной документации;</li>\r\n	<li>удобные условия оплаты;</li>\r\n	<li>доставку спецтехники по всей России;</li>\r\n	<li>гарантия на б/у вилочные погрузчики.</li>\r\n</ul>\r\n\r\n<p>Стоимость б/у техники зависит от производителя, модели, технических характеристик, пробега. Подробнее узнать о приобретении спецтехники бывшей в употреблении можно по телефону.</p>\r\n',0,'Техника б/у',1,1,'tehnika-bu','',1598942721,1623070110,'',4,'flaticon-settings',4,NULL,0,'','',NULL,NULL,1,1,1,'/tehnika-bu/',NULL,'',0,NULL),(80,'/uploads/images/placeholder/placeholder.png',NULL,'<p>Дизельный б/у погрузчик — разновидность складских машин, обладающая рядом конструкционных особенностей. Отличия от аналогов — двигатель внутреннего сгорания, работающий на дизельном топливе. Основное назначение — погрузочно-разгрузочные работы (поднятие и перемещение грузов, складирование, разгрузка и погрузка ТМЦ) на улице или в помещении с большим метражом. К б/у погрузчикам относится техника с любым сроком эксплуатации.</p>\r\n\r\n<p>Лучший вариант, чтобы сэкономить при приобретении дорогой складской техники. При правильном выборе данная машина прослужит новому владельцу долгую и верную службу.</p>\r\n\r\n<h4>Вилочные погрузчики</h4>\r\n\r\n<p>Компания «Автокар» г. #city_pr# предлагает прибрести дизельные погрузчики б/у от известных брендов «Балканкар», Komatsu ,Toyota, Yale и др.</p>\r\n\r\n<p>Общие технические характеристики:</p>\r\n\r\n<ul>\r\n	<li>высота разгрузки — 3000-4500 мм;</li>\r\n	<li>грузоподъемность — до 3500 кг;</li>\r\n	<li>наработка — до 6200 м/ч;</li>\r\n	<li>вилочный «навес» с фиксированным или боковым перемещением;</li>\r\n	<li>мощные стартеры;</li>\r\n	<li>тип управления — положение сидя;</li>\r\n	<li>оснащение современными матчами(V, FV, FSV и т. д);</li>\r\n	<li>колеса бандажного или пневматического типа.</li>\r\n</ul>\r\n\r\n<p>Преимущества дизельных б/у погрузчиков:</p>\r\n\r\n<ul>\r\n	<li>100% производительность всех узлов и двигателя устройства;</li>\r\n	<li>возможность эксплуатации при неблагоприятных погодных условиях;</li>\r\n	<li>универсальность — возможность использовать одну складскую машину при различных складских операциях и для перевозки груза на территории пром.площадки;</li>\r\n	<li>привлекательная стоимость по сравнению с устройствами без наработки;</li>\r\n	<li>приличная мощность, обеспечивающая быстроту работы исполнительных механизмов.</li>\r\n</ul>\r\n\r\n<p>Торговое предложение от «Автокар»</p>\r\n\r\n<p>Погрузчики от Toyota — эталонные варианты складской техники, оснащаемые «родными» двигателями(2Z , 1DZ т и т.д). Особенность 02-7FD20 — высокое качество сборки.</p>\r\n\r\n<p>Komatsu FD30T-17 — погрузчик, разрабатываемый под круглосуточные условия работы, с отдыхом на плановое ТО и перерыв водителя (оператора). Обладает приличной скоростью передвижения с грузом (до 17.5км/ч).</p>\r\n\r\n<p>Вилочный погрузчик Балканкар модель ДВ1792 — мощная и компактная машина. Отличие — сочетание высокой производительности, выносливости и адаптации к суровым погодным условиям. Возможна установка дополнительных опций.</p>\r\n\r\n<p>Yale GDP15AK — модель погрузчика, оснащенная тормозной системой гидравлического типа, автоматической трансмиссией. Приличные габариты(3195x1070/1070x2060) и кабина, выполненная из специального сплава металлов, являются залогом длительной и безопасной эксплуатации.</p>\r\n\r\n<p>«Автокар» предлагает купить б/у погрузчики, которые прошли ряд проверок по техническому состоянию и соответствию нормативной документации. Компания является поставщиком складской техники всех известных производителей.</p>\r\n',0,'Дизельные б/у погрузчики',1,1,'dizelnye-bu-pogruzchiki','',1598942747,1623067700,'Дизельный вилочный погрузчик',0,'',16,79,0,'','',NULL,'79',2,1,1,'/tehnika-bu/dizelnye-bu-pogruzchiki/',NULL,'',0,NULL),(81,'/uploads/images/placeholder/placeholder.png',NULL,'<p>Подержанный электрический погрузчик не означает, что данная категория техники плохая. Наоборот, как показывает практика спрос на электрические погрузчики б/у все больше и больше возрастает. Продукция, проверенная временем сможет эффективно прослужить новым владельцам еще не один десяток лет.</p>\r\n\r\n<p>Покупка б/у электрического погрузчика имеет свои неоспоримые плюсы:</p>\r\n\r\n<ul>\r\n	<li>нет необходимости приобретать дорогостоящие узлы и детали;</li>\r\n	<li>полная комплексная диагностика и замена изношенных узлов и деталей;</li>\r\n	<li>настройка и регулировка двигателя;</li>\r\n	<li>замена всех жидкостей, расходных материалов, смазка узлов;</li>\r\n	<li>замена шин и полная комплексная покраска.</li>\r\n</ul>\r\n\r\n<p>Покупка погрузчиков б/у в #city_pr# — современный финансовый инструмент позволяющий купить по невысокой цене отличную грузоподъемную спецтехнику.</p>\r\n\r\n<h4>Преимущества сотрудничества с компанией Автокар:</h4>\r\n\r\n<ul>\r\n	<li>оперативное оформление заказа;</li>\r\n	<li>большой выбор спецтехники;</li>\r\n	<li>гарантированное качество техники;</li>\r\n	<li>наличие скидок для постоянных клиентов;</li>\r\n	<li>систематическое пополнение и наличие продукции на складе;</li>\r\n	<li>возможность купить электропогрузчик б/у в кредит или лизинг;</li>\r\n	<li>помощь профессионалов при выборе модели;</li>\r\n	<li>невысокая стоимость;</li>\r\n	<li>удобная форма отплаты;</li>\r\n	<li>высокий уровень сервисного обслуживания;</li>\r\n	<li>быстрая доставка по Москве и во все регионы России.</li>\r\n</ul>\r\n\r\n<h4>Как купить</h4>\r\n\r\n<p>Алгоритм покупки спецтехники прост и для этого клиенту необходимо:</p>\r\n\r\n<ul>\r\n	<li>подобрать требуемую модель;</li>\r\n	<li>на сайте интерне-магазина заполнить онлайн онлайн-заявку;</li>\r\n	<li>отправить заявку на обработку;</li>\r\n	<li>дождаться обратной связи с менеджером компании и уточнить все вопросы предстоящей сделки.</li>\r\n</ul>\r\n\r\n<p>Мы предлагаем надёжную спецтехнику, которая адаптирована под отечественного покупателя.</p>\r\n\r\n<p>В каталоге интернет-магазина даны техническая характеристика и фото продукции категории электропогрузчик б/у, цена которых выгодна и доступна юридическим и частным лицам.</p>\r\n\r\n<p>Профессиональный подход к каждому клиенту, высокий уровень подготовки нашего персонала, безупречное качество товара, доверие клиентов — это фундамент, который позволяет нам уже более двадцати лет продуктивно работать на рынке спецтехники.</p>\r\n',0,'Электрические погрузчики б/у',1,1,'elektricheskie-pogruzchiki-b-u','',1598942801,1623067713,'Электрический погрузчик',0,'',17,79,0,'','',NULL,'79',2,0,1,'/tehnika-bu/elektricheskie-pogruzchiki-b-u/',NULL,'',0,NULL),(82,'/uploads/images/placeholder/placeholder.png',NULL,'<p>Газ-бензиновые погрузчики бывшие в употреблении - оптимальный вариант для небольших складов, когда спецтехника задействована не более 4 часов. Компания «АВТОКАР» более 5 лет занимается продажей б/у погрузчиков с ДВС и газобаллонным оборудованием. В наличии автопогрузчики из Китая, Японии, России по доступным ценам.</p>\r\n\r\n<h4>Достоинства газ-бензиновых погрузчиков</h4>\r\n\r\n<p>Газ-бензиновые автопогрузчики- универсальная спецтехника, которая может использоваться как для работы на открытых площадках, так и внутри помещений. Быстрое переключение с одного вида топлива на другое обеспечивает высокую производительность при любых условиях работы.</p>\r\n\r\n<h4>Достоинства техники:</h4>\r\n\r\n<ul>\r\n	<li>большой выбор моделей по грузоподъемности;</li>\r\n	<li>высокий уровень экологичности;</li>\r\n	<li>переключение газ/бензин из кабины оператора;</li>\r\n	<li>возможность круглосуточной автономной работы;</li>\r\n	<li>экономичный расход топлива.</li>\r\n</ul>\r\n\r\n<h4>Как купить хороший газ-бензиновый б/у погрузчик</h4>\r\n\r\n<p>При условии правильной эксплуатации и регулярного ТО двигатель и газовое оборудование автопогрузчиков изнашиваются равномерно. Наша компания предлагает б/у газ-бензиновые погрузчики для склада в отличном состоянии. Мы гарантируем, что техника своевременно проходила техобслуживание, эксплуатировалась в соответствии с рекомендациями производителя.</p>\r\n\r\n<p>Б\\у погрузчики с газ-бензиновым двигателем проходят комплексную предпродажную подготовку, в ходе которой проверяются все системы и устраняются выявленные неполадки:</p>\r\n\r\n<ul>\r\n	<li>Контроль технических жидкостей с обязательной заменой.</li>\r\n	<li>Осмотр механических, гидравлических, электрических узлов.</li>\r\n	<li>Протяжка соединений, замена шлангов, зачистка контактов.</li>\r\n	<li>Контроль функциональности индикаторов, бортового компьютера.</li>\r\n	<li>Проверка систем безопасности и электропроводки.</li>\r\n	<li>Проверка рабочего оборудования: вилы, каретка.</li>\r\n	<li>Замена всех фильтров и проверка топливной системы.</li>\r\n	<li>Осмотр состояния кабины, медиа-устройств, управления.</li>\r\n	<li>Восстановление ЛКП кузова, накачка или замена колес.</li>\r\n</ul>\r\n\r\n<p>В результате наши покупатели получают недорогой погрузчик б/у полностью готовый к работе. Техника поставляется с пакетом сопроводительной документации: сертификаты, ПСМ, руководство по эксплуатации.</p>\r\n\r\n<p>При выборе б/у газ-бензинового погрузчика рекомендуется учитывать не только стоимость, но и специфику технологических операций. Наши консультанты помогут подобрать автопогрузчик бывший в употреблении, который подойдет по всем параметрам. Доставка спецтехники выполняется по #city_pr# и в другие города.</p>\r\n',0,'Газ-Бензиновые погрузчики б/у',1,1,'gaz-benzinovye-pogruzchiki-b-u','',1598942829,1623070110,'',0,'',18,79,0,'','',NULL,'79',2,0,1,'/tehnika-bu/gaz-benzinovye-pogruzchiki-b-u/',NULL,'',0,NULL),(83,'/uploads/images/categories/skladskaja.jpg',NULL,'<p>Для организации работы склада и ускорения выполнения складских операций используется специальная техника. Компания «АВТОКАР» - официальный партнер ведущих производителей складской техники из Китая и Европы. У нас можно купить спецтехнику и оборудование для оснащения склада любого назначения и площади.</p>\r\n\r\n<h4>Основные требования к складской технике</h4>\r\n\r\n<p>К современной спецтехнике для склада независимо от ее модификации предъявляют следующие требования:</p>\r\n\r\n<ul>\r\n	<li>защита оператора и персонала от внешнего воздействия;</li>\r\n	<li>наличие защитных механизмов, специальной цветовой раскраски;</li>\r\n	<li>наличие эффективных систем блокировки, предотвращающих самовольное движение;</li>\r\n	<li>простота управления, безопасность для персонала и грузов;</li>\r\n	<li>обеспечение высокой производительности при минимальных габаритах.</li>\r\n</ul>\r\n\r\n<p>Спецтехника для склада от нашей компании соответствует требованиям и адаптирована для работы в России.</p>\r\n\r\n<h4>Виды складской техники</h4>\r\n\r\n<p>Для выполнения складских операций используется разнообразная спецтехника и оборудование. Кроме фронтальных погрузчиков, которые выполняют до 50% операций, также используются:</p>\r\n\r\n<ol>\r\n	<li>Гидравлические тележки. Это устройства с ручным приводом и гидравлическим подъемом груза на высоту до 1.5 метров. Используются для перемещения грузов массой до 3 тонн внутри склада и его подъема не высоту первого яруса, для разгрузки/загрузки автомобилей, вагонов.</li>\r\n	<li>Штабелеры. Техника для перемещения грузов и подъема поддонов на высоту до 7.5 метров. Штабелеры оснащены вилами, позволяющими укладывать паллеты в системах многоярусного хранения. Техника отличается высокой производительностью, маневренностью, экономичностью.</li>\r\n	<li>Ричтраки. Высотные штабелеры для укладки грузов на высоте до 12 метров. Самоходные ричтраки используются для многоярусных стеллажей на складах с узкими проходами, где невозможен проезд фронтального погрузчика.</li>\r\n	<li>Электроштабелеры. Компактные штабелеры с АКБ способны автономно работать до 8 часов без перерыва. Электроштабелеры используются на складах с естественной системой вентиляции, в торговых залах, т.к. при их работе отсутствуют выхлопные газы.</li>\r\n	<li>Электротележки. Предназначены для транспортировки грузов в горизонтальной плоскости на небольшие расстояния. Применение электротележек многократно увеличивает скорость погрузочно-разгрузочных операций.</li>\r\n	<li>Подъемные столы. Оборудование с гидроприводом для перевозки, подъема и обработки грузов. Грузоподъемность столов составляет до 800 кг, что позволяет быстро заполнять нижние ярусы и подавать грузы к месту загрузки.</li>\r\n</ol>\r\n\r\n<p>Каталог включает более 200 моделей малой складской техники, предоставляя широкие возможности для выбора не только по функциональности, но и с учетом вашего бюджета.</p>\r\n\r\n<h4>Выбор складской спецтехники</h4>\r\n\r\n<p>Компания «АВТОКАР» более 10 лет занимается продажей оборудования для склада. У нас можно купить технику европейского и японского производства EuroPallet, UniCarriers по цене производителя. При выборе малой складской техники рекомендуется учитывать:</p>\r\n\r\n<ol>\r\n	<li>Характеристики склада:\r\n	<ul>\r\n		<li>тип: открытый, закрытый;</li>\r\n		<li>площадь и перспективу расширения;</li>\r\n		<li>наличие и тип вентиляционной системы;</li>\r\n		<li>высоту стеллажей и расстояние между рядами;</li>\r\n		<li>габариты дверных проемов;</li>\r\n		<li>наличие рамп, заездов, препятствий;</li>\r\n		<li>тип и качество напольного покрытия;</li>\r\n		<li>температурные условия;</li>\r\n		<li>квалификацию складского персонала.</li>\r\n	</ul>\r\n	</li>\r\n	<li>Характеристики груза:\r\n	<ul>\r\n		<li>габариты и вес грузов</li>\r\n		<li>разновидность поддонов;</li>\r\n		<li>класс опасности;</li>\r\n		<li>особенности упаковки, тары.</li>\r\n	</ul>\r\n	</li>\r\n</ol>\r\n\r\n<p>Наши консультанты помогут с выбором техники для склада, организуют доставку по #city_pr# и России, предложат особые условия оплаты. Мы нацелены на долгосрочное взаимовыгодное сотрудничество, поэтому предлагаем низкую стоимость спецтехники, скидки, длительную гарантию.</p>\r\n',0,'Складская техника',1,1,'skladskaya-tehnika','',1598942860,1623998136,'',5,'flaticon-trolley-cart',2,NULL,0,'','',NULL,NULL,1,0,1,'/skladskaya-tehnika/',2,'',1,NULL),(84,'/uploads/images/placeholder/placeholder.png',NULL,'<p>Желая недорого купить в #city_pr# гидравлические тележки, сделайте выбор в пользу компании «<strong>Автокар</strong>», специализирующейся на оптовых и розничных продажах спецтехники, складского оборудования. С нами Вы сможете в сжатые сроки на самых привлекательных условиях приобрести гидротележки Europallet разных моделей, грузоподъемности.</p>\r\n\r\n<p>Гидравлические тележки (рохли) Europallet: главное</p>\r\n\r\n<p><br />\r\nРохли китайского производства «EuroPallet» – востребованное в России складское оборудование, отличающееся качественной комплектацией, сборкой, длительным сроком эксплуатации.&nbsp;<br />\r\nТележки предназначены для транспортировки различных грузов (уложенных на европаллеты) максимальным весом не более 2,5 тонн. Обладают надежным гидравлическим узлом, усиленной конструкцией рамы, имеют усилители прочности на случай сверхнагрузок, во всех подвижных частях присутствуют пресс-маслёнки.<br />\r\nДля удобства работы, преодоления препятствий рохли снабжены большой, эргономической прорезиненной ручкой, достаточно длиной платформой, дополнительными роликами. Выпускаются в нескольких модификациях: ECO, STANDART, PREMIUM, предназначены для подъема груза на высоту 190 и 195 см.<br />\r\nСкладские тележки мобильны и маневренны, позволяют такелажникам легко, без посторонней помощи, загружать-выгружать грузы, быстро перевозить их на значительные расстояния, как внутри помещений, так и вне их.</p>\r\n\r\n<p><br />\r\nПредложение от нашего интернет-магазина</p>\r\n\r\n<p><br />\r\nТорговая компания «Автокар», имея многолетний опыт деятельности, отличную репутацию, солидный объем успешно выполненных заказов, в числе прочей спецтехники занимается продажами гидравлических тележек «EuroPallet».<br />\r\nНа протяжении многих лет является официальным дистрибьютором китайского производителя на территории России.<br />\r\nВ каталоге нашего магазина представлены несколько моделей тележек, которые помимо модели, стоимости отличаются рядом параметров:<br />\r\n- грузоподъемностью;<br />\r\n- высотой подъема грузов;<br />\r\n- длиной вил;<br />\r\n- типом гидроузла;<br />\r\n- размерами полиуритановых рулевого колеса и грузовых роликов;<br />\r\n- толщиной металла;<br />\r\n- собственной массой.<br />\r\nПринимаем заказы на рохли от юридических и физических лиц, предлагаем акции, гибкие цены, доставку техники, как в пределах Москвы, МО, так и в другие регионы РФ, длительную гарантию. Предоставляем возможность приобретения тележек в лизинг и кредит на выгодных условиях.<br />\r\nХотите без переплаты купить рохлю? Получить индивидуальное предложение, значительную скидку? Созвонитесь с компанией по телефону или оставьте заявку на сайте! Менеджер онлайн-магазина оперативно примет, обработает заказ и выйдет с Вами на связь для уточнения всех нюансов предстоящей сделки!<br />\r\n&nbsp;<br />\r\nПолучаемые преимущества<br />\r\nРазмещая у нас заказ, Вы можете претендовать на ряд преференций:<br />\r\n- бесплатное консультирование специалистов;<br />\r\n- помощь в подборе складского оборудования;<br />\r\n- оперативное выполнение заказов (всегда в наличие тележки на складе);<br />\r\n- выгодные акции;<br />\r\n- удобные способы расчета;<br />\r\n- быструю доставку по России;<br />\r\n- возможность оформить кредит, лизинг;<br />\r\n- доступные цены.<br />\r\nАвтокар гарантирует, сотрудничая с нашей командой, Вы будете удовлетворены качеством приобретенной спецтехники, ценой товара и широким сервисом компании!<br />\r\n&nbsp;</p>\r\n',0,'Гидравлические тележки',1,1,'gidravlicheskie-telezhki','',1598942881,1623998135,'Гидротележка',0,'',19,83,0,'','',NULL,'83',2,0,1,'/skladskaya-tehnika/gidravlicheskie-telezhki/',2,'',1,NULL),(86,'/uploads/images/placeholder/placeholder.png',NULL,'<p>Гидравлические штабелеры - разновидность малой складской техники для подъема, опускания груза и перемещения его на небольшие расстояния внутри склада. При относительно низкой цене оборудование обеспечивает значительный грузооборот. Компания «АВТОКАР» предлагает ручные штабелеры европейского производства EUROPALLET с доставкой по #city_pr# и в другие регионы.</p>\r\n\r\n<h4>Конструкция и принцип работы</h4>\r\n\r\n<p>Ручной штабелер состоит из конструктивных элементов:</p>\r\n\r\n<ol>\r\n	<li>Гидравлический привод. Рабочей жидкостью гидропривода служит вода, поступающая в цилиндры под давлением, которое создается ручкой накачивания. Гидроузел закрыт защитным кожухом из прочного пластика. Простая конструкция гидропривода обеспечивает высокую производительность, надежность, ремонтопригодность.</li>\r\n	<li>Вертикальная П-образная мачта. Изготовлена из высокопрочной нержавеющей стали, покрыта порошковой антикоррозийной краской. Снабжена двумя ручками для удобного перемещения. Рама обладает высокой прочностью, устойчивостью.</li>\r\n	<li>Подъемные вилы. Штампованные вилы соединены с мачтой при помощи сварки, оснащены роликом повышенной износостойкости. Усиленная конструкция не допускает сгибания концов вил даже в случае перегрузки.</li>\r\n	<li>Колесная система. Рулевые колеса изготовлены из полиуретана. Наличие подшипников, обеспечивающих вращение, придает штабелеру маневренность.</li>\r\n</ol>\r\n\r\n<p>Подъем груза осуществляется посредством накачивания педалью или ручкой. Перемещение устройства происходит за счет воздействия человека на ручки-проушины на мачте. Спуск груза или вил выполняется при нажатии на спусковой рычаг. Подъем/спуск грузов осуществляется плавно без рывков и вибрации за счет эффективной гидравлической системы.</p>\r\n\r\n<h4>Сфера применения и достоинства</h4>\r\n\r\n<p>Ручные штабелеры используются в торговых объектах, складах, на производстве, в мастерских. В больших складских комплексах оборудование является недорогим и эффективным дополнением к погрузчикам и электроштабелерам. Простое управление не требует наличия у персонала склада удостоверения и опыта работы. Работать с грузами, используя ручной штабелер, может любой работник склада. Устройство подходит только для движения по твердым ровным основаниям.</p>\r\n\r\n<p>Достоинства:</p>\r\n\r\n<ul>\r\n	<li>маневренность;</li>\r\n	<li>надежность конструкции;</li>\r\n	<li>высокая производительность;</li>\r\n	<li>простота управления;</li>\r\n	<li>минимальное техобслуживание;</li>\r\n	<li>низкая стоимость.</li>\r\n</ul>\r\n\r\n<p>Ручные штабелеры имеют компактные размеры, их легко доставлять к месту выполнения погрузочно-разгрузочных работ.</p>\r\n\r\n<h4>Как выбрать и купить штабелер</h4>\r\n\r\n<p>В каталоге модели EuroPallet серии AF с техническими параметрами:</p>\r\n\r\n<ul>\r\n	<li>грузоподъемность от 1 до 2 тонн;</li>\r\n	<li>высота подъема от 1.6 до 3 метров;</li>\r\n	<li>высота подхвата груза - любые паллеты;</li>\r\n	<li>клиренс - 24 мм;</li>\r\n	<li>длина вил - 690 мм;</li>\r\n	<li>вес устройства - 180-280 кг.</li>\r\n</ul>\r\n\r\n<p>Компания «АВТОКАР» - официальный дилер EUROPALLET в России. Продажа ручных штабелеров осуществляется с доставкой и гарантией производителя. Покупая технику у нас, вы получаете европейское качество по разумной цене.</p>\r\n',0,'Штабелеры',1,1,'shtabelery','',1598942926,1623997835,'Штабелер',0,'',20,83,0,'','',NULL,'83',2,0,1,'/skladskaya-tehnika/shtabelery/',2,'',1,NULL),(87,'/uploads/images/placeholder/placeholder.png',NULL,'<p>Ричтрак - разновидность малой складской техники, предназначенной для перемещения грузов на высоту до 14.5 метров. Использование спецтехники позволяет рационализировать работу склада и повысить грузооборот без дополнительных затрат. Компания «АВТОКАР» предлагает новые ричтраки UniCarriers (Япония) с доставкой по #city_pr# и России.</p>\r\n\r\n<h4>Конструктивные особенности</h4>\r\n\r\n<p>Ричтраки UniCarriers разработаны с учетом многолетнего опыта эксплуатации малой складской техники. Конструктивные особенности, которые делают японские ричтраки самой высокопроизводительной и эргономичной спецтехникой в своем классе:</p>\r\n\r\n<ol>\r\n	<li>Конструкция мачты по технологии «ProVision». Усиленная рама, защитные элементы крыши обеспечивают круговой обзор для безопасной работы и повышенной производительности.</li>\r\n	<li>Низкий уровень шума. Эффективная конструкция мачты и амортизация при движении, а также технология плавной остановки гарантирует минимальный уровень шума при подъеме/спуске грузов.</li>\r\n	<li>Долговечные колеса. Большой диаметр ведущего колеса (спереди) обеспечивает устойчивость. Два маленьких колеса позволяют технике маневрировать между стеллажами.</li>\r\n	<li>Управление движением при помощи педали. Движение ричтрака выполняется взад/вперед без участия рук оператора при помощи педали газа. Педали расположены по аналогии с автомобилем.</li>\r\n	<li>Система контроля наклона «МТС». Система контролирует угол наклона мачты и обеспечивает стабильность спецтехники при работе на наклонных поверхностях.</li>\r\n	<li>Динамическая система контроля поворотов. Система отвечает за безопасное маневрирование груженого ричтрака без участия оператора. Скорость движения техники при прохождении поворотов снижается автоматически.</li>\r\n	<li>Технология бортовой диагностики. Бортовой компьютер с шиной CAN быстро выполняет самодиагностику, что облегчает техобслуживание складской техники.</li>\r\n</ol>\r\n\r\n<h4>Удобство для оператора</h4>\r\n\r\n<p>Управлять ричтраком может персонал склада без наличия в/у. Техника оснащена современными системами, позволяющими оператору в полной мере выполнять свои функции:</p>\r\n\r\n<ol>\r\n	<li>Индивидуальные настройки рабочих параметров на бортовом компьютере в соответствии с опытом оператора и технологическими операциями, которые он выполняет.</li>\r\n	<li>Удобное сиденье с регулируемой спинкой для улучшения обзора при подъеме/опускании груза.</li>\r\n	<li>Просторная кабина с защитной крышей, не мешающей обзору.</li>\r\n	<li>Миниатюрный руль с усилителем с минимальной нагрузкой на руки (ричтраком может управлять даже женщина).</li>\r\n	<li>Эргономичный джойстик «Эрго Лоджик» с активацией 7 функций техники.</li>\r\n	<li>Регулируемая высота подножки для безопасного входа/выхода из кабины.</li>\r\n</ol>\r\n\r\n<h4>Модельный ряд</h4>\r\n\r\n<p>У нас можно купить современные ричтраки для склада следующих серий:</p>\r\n\r\n<ol>\r\n	<li>ULS. Компактная и экономичная техника с грузоподъемностью до 1.4 тонн. Предназначена для складов со средним по интенсивности грузооборотом.</li>\r\n	<li>UND. Модели с узким шасси для работы в набивных стеллажах и подъема грузов на высоту на складах с проходами менее 1.5 метров.</li>\r\n	<li>UMS. Универсальный ричтрак с грузоподъемностью до 2 тонн, способный развивать скорость до 14 км/ч. Подходит для больших складов с высоким уровнем грузооборота.</li>\r\n	<li>UHD. Ричтраки повышенной производительности г/п до 2.5 тонн с сверхпрочным шасси и рамой. Разработаны для работы в тяжелых условиях: на не отапливаемых складах, в холодильниках, набивных стеллажах.</li>\r\n	<li>UHX. Оборудование для подъема грузов на максимальную высоту до 14.5 метров на многоярусных складах. Отличаются повышенной устойчивостью мачты.</li>\r\n</ol>\r\n\r\n<p>Стоимость конкретной модели ричтрака зависит от комплектации. Наша компания занимается продажей спецтехники в стандартной и дополнительной комплектации. Узнать цену, обсудить условия покупки и доставки складкой техники можно по телефону.</p>\r\n',0,'Ричтраки',1,1,'richtraki','',1598942947,1623067767,'Ричтрак',0,'',21,83,0,'','',NULL,'83',2,0,1,'/skladskaya-tehnika/richtraki/',2,'',1,NULL),(91,'/uploads/images/categories/zp.jpg',NULL,'',0,'Запчасти для спецтехники',1,1,'zapchasti-dlya-spectehniki','http://shop.autocar-orel.ru/',1598943037,1607583987,'',6,'flaticon-settings-1',22,NULL,0,'','',NULL,NULL,1,0,0,'/zapchasti-dlya-spectehniki/',NULL,NULL,NULL,NULL),(92,'/uploads/images/placeholder/placeholder.png',NULL,'<p>Фронтальные стеллажи - приспособления для многоярусного складского хранения грузов, размещенных на поддонах, полках, сетках, в контейнерах. Использование фронтальных стеллажей позволяет рационально использовать площадь склада в высоту, обеспечить высокий грузооборот и безопасное хранение. Продажей фронтальных металлических стеллажей и комплектующих для них занимается компания «АВТОКАР».</p>\r\n\r\n<h4>Сфера применения.</h4>\r\n\r\n<p>Фронтальные стеллажи подходят для хранения:</p>\r\n\r\n<ul>\r\n	<li>европоддонов, финских, американских, английских поддонов;</li>\r\n	<li>скоропортящихся продуктов, грузов смешанного типа;</li>\r\n	<li>грузов в коробках, ящиках, бочках, рулонах;</li>\r\n	<li>сборных и смешанных грузов;</li>\r\n	<li>шинной продукции, колес в сборе.</li>\r\n</ul>\r\n\r\n<p>Для обработки грузов на стеллажах используются вилочные погрузчики, штабелеры, ричтраки. Стеллажи устанавливаются в закрытых складах, магазинах, терминалах аэропортов, логистических центрах, пунктах сортировки.</p>\r\n\r\n<h4>Конструкция и материалы</h4>\r\n\r\n<p>Фронтальные стеллажи - сборная конструкция, в состав которой входят:</p>\r\n\r\n<ol>\r\n	<li>Вертикальные рамы. Собираются из металлических стоек, соединенных друг с другом диагоналями или горизонталями при помощи крепежных элементов. Максимальная длина рамной стойки достигает 14 метров. Стойки опираются на пол и передают ему всю нагрузку через опоры-пластины.</li>\r\n	<li>Поперечные балки. Представляет собой металлический профиль с зацепами. Балки крепятся к стойкам, образуя места хранения. Стандартные размеры балок адаптированы под размеры складских поддонов.</li>\r\n	<li>Зацепы, крепеж, фурнитура. Стеллажные системы комплектуются фиксаторами, предупреждающими случайный сдвиг конструкции или выбивание стеллажа вилами автопогрузчика.</li>\r\n</ol>\r\n\r\n<p>Рамы фронтальных стеллажей изготавливаются из конструкционной углеродистой стали. Для изготовления балок применяется горячекатаная сталь. Элементы покрыты порошковой краской с антикоррозийными свойствами или оцинковкой.</p>\r\n\r\n<h4>Эксплуатационные характеристики</h4>\r\n\r\n<p>Низкая цена, высокая прочность, надежность, долговечность - далеко не все достоинства стеллажных систем. К другим преимуществам при их использовании относят:</p>\r\n\r\n<ul>\r\n	<li>способность длительное время выдерживать предельно допустимые нагрузки;</li>\r\n	<li>отсутствие деформации, устойчивость к механическому воздействию;</li>\r\n	<li>установка в многоярусные системы, высота ограничена только высотой склада;</li>\r\n	<li>возможность регулировать балки на высоте без демонтажа;</li>\r\n	<li>возможность модернизации, надстройки, частичного демонтажа системы хранения;</li>\r\n	<li>быстрый монтаж, демонтаж в высоту и длину;</li>\r\n	<li>безопасность для персонала, складской спецтехники;</li>\r\n	<li>эксплуатационный ресурс - до 30 лет.</li>\r\n</ul>\r\n\r\n<p>Удобная планировка склада и комфортная эксплуатация фронтальных стеллажей достигаются при помощи сборно-разборной конструкции. У нас можно купить систему хранения для складов любой площади. Доставка рам и балок для сбора стеллажей выполняется по #city_pr# и России. Стоимость рассчитывается индивидуально.</p>\r\n',0,'Фронтальные стеллажи',1,1,'frontalnye-stellazhi','',1598943128,1623067939,'',0,'',23,66,0,'','',NULL,'66',2,0,0,'/stellazhi-dlya-sklada/frontalnye-stellazhi/',4,'',1,NULL),(93,'/uploads/images/placeholder/placeholder.png',NULL,'<p>Набивные стеллажи - разновидность стеллажей для хранения грузов на поддонах любых размеров, предусматривающих движение техники внутри конструкций. Системы хранения позволяют максимально использовать складские площади. В компании «АВТОКАР» можно купить набивные стеллажи и комплектующие к ним по низкой цене.</p>\r\n\r\n<h4>Конструкция и виды</h4>\r\n\r\n<p>Набивной стеллаж - устойчивая металлическая конструкция, образующая глубинные тоннели, внутри которых установлены палеты с грузом. Конструкция включает:</p>\r\n\r\n<ol>\r\n	<li>Вертикальные рамы - вертикальная основа стеллажной структуры. Изготавливаются из оцинкованной прочной стали.</li>\r\n	<li>Набивные балки - горизонтальные направляющие, прикрепляемые к раме. Изготавливаются из стали, устойчивой к деформации.</li>\r\n</ol>\r\n\r\n<p>Для безопасной работы персонала и складской техники на стеллажи дополнительно устанавливаются ограждающие элементы. Набивная система хранения относится к типу сборно-разборных, поэтому ее конфигурация может легко изменяться в высоту или длину под параметры грузов. Наличие перфорации на стойках рамы позволяет устанавливать балки на нужной высоте. Конструкция набивных стеллажей допускает два способа организации хранения товаров:</p>\r\n\r\n<ol>\r\n	<li>Глубинные стеллажи (LIFO). Загрузка и выгрузка выполняется с одной стороны. Товар, загруженный первым, выгружается последним.</li>\r\n	<li>Проходные стеллажи (FIFO). Загрузка осуществляется с одной стороны, а выгрузка - с другой. Товар, загруженный первым, выгружается первым.</li>\r\n</ol>\r\n\r\n<h4>Конкурентные преимущества</h4>\r\n\r\n<p>При использовании набивных стеллажей эффективность эксплуатации складских площадей увеличивается до 60%. К другим достоинствам относят:</p>\r\n\r\n<ul>\r\n	<li>возможность размещения любых поддонов;</li>\r\n	<li>быстрый и легкий монтаж/демонтаж;</li>\r\n	<li>высокая грузоподъемность;</li>\r\n	<li>устранение проходов между стеллажами;</li>\r\n	<li>эффективный учет поступления и отгрузки продукции;</li>\r\n	<li>низкая стоимость владения и покупки.</li>\r\n</ul>\r\n\r\n<h4>Сфера применения</h4>\r\n\r\n<p>Стеллажи применяются для долгосрочного хранения товаров на складах, в том числе производственных, крупнооптовых базах, логистических центрах, хозяйственных и строительных гипермаркетах. Конструкции целесообразно использовать для хранения однотипной продукции, а также при низком или среднем грузообороте на складе.</p>\r\n\r\n<p>Продажей набивных стеллажей занимается компания «АВТОКАР». Мы предлагаем качественные стеллажные системы с доставкой, монтажом, модернизацией в #city_pr# и других городах.</p>\r\n',0,'Набивные стеллажи',1,1,'nabivnye-stellazhi','',1598943146,1623067935,'',0,'',24,66,0,'','',NULL,'66',2,0,1,'/stellazhi-dlya-sklada/nabivnye-stellazhi/',4,'',1,NULL),(94,'/uploads/images/placeholder/placeholder.png',NULL,'<p>Металлические стеллажи - универсальные конструкции для складов, позволяющие организовать хранение разнообразных товаров. Стеллажи из металла отличаются высокой прочностью, простым монтажом, длительным сроком службы. Изделия могут использоваться в отапливаемых и не отапливаемых складах, в т.ч. в холодильных. Компания «АВТОКАР» занимается продажей металлических стеллажей и комплектующих к ним с доставкой по #city_pr# и России.</p>\r\n\r\n<h4>Виды металлических стеллажей</h4>\r\n\r\n<p>Складская мебель позволяет конструировать различные системы хранения в зависимости от площади и назначения склада, характеристик грузов, наличия спецтехники, технологических операций и квалификации персонала. У нас можно купить разные по грузоподъемности конструкции из металла:</p>\r\n\r\n<ol>\r\n	<li>Легкие полочные стеллажи. Используются для хранения легкого и среднего по весу груза. Максимальный вес на полку - до 300 кг. Изделия изготовлены из металлопрофиля небольшой толщины, что делает их стоимость приемлемой.</li>\r\n	<li>Усиленные полочные стеллажи. Применяются для хранения тяжелых грузов и выдерживают вес до 800 кг на полку. Изготавливаются из сверхпрочного металлопрофиля.</li>\r\n</ol>\r\n\r\n<p>В каталоге специальные стеллажи для хранения грузов с особыми габаритами или техническими характеристиками: шины, бочки, катушки, рулоны. Для производства мебели используется конструкционная сталь с антикоррозийными свойствами.</p>\r\n\r\n<h4>Сфера применения</h4>\r\n\r\n<p>Металлические складские стеллажи - универсальные конструкции, на которых можно хранить любые виды товаров. Изготовленные из нержавеющей стали полки пригодны для хранения пищевых продуктов, фармпрепаратов, косметики, химикатов. Перечень объектов, где устанавливаются металлические стеллажи, включает:</p>\r\n\r\n<ul>\r\n	<li>склады, пункты сортировки и хранения;</li>\r\n	<li>производственные помещения общепита;</li>\r\n	<li>логистические центры;</li>\r\n	<li>фабрики, сборочные цеха;</li>\r\n	<li>магазины, кафе, кулинарии;</li>\r\n	<li>архивы, офисы, музеи;</li>\r\n	<li>гаражи, ангары, мастерские и пр.</li>\r\n</ul>\r\n\r\n<h4>Достоинства и критерии выбора</h4>\r\n\r\n<p>Мебель для склада от нашей компании обладает достоинствами:</p>\r\n\r\n<ul>\r\n	<li>высокая прочность, устойчивость к предельным статическим и динамическим нагрузкам;</li>\r\n	<li>безопасность, изготовлены из нейтральных материалов, конструкция отвечает требованиям СНиП;</li>\r\n	<li>пожаробезопасность, огнестойкость, соответствие требованиям пожарной безопасности;</li>\r\n	<li>гигиеничность, металл легко моется, дезинфицируется, обрабатывается паром;</li>\r\n	<li>устойчивость к коррозии, агрессивным средам, перепадам температур, влаге, ультрафиолету;</li>\r\n	<li>простота монтажа, собираются при помощи минимального набора инструментов;</li>\r\n	<li>возможность демонтажа и быстрой сборки в другом месте;</li>\r\n	<li>возможность наращивать ярусы, удлинять и расширять места для грузов;</li>\r\n	<li>приемлемая цена, не требуют техобслуживания, служат более 50 лет.</li>\r\n</ul>\r\n\r\n<p>Выбор мебели для склада нужно начинать с замера помещения, составления схемы расположения товаров с учетом движения складской техники. Наши менеджеры помогут выбрать металлические стеллажи и рассчитать их количество</p>\r\n',0,'Металические стеллажи',1,1,'metalicheskie-stellazhi','',1598943169,1623067932,'',0,'',25,66,0,'','',NULL,'66',2,0,1,'/stellazhi-dlya-sklada/metalicheskie-stellazhi/',4,'',1,NULL),(95,'/uploads/images/placeholder/placeholder.png',NULL,'<p>Консольные стеллажи - металлические конструкции для складского хранения длинномерных, тяжеловесных, крупногабаритных товаров. Конструкции устанавливаются в складах, хозяйственных магазинах, ангарах, мастерских, трубохранилищах, на металлобазах. Продажу консольных стеллажей с доставкой и сборкой осуществляет компания «АВТОКАР». У нас можно купить стеллажи для длинномерных грузов, позволяющие создать многоярусные складские системы.</p>\r\n\r\n<h4>Конструкция и виды</h4>\r\n\r\n<p>Консольная система хранения состоит из вертикальных стоек и горизонтальных консолей. Между собой элементы фиксируются при помощи балок и скрепляются крепежом. Высота одной секции может достигать 7 м. Длина консолей с грузоподъемностью 1.5 тонн составляет от 0.4 до 1.5 метров в зависимости от их толщины. Шаг перестановки консолей - 100 мм. Высота консольной системы ограничивается только потолком склада.</p>\r\n\r\n<p>В зависимости от конструкции стоек различают стеллажи:</p>\r\n\r\n<ol>\r\n	<li>Односторонние. Состоят из Г-образных стоек, которые монтируются по стенкам склада вплотную. Отличаются высокой грузоподъемностью.</li>\r\n	<li>Двусторонние. Состоят из Т-образных стоек, которые устанавливаются на любом расстоянии от стен и крепятся к полу. Позволяют равномерно распределить вес товара.</li>\r\n</ol>\r\n\r\n<p>Металлические элементы изготавливаются из высокомарочной конструкционной стали. Все части покрыты порошковой краской с антикоррозийными свойствами.</p>\r\n\r\n<h4>Сфера применения</h4>\r\n\r\n<p>Простая и надежная конструкция в сочетании с приемлемой стоимостью установки позволяют укладывать разные грузы для безопасного хранения:</p>\r\n\r\n<ul>\r\n	<li>трубы;</li>\r\n	<li>металлопрокат;</li>\r\n	<li>рулонные стройматериалы;</li>\r\n	<li>пиломатериалы;</li>\r\n	<li>панели, плиты и другой погонаж.</li>\r\n</ul>\r\n\r\n<p>Для удобного расположения рулонных материалов стеллаж может оснащаться крюком, на который устанавливается подвижный вал для удержания и разматывания груза.</p>\r\n\r\n<h4>Достоинства консольных стеллажей</h4>\r\n\r\n<p>Консольные системы хранения от нашей компании обладают преимуществами:</p>\r\n\r\n<ul>\r\n	<li>простота монтажа и демонтажа;</li>\r\n	<li>обеспечение удобного доступа к грузам;</li>\r\n	<li>требуют минимального технического обслуживания;</li>\r\n	<li>ремонтопригодность, взаимозаменяемость элементов;</li>\r\n	<li>вместительность, возможность хранения любых товаров;</li>\r\n	<li>устойчивость к механическим воздействиям, деформациям;</li>\r\n	<li>возможность быстрой трансформации, перепланировки склада;</li>\r\n	<li>отсутствие чувствительности к перепадам температур;</li>\r\n	<li>возможность применения складской спецтехники;</li>\r\n	<li>длительный срок службы.</li>\r\n</ul>\r\n\r\n<p>Наш каталог содержит большой выбор консольных стеллажей для складов разной площади и назначения. Цена конструкций зависит от размера, характеристик конструктивных элементов. Доставка выполняется по #city_pr# и в другие города России.</p>\r\n',0,'Консольные стеллажи',1,1,'konsolnye-stellazhi','',1598943189,1623067927,'',0,'',26,66,0,'','',NULL,'66',2,0,1,'/stellazhi-dlya-sklada/konsolnye-stellazhi/',4,'',1,NULL),(96,'/uploads/images/placeholder/placeholder.png',NULL,'<p>Среднегрузовые стеллажи - конструкции для хранения грузов, общая масса которых не превышает 3.5 тонн. Стеллажи изготовлены из нержавеющей стали и обладают всеми достоинствами многоярусных систем хранения из металла. Купить среднегрузовые металлические стеллажи предлагает компания «АВТОКАР». Мы выполняем доставку товаров для склада по #city_pr# и России.</p>\r\n\r\n<h4>Конструктивные особенности</h4>\r\n\r\n<p>Среднегрузовые стеллажи представляют собой металлические многоярусные секции, устанавливаемые на пол или прикрепленные болтовыми соединениями к стенам. Между собой конструкции могут соединяться зацепами. Конструктивные элементы стеллажей - рамы и балки. Размер элементов зависит от грузоподъемности, габаритов, назначения стеллажа. В среднем высота конструкции составляет 2-2.5 метров, глубина - 40-60 см, ширина полки - 1-1.5 метров.</p>\r\n\r\n<h4>Конструктивные особенности складской мебели этого типа:</h4>\r\n\r\n<ol>\r\n	<li>Возможность регулировать высоту полок и их количество.</li>\r\n	<li>Быстрый монтаж и демонтаж с использованием минимального набора инструментов.</li>\r\n	<li>Наличие дополнительных приспособлений для хранения негабаритных грузов: фиксаторы, крюки, ремни, разделители полок.</li>\r\n	<li>Установка разными способами: в ряд без опоры на стену, «спина к спине», с фиксацией к стене.</li>\r\n	<li>Изготовлены из оцинкованной стали, покрыты антикоррозийной краской.</li>\r\n	<li>Устойчивость за счет наличия подпятников и точной геометрии рам.</li>\r\n	<li>Допустимая нагрузка на одну полку от 150 до 500 кг в зависимости от модификации.</li>\r\n</ol>\r\n\r\n<p>Грузы на полках среднегрузовых стеллаже размещаются открытым способом, что обеспечивает легкий доступ к ним персонала и складской техники. При необходимости конструкцию можно модернизировать, добавляя горизонтальные секции или количество полок.</p>\r\n\r\n<h4>Сфера применения</h4>\r\n\r\n<p>Стеллажи средней грузоподъемности устанавливаются в:</p>\r\n\r\n<ul>\r\n	<li>складах и торговых объектах;</li>\r\n	<li>СТО, гаражах, мастерских;</li>\r\n	<li>офисах, архивах, библиотеках;</li>\r\n	<li>заведениях общепита;</li>\r\n	<li>аптеках, больницах и пр.</li>\r\n</ul>\r\n\r\n<p>Продажей среднегрузовых стеллажей занимается компания «АВТОКАР». Мы предлагаем качественные конструкции для склада с разными техническими характеристиками. Наши менеджеры помогут выбрать складскую мебель, ориентируясь не только на стоимость, но и функциональность. Мы предлагаем: лучшие цены в регионе, доставку, гарантию.</p>\r\n',0,'Среднегрузовые стеллажи',1,1,'srednegruzovye-stellazhi','',1598943210,1623067923,'',0,'',27,66,0,'','',NULL,'66',2,0,1,'/stellazhi-dlya-sklada/srednegruzovye-stellazhi/',4,'',1,NULL),(97,'/uploads/images/placeholder/placeholder.png',NULL,'<p>Шкафы для одежды - разновидность складской мебели для хранения одежды персонала склада и переодевания. Мебель также предназначена для хранения СИЗ, хозяйственного инвентаря, расходных материалов. Компания «АВТОКАР» предлагает металлические шкафы для одежды с доставкой по #city_pr# и России.</p>\r\n\r\n<h4>Конструктивные особенности</h4>\r\n\r\n<p>В каталоге представлены модели металлических шкафов для одежды, которые можно устанавливать в складских помещениях, рабочих зонах, раздевалках, производственных цехах, спортивных объектах. Особенности конструкции шкафов:</p>\r\n\r\n<ol>\r\n	<li>Все части шкафов выполнены из качественного металлического сплава и окрашены порошковой краской с антикоррозийными свойствами.</li>\r\n	<li>Внутри мебель разделена на отделения: отсек с перекладиной для плечиков, полки для головных уборов, спецодежды, обуви.</li>\r\n	<li>На корпусе имеются отверстия вентиляции, обеспечивающие воздухообмен при хранении одежды.</li>\r\n	<li>Дополнительно мебель может оснащаться антресолью, штангами, выдвижными ящиками.</li>\r\n	<li>Шкафы для одежды устанавливаются на пол или крепятся к стене.</li>\r\n	<li>Мебель имеет модульную конструкцию и может устанавливаться по принципу - базовый модуль + дополнительный модуль для экономии на внутренней стенке.</li>\r\n</ol>\r\n\r\n<p>Срок службы металлической мебели в сравнении с деревянной или пластиковой практически не ограничен. Конструкции можно устанавливать в не отапливаемых помещениях. Они невосприимчивы к низким температурам, воздействию дезинфицирующих и моющих средств.</p>\r\n\r\n<h4>Достоинства</h4>\r\n\r\n<p>У нас можно купить одно- и двухстворчатые металлические шкафы для одежды. Мебельные конструкции отличаются прочностью, надежностью, высоким качеством сборки, привлекательным видом. Изделия поставляются в собранном виде.</p>\r\n\r\n<h4>Достоинства покупки в нашей компании:</h4>\r\n\r\n<ul>\r\n	<li>большой выбор складской мебели по моделям и габаритам;</li>\r\n	<li>сертифицированные и безопасные изделия;</li>\r\n	<li>быстрая доставка в любой регион;</li>\r\n	<li>продажа по низким ценам;</li>\r\n	<li>длительная гарантия производителя;</li>\r\n	<li>акции и специальные предложения.</li>\r\n</ul>\r\n\r\n<p>Узнать стоимость шкафов, условия оплаты, доставки можно по телефону у нашего менеджера.</p>\r\n',0,'Шкафы для одежды',1,1,'shkafy-dlya-odezhdy','',1598943228,1623067920,'',0,'',28,66,0,'','',NULL,'66',2,0,1,'/stellazhi-dlya-sklada/shkafy-dlya-odezhdy/',4,'',1,NULL),(98,'/uploads/images/categories/shini.jpg',NULL,'<p>При эксплуатации складской, строительной, коммунальной техники тип и качество покрышек имеет решающее значение. Для погрузчиков, экскаваторов и другой колесной спецтехники используются цельнолитые или пневматические шины. Продажа недорогих шин производства Китая - одно из направлений работы компании «АВТОКАР». Мы предлагаем купить шины для спецтехники с гарантией производителя.</p>\r\n\r\n<h4>Требования к колесам спецтехники</h4>\r\n\r\n<p>К колесам техники повышенной грузоподъемности предъявляют следующие требования:</p>\r\n\r\n<ul>\r\n	<li>обеспечение требуемой грузоподъемности;</li>\r\n	<li>способность длительное время выдерживать предельно допустимые нагрузки;</li>\r\n	<li>устойчивость к перепадам температур;</li>\r\n	<li>стойкость к механическим повреждениям;</li>\r\n	<li>способность эффективно гасить удары при движении по неровным поверхностям;</li>\r\n	<li>долгий срок эксплуатации.</li>\r\n</ul>\r\n\r\n<p>У нас можно заказать шины для складской и строительной спецтехники, которые отвечают всем требованиям, адаптированы для эксплуатации в России.</p>\r\n\r\n<h4>Виды шин</h4>\r\n\r\n<ol>\r\n	<li>Пневматические шины. Покрышки из эластичного полимера, заполненные воздухом. Имеют многослойную структуру от 10 до 14 слоев с глубоким протектором.Достоинства:\r\n	<ul>\r\n		<li>обеспечивают мягкий ход и маневренность техники;</li>\r\n		<li>снижают износ мостов погрузчиков;</li>\r\n		<li>подходят для любых поверхностей;</li>\r\n		<li>могут использоваться круглый год;</li>\r\n		<li>низкая цена в сравнении с цельнолитыми покрышками.</li>\r\n	</ul>\r\n	При эксплуатации пневмошин нужно следить за уровнем давления и регулярно выполнять подкачку.</li>\r\n	<li>Цельнолитые шины или Суперэластик. Изготовлены из цельного резинопластика. Покрышки имеют 3- или 4-слойную структуру и высокую прочность к механическим повреждениям.Достоинства:\r\n	<ul>\r\n		<li>устойчивость к проколам, порезам;</li>\r\n		<li>наличие амортизирующего слоя из каучука;</li>\r\n		<li>повышают устойчивость спецтехники;</li>\r\n		<li>длительный срок службы;</li>\r\n		<li>самоочищайся протектор.</li>\r\n	</ul>\r\n	Относительно высокая цена суперэластик окупается за счет длительного ресурса эксплуатации и минимальных требований к техобслуживанию.</li>\r\n</ol>\r\n\r\n<h4>Как выбрать шины для спецтехники</h4>\r\n\r\n<p>При выборе покрышек для погрузчиков, экскаваторов и другой спецтехники нужно ориентироваться на тип рабочей поверхности, по которой будет двигаться техника:</p>\r\n\r\n<ul>\r\n	<li>для ровной поверхности: асфальтобетон, бетон, наливные полы подойдут шины суперэластик;</li>\r\n	<li>для движения по грунту, снегу, рыхлым поверхностям лучше приобрести пневмошины.</li>\r\n</ul>\r\n\r\n<p>Выбирая модель шин, следует учитывать грузоподъемность техники, рисунок и глубину протектора, размер. Наши консультанты помогут выбрать шины для спецтехники, которые прослужат долго и будут обеспечивать максимальную производительность колесной спецтехники. Доставка выбранных товаров выполняется по #city_pr# и в другие регионы.</p>\r\n',0,'Шины для спецтехники',1,1,'shiny-dlya-spectehniki','',1598943246,1623068016,'',8,'flaticon-car',29,NULL,0,'','',NULL,NULL,1,0,1,'/shiny-dlya-spectehniki/',3,'',1,NULL),(102,'',NULL,'<p>Электрические штабелеры - разновидность складской техники, используемой для перемещения, подъема и опускания грузов на высоту. Техника предназначена для складов с многоярусной системой хранения. Компания «АВТОКАР» предлагает купить новые электроштабелеры UniCarriers (Япония) в #city_pr# с доставкой в регионы России.</p>\r\n\r\n<h4>Применение складской техники</h4>\r\n\r\n<p>Электроштабелер - универсальная спецтехника, сочетающая функции погрузчика и ричтрака. Применение техники позволяет сократить количество складского персонала, увеличить грузооборот, повысить безопасность погрузочно-разгрузочных операций на складе. При относительно невысокой цене электрические штабелеры обладают высокой производительностью. С их помощью можно выполнять стандартные операции:</p>\r\n\r\n<ol>\r\n	<li>перемещение грузов на поддонах (паллетах);</li>\r\n	<li>погрузка/разгрузка машин, вагонов;</li>\r\n	<li>подъем грузов на высоту до 7 метров для хранения;</li>\r\n	<li>перемещение и подъем штучных крупногабаритных грузов;</li>\r\n	<li>укладка грузов на ярусы с помощью вил.</li>\r\n</ol>\r\n\r\n<p>Для управления электрическим штабелером не нужно наличие удостоверения, лицензии или прохождение специального обучения. Персонал может работать с техникой после прохождения краткого инструктажа.</p>\r\n\r\n<h4>Конструктивные особенности</h4>\r\n\r\n<p>В каталоге представлены электроштабелеры UniCarriers с грузоподъемностью от 1000 до 2000 кг. Высота подъема грузов у разных моделей составляет от 2 до 7 метров, что позволяет выбрать технику для обслуживания многоярусных систем хранения с высокими стеллажами.</p>\r\n\r\n<h4>Особенности конструкции:</h4>\r\n\r\n<ol>\r\n	<li>Необслуживаемый бесщеточный АС-электродвигатель с увеличенным ресурсом эксплуатации.</li>\r\n	<li>Усиленный округлый корпус из нержавеющей стали для безопасного движения по проходам.</li>\r\n	<li>Устойчивая 4-опорная система шасси.</li>\r\n	<li>Усиленные вилы особой формы для легкого поднятия паллеты.</li>\r\n	<li>Эргономичное рабочее место оператора с возможностью регулировать высоту кресла.</li>\r\n	<li>Защитная крыша из прочного материала над рабочим местом оператора.</li>\r\n	<li>Электроусилитель рулевого управления и удобные функциональные педали.</li>\r\n	<li>Отсек АКБ с роликовым основанием для быстрой замены батареи.</li>\r\n	<li>Наличие в комплекте масленок для смазки при проведении ТО.</li>\r\n	<li>Пропорциональный клапан спуска/подъема с функцией контроля работы электродвигателя.</li>\r\n	<li>Выдвигающиеся боковые стабилизаторы для устойчивости техники.</li>\r\n</ol>\r\n\r\n<p>Комплектация электрических штабелеров и функциональное оснащение зависит от модели. Наши менеджеры подробно расскажут о спецтехнике и помогут выбрать оптимальную модификацию по грузоподъемности, высоте подъема, оснащенности, стоимости.</p>\r\n\r\n<h4>Где купить электроштабелер</h4>\r\n\r\n<p>Наша компания занимается продажей электрических штабелеров UniCarriers. Техника требует минимальных энергозатрат от оператора и обладает множество других достоинств:</p>\r\n\r\n<ul>\r\n	<li>отличная маневренность и мобильность;</li>\r\n	<li>высокая скорость подъема/опускания грузов;</li>\r\n	<li>плавный и бережный спуск/подъем;</li>\r\n	<li>автономная работа до 8 ч подряд;</li>\r\n	<li>простое и недорогое ТО;</li>\r\n	<li>удобное интуитивное управление;</li>\r\n	<li>невысокая стоимость покупки и владения.</li>\r\n</ul>\r\n\r\n<p>Электроштабелеры доставляются в регионы России полностью готовыми к работе с сопроводительной документацией и гарантией производителя.</p>\r\n',0,'Электроштабелеры',1,1,'elektroshtabelery','',1599548258,1623067889,'Электроштабелер',0,'',30,83,0,'','',NULL,'83',2,0,1,'/skladskaya-tehnika/elektroshtabelery/',2,'',1,NULL),(103,'',NULL,'<p>Электротележки - складская самоходная техника класса electric pallet truck. Устройства предназначены для перемещения грузов в пределах склада на средние и большие расстояния. Компания АВТОКАР предлагает купить электротележки UniCarriers (Япония) с платформой оператора по доступной цене.</p>\r\n\r\n<h4>Конструктивные особенности</h4>\r\n\r\n<p>Основные особенности конструкции электрических тележек для склада:</p>\r\n\r\n<ol>\r\n	<li>Рабочий орган - вилы. Грузоподъемная часть техники, поднимается на высоту до 2 метров. Конструкция вил предусматривает подъем стандартных паллет и других габаритных грузов. Грузоподъемность вил зависит от модели тележки.</li>\r\n	<li>Электродвигатели движения и подъема трехфазного переменного тока. Такой тип электродвигателей обеспечивает повышенную производительность спецтехники за счет стремительного ускорения, высокую скорость движения и подъема, экономию АКБ.</li>\r\n	<li>Защита функциональных узлов. Гидросистемы, электрооборудование, аккумуляторная батарея надежно защищены корпусом из высокопрочного материала. Конструкция исключает попадание внутрь влаги в процессе мойки электротележки.</li>\r\n	<li>Поворотное приводное колесо. Расположено посередие, напрямую связано с редуктором электромотора движения и системой управления. По бокам от приводного колеса расположены вспомогательные колеса меньшего диаметра, выполняющие функцию стабилизаторов.</li>\r\n	<li>Стальной каркас. Рама электрической тележки выполнена из прочной конструкционной стали. Цельнолитая рама устойчива к статическим и динамическим нагрузкам.</li>\r\n	<li>Элементы системы управления. Выполнены из устойчивого к стиранию АБС-пластика. Рукоять удобно располагается сверху корпуса в эргономичном углублении.</li>\r\n	<li>Аккумуляторный отсек. Просторный отсек для АКБ позволяет установить батарею, емкость которой будет соответствовать производственным нуждам.</li>\r\n	<li>Гидравлическая система подъема. Обеспечивает плавный подъем груза без рывков. Гидросистема экономно расходует электричество за счет высокого КПД.</li>\r\n</ol>\r\n\r\n<h4>Сфера применения</h4>\r\n\r\n<p>Электротележки предназначены для перемещения товаров внутри склада. При напольной системе хранения электрические тележки хорошо справляются с монотонным грузооборотом, снизив количество складского персонала в 10 раз. Спецтехника используется в:</p>\r\n\r\n<ul>\r\n	<li>складах большой площади без вертикальной укладки груза;</li>\r\n	<li>оптовых, строительных, хозяйственных магазинах;</li>\r\n	<li>гипермаркетах, супермаркетах, торговых центрах;</li>\r\n	<li>складах с вертикальным хранением в паре с ричтраком или штабелером;</li>\r\n	<li>пунктах выдачи товаров и почтовых отправлений;</li>\r\n	<li>грузовых терминалах вокзалов, аэропортов.</li>\r\n</ul>\r\n\r\n<p>Электротележки имеют относительно компактные габариты и могут применяться в узких проходах, а также в набивных стеллажах.</p>\r\n\r\n<h4>Достоинства техники</h4>\r\n\r\n<p>Невысокая стоимость покупки и владения - не единственные преимущества электрических тележек. Техника обладает множеством других достоинств:</p>\r\n\r\n<ul>\r\n	<li>оптимальная грузоподъемность до 3 тонн;</li>\r\n	<li>автономная работа до 8 ч на одной АКБ;</li>\r\n	<li>скорость до 15 км/ч при движении по ровным поверхностям;</li>\r\n	<li>компактные габариты и небольшой вес;</li>\r\n	<li>простая и понятная система управления;</li>\r\n	<li>высокий клиренс для езды по пандусам, рампам;</li>\r\n	<li>возможность работы с грузом на наклонных поверхностях.</li>\r\n</ul>\r\n\r\n<p>В отличие от погрузчиков управлять электротележкой складской персонал может без специального удостоверения. Достаточно пройти короткий инструктаж.</p>\r\n\r\n<h4>Продажа электротележек</h4>\r\n\r\n<p>Компания «АВТОКАР» предлагает электротележки для склада UniCarriers с доставкой по #city_pr# и РФ. В каталоге большой выбор моделей техники разной грузоподъемности и комплектации. При необходимости спецтехника может оснащаться удлиненными вилами для транспортировки двух рядов поддонов или негабаритных грузов.</p>\r\n',0,'Электротележки',1,1,'elektrotelezhki','',1599548519,1623067885,'Электротележка',0,'',31,83,0,'','',NULL,'83',2,0,1,'/skladskaya-tehnika/elektrotelezhki/',2,'',1,NULL),(105,'',NULL,'<p>Телескопические погрузчики – тип грузоподъемной техники, сочетающий элементы подъемного крана, фронтального погрузчика. Техника комплектуется ковшом, сменными звеньями – крановыми устройствами, вилами, деталями.</p>\r\n\r\n<p>Основу конструкции стандартного телескопического погрузчика составляет выдвижная стрела. Строение грузоподъемного оборудования напоминает классический подъемный кран. Телескопический погрузчик компактный, высокопроходимый, универсальный, удобный, современный, манёвренный.</p>\r\n\r\n<h4>Сфера применения грузоподъемной техники</h4>\r\n\r\n<p>Телескопические погрузчики используют на строительных площадках при перемещении, подъеме грузов. При финишной отделке, работах заключительных этапов телескопические погрузчики необходимы. Сфера применения техники:</p>\r\n\r\n<ul>\r\n	<li>Перевозка грузов</li>\r\n	<li>Демонтаж сооружений</li>\r\n	<li>Заготовка, складирование материалов.</li>\r\n	<li>Телескопические погрузчики укладывают, ремонтируют дороги.</li>\r\n	<li>Землеройные работы.</li>\r\n	<li>Производство бетона, скважин.</li>\r\n	<li>Сборка металлических конструкций.</li>\r\n</ul>\r\n\r\n<p>Телескопические погрузчики покупают промышленные, торговые, строительные, фермерские, логистические предприятия города #city#.</p>\r\n\r\n<h4>Преимущества грузоподъёмного оборудования</h4>\r\n\r\n<p>Телескопические погрузчики поднимают груз на высоту подобно стрелковому автокрану. Грузоподъемное оборудование покупают из-за достоинств, характеристик, конкурентных преимуществ телескопических погрузчиков:</p>\r\n\r\n<ol>\r\n	<li>Высокая производительность - точность проводимых операций, устойчивость, мобильность. Телескопический погрузчик развивает скорость 30 км/ч, способствуя высокой эффективности.</li>\r\n	<li>Удобство - кабина телескопического погрузчика эргономичная, просторная. Элементы расположены продуманно, процесс управления машиной легкий, нагрузка оператора минимальна.</li>\r\n	<li>Безопасность телескопического погрузчика достигается из-за кругового верхнего обзора.</li>\r\n	<li>Маневренность – 2 пары управляемых колес способствуют маневренности, проходимости. Телескопические погрузчики используются вблизи мостов, трубопроводов, ЛЭП, туннелей.</li>\r\n	<li>Компактность – за счет размеров телескопических погрузчиков оборудование используется в стесненных условиях.</li>\r\n	<li>Многофункциональность – к стреле телескопического погрузчика крепятся надежные элементы (щетка, крюк, вилы). Многофункциональность способствует покупке владельцами бизнеса телескопических погрузчиков.</li>\r\n</ol>\r\n\r\n<p>Продажа телескопических погрузчиков активно проходит в интернет-магазине «АвтоКар». Покупатели приобретают специальное оборудование сразу/под заказ.</p>\r\n\r\n<p>Оцените модельный ряд телескопических погрузчиков в интернет-магазине «АвтоКар» по доступной цене. Заказывайте технику на сайте/ по телефону – как вам удобно.</p>\r\n',0,'Телескопические погрузчики',1,1,'teleskopicheskie-pogruzchiki','',1599556036,1623067871,'Телескопический погрузчик',0,'',32,63,0,'','',NULL,'63',2,0,1,'/dorozhno-stroitelnaya-tehnika/teleskopicheskie-pogruzchiki/',NULL,'',0,NULL),(106,'/uploads/images/categories/last/vil-pogruzchik.jpg',NULL,'<p>Вилочный погрузчик - складская техника для перемещения и подъема грузов на стеллажи, разгрузки и загрузки транспортных средств. Компания «АВТОКАР» г. #city# предлагает в аренду вилочные погрузчики грузоподъемностью от 1.5 до 3.5 тонн для работы на складах #city_r# и области. Техника предоставляется в аренду по договору на любой срок.</p>\r\n\r\n<h4>Какой погрузчик можно взять в аренду?</h4>\r\n\r\n<p>Наш автопарк арендной спецтехники для складов включает вилочные погрузчики следующих классов по ГОСТ 16215-80:</p>\r\n\r\n<ul>\r\n	<li>класс I - электропогрузчики с АКБ;</li>\r\n	<li>класс IV - погрузчики с ДВС на цельнолитых шинах;</li>\r\n	<li>класс V - погрузчики с ДВС на пневматических шинах;</li>\r\n	<li>класс VII — погрузчики внедорожного исполнения.</li>\r\n</ul>\r\n\r\n<p>У нас можно арендовать вилочные погрузчики с разными типами двигателей:</p>\r\n\r\n<ol>\r\n	<li>Дизельные. ДВС на дизельном топливе отличаются высокой г/п и производительностью. Машины неприхотливы в обслуживании, просты в эксплуатации. Наличие выхлопов позволяет арендовать дизельные вилочные автопогрузчики только для работы на открытых площадках.</li>\r\n	<li>Бензиновые или газ-бензиновые. Универсальные агрегаты с разной грузоподъемностью, которые подходят для работы на улице и в помещениях с оборудованной вентиляцией. Автопогрузчики экономно расходуют топливо, маневренные, высокопроизводительные.</li>\r\n	<li>Электрические. Компактные и бесшумные электропогрузчики с вилами – это отличный выбор для работы на закрытых складах, в магазинах, торговых центрах. Оборудование не производит выхлопов, поэтому сфера его применения не ограничена.</li>\r\n</ol>\r\n\r\n<p>Выбирая вилочный погрузчик в аренду, нужно учитывать основные технико-эксплуатационные параметры: тип двигателя, грузоподъемность, тип шин, габариты, высоту подъема грузов. Менеджеры компании «АВТОКАР» поможет выбрать погрузчик, аренда которого принесет максимум пользы и прибыли.</p>\r\n\r\n<h4>Условия аренды вилочных погрузчиков</h4>\r\n\r\n<p>Компания «АВТОКАР» предоставляет вилочные погрузчики в аренду в следующих случаях:</p>\r\n\r\n<ul>\r\n	<li>подмена техники до поставки новой;</li>\r\n	<li>подмена на период ремонта;</li>\r\n	<li>спецтехника под реализацию проекта;</li>\r\n	<li>в период сезонной активности;</li>\r\n	<li>длительная аренда на срок от 1 года.</li>\r\n</ul>\r\n\r\n<p>От срока аренды зависят условия оплаты: сумма, периодичность арендных платежей. Наша компания предлагает оптимальные и эффективные решения по аренде складской техники с учетом всех обстоятельств заказчика. Складские вилочные погрузчики доставляются к месту выполнения работ нашим автотранспортом. Техника готова к работе, прошла ТО.</p>\r\n',0,'Аренда вилочных погрузчиков',1,1,'arenda-vilochnyh-pogruzchikov','',1599637487,1623919670,'Вилочный погрузчик',2,'flaticon-forklift',33,NULL,1,'','',NULL,NULL,1,0,1,'/arenda-vilochnyh-pogruzchikov/',1,NULL,NULL,NULL),(107,'/uploads/images/categories/last/fr-pogruzchik.jpg',NULL,'<p>Компания «АВТОКАР» предоставляет в аренду дорожно-строительную технику\r\nширокого и специализированного назначения для работы на объектах в #city_pr# и\r\n#r_region#. Автопарк арендной спецтехники включает более 50 машин для\r\nстроительных, такелажных, дорожно-ремонтных, демонтажных, погрузочно-разгрузочных\r\nработ. Мы предлагаем оптимальные условия аренды на индивидуальных условиях. </p>\r\n\r\n<h4>Назначение дорожно-строительной техники</h4>\r\n\r\n<p>Строительные организации, застройщики, управляющие компании, частные лица могут взять спецтехнику в прокат для выполнения следующих видов работ:</p>\r\n\r\n<ul>\r\n	<li>подготовка стройплощадок;</li>\r\n	<li>прокладка коммуникаций;</li>\r\n	<li>разработка грунта в карьере;</li>\r\n	<li>бурение скважин;</li>\r\n	<li>рытье котлованов, траншей;</li>\r\n	<li>демонтаж зданий и сооружений;</li>\r\n	<li>создание дорожных насыпей;</li>\r\n	<li>погрузка/разгрузка, такелаж грузов.</li>\r\n</ul>\r\n\r\n<p>Дорожно-строительная техника доставляется к месту выполнения работ нашим автотранспортом. Мы гарантируем своевременную доставку техники в пределах #city_pr#.</p>\r\n\r\n<h4>Наш автопарк арендной спецтехники</h4>\r\n\r\n<p>Компания «АВТОКАР» предоставляет в аренду дорожно-строительную технику производства России, Китая, Японии. Машины исправны, регулярно проходят техобслуживание, диагностику. Наш автопарк включает:</p>\r\n\r\n<ul>\r\n	<li>бульдозеры Komatsu, Shantui;</li>\r\n	<li>экскаваторы одноковшовые Komatsu;</li>\r\n	<li>многофункциональные экскаваторы-погрузчики;</li>\r\n	<li>фронтальные автопогрузчики г/п от 0.8 тонн;</li>\r\n	<li>автокран «Ивановец» на колесном шасси.</li>\r\n</ul>\r\n\r\n<p>По запросу клиента дорожно-строительные машины могут оснащаться дополнительным навесным оборудованием: бур, грейдерный ковш, гидромолот, стрелы, снеговые отвалы, зацепы. Менеджеры компании помогут с выбором спецтехники с учетом условий эксплуатации, предстоящих работ, сроков, бюджета.</p>\r\n\r\n<h4>Аренда дорожно-строительной спецтехники в «АВТОКАР»</h4>\r\n\r\n<p>Комфорт при сотрудничестве с нами заключается в гибком подходе компании при согласовании условий аренды: сроки, длительность рабочей смены, квалификация машиниста, способы оплаты обсуждаются с заказчиком индивидуально. Достоинства аренды дорожно-строительной техники в ООО «АВТОКАР»:</p>\r\n\r\n<ul>\r\n	<li>оперативная доставка машин и оборудования;</li>\r\n	<li>техподдержка от квалифицированных сотрудников 24/7;</li>\r\n	<li>оформление договора, НДС, путевых листов и разрешений;</li>\r\n	<li>техника работает круглосуточно, без выходных и праздников;</li>\r\n	<li>услуги квалифицированных машинистов;</li>\r\n	<li>исправная спецтехника, заправленная топливом;</li>\r\n	<li>ремонт и обслуживание на весь срок аренды;</li>\r\n	<li>скидки для постоянных клиентов.</li>\r\n</ul>\r\n\r\n<p>Подробнее узнать об аренде экскаваторов, погрузчиков, бульдозеров, автокрана можно по телефону или онлайн.</p>\r\n',0,'Аренда дорожно-строительной техники',1,1,'arenda-dorozhno-stroitelnoy-tehniki','',1599638550,1616489826,'',1,'flaticon-excavator',34,NULL,1,'','',NULL,NULL,1,0,1,'/arenda-dorozhno-stroitelnoy-tehniki/',5,NULL,NULL,NULL),(108,'',NULL,'<p>Дизельные погрузчики в строительных работах важны. Роль переоценить трудно. Они используются в погрузочно-разгрузочных работах. Там, где нужна большая сила, оперативность, неприхотливость, скорость. Вы ищите эту спецтехнику и есть вопрос: взять вилочный погрузчик в аренду или купить? Разберемся какой вариант предпочтительнее.</p>\r\n\r\n<h4>Кому и в каких ситуациях взять дизельный погрузчик в аренду, а не купить?</h4>\r\n\r\n<ul>\r\n	<li>Небольшим компаниям. Покупать вилочные погрузчики — дорого, стоимость высока. Брать новым, не поднявшимся бизнесам, нерентабельно.</li>\r\n	<li>Редкое использование. Когда дизельный погрузчик используется раз в неделю/две, не тратьте деньги на покупку; арендуйте здесь.</li>\r\n	<li>Срочная необходимость. Чрезвычайные ситуации: погрузчик нужен срочно. Собирать деньги на покупку и возиться с документами нет времени. Аренда данной узкоспециализированной техники — оптимальный вариант.</li>\r\n	<li>Нет времени, средств на содержание, обслуживание дизельного погрузчика. Обслуживание вилочного погрузчика — трудоемкий, дорогостоящий процесс. Этим процессом занимается арендодатель.</li>\r\n	<li>Эксплуатация дизельного погрузчика без покупки дает возможность самостоятельно оценить целесообразность покупки для вашего бизнеса, стройки.</li>\r\n	<li>Неуверенность — нужен ли разгрузочно-погрузочный аппарат на долгий период. Аренда — лучший путь. Т.к. продажа погрузчика после отработки — дело долгое.</li>\r\n</ul>\r\n\r\n<h4>Какие есть преимущества аренды данной спецтехники именно у нас?</h4>\r\n\r\n<ol>\r\n	<li>Экономия денег. Цена здесь выгодна.</li>\r\n	<li>Оперативность, скорость предоставления погрузчика в аренду.</li>\r\n	<li>Есть контакты поддержки. Консультация насчет подробностей процесса аренды.</li>\r\n	<li>Особый подход к каждому клиенту.</li>\r\n	<li>Качественные дизельные вилочные погрузчики известных брендов (Komatsu, Lonking) по хорошим ценам.</li>\r\n	<li>Мы сами обслуживаем технику — при аренде она придет исправной.</li>\r\n</ol>\r\n\r\n\r\n\r\n<h4>Как проходит процесс аренды? Как арендовать нужную вам модель погрузчика?</h4>\r\n\r\n<ol>\r\n  <li>Выберите модель. Чтоб посмотреть ее характеристики нажмите “Подробнее”.</li>\r\n  <li>Нажмите на кнопку “арендовать”. Укажите ФИО, номер телефона, проживание (например, #city_pr#)</li>\r\n  <li>С вами свяжутся по контактным данным.</li>\r\n  <li>Обсуждаете подробности.</li>\r\n  <li>Радуетесь приятной, выгодной сделке!</li>\r\n</ol>',0,'Аренда дизельных погрузчиков',1,1,'arenda-dizelnyh-pogruzchikov','',1599639473,1623919670,'Дизельный погрузчик',NULL,'',35,106,1,'','',NULL,'106',2,0,1,'/arenda-vilochnyh-pogruzchikov/arenda-dizelnyh-pogruzchikov/',1,NULL,NULL,NULL),(109,'',NULL,'<p>Электрический вилочный погрузчик - наиболее востребованный вид складской спецтехники. Электропогрузчики используются для транспортировки, подъема, штабелирования грузов. Компания «АВТОКАР» предлагает в аренду вилочные электрические погрузчики грузоподъемностью от 1.5 тонн. Техника оснащена энергоемкими АКБ, прошла техническое обслуживание и готова к работе на складах #city_pr# и #pr_region#.</p>\r\n\r\n<h4>Когда нужна аренда электропогрузчика?</h4>\r\n\r\n<p>Электрические погрузчики с рабочим оборудованием вилы предназначены для работы с поддонами, паллетами, штучными грузами. Спецтехника используется для расстановки грузов на стеллажах, разгрузки автотранспорта, ж/д вагонов, морских контейнеров. Малые габариты, маневренность и отсутствие выхлопных газов позволяют эксплуатировать электропогрузчики внутри контейнеров и набивных стеллажей.</p>\r\n\r\n<p>Аренда электрических вилочных погрузчиков - отличное решение для:</p>\r\n\r\n<ul>\r\n	<li>закрытых складов;</li>\r\n	<li>низкотемпературных помещений;</li>\r\n	<li>терминалов аэропортов;</li>\r\n	<li>логистических центров;</li>\r\n	<li>ТРЦ и магазинов.</li>\r\n</ul>\r\n\r\n<p>Экологичность электродвигателей, которые устанавливаются на погрузчики, позволяет использовать их для складских помещений, в которых хранятся пищевые продукты, фармацевтическая продукция, агрессивные жидкости, взрывчатые и легковоспламеняющиеся вещества, химикаты, минеральные удобрения. Техника с АКБ подходит для складов с повышенным уровнем требований к экологическим стандартам.</p>\r\n\r\n<h4>Достоинства электрических погрузчиков</h4>\r\n\r\n<p>Компания «АВТОКАР» предоставляет в аренду вилочные электрические погрузчики, обладающие рядом достоинств:</p>\r\n\r\n<ul>\r\n	<li>маневренность, возможность работы в ограниченном пространстве;</li>\r\n	<li>минимальный уровень шума;</li>\r\n	<li>отсутствие выхлопных газов;</li>\r\n	<li>энергоемкие батареи, обеспечивающие автономную работу до 8 ч подряд;</li>\r\n	<li>не требуют расходных и горюче-смазочных материалов;</li>\r\n	<li>простые в управлении.</li>\r\n</ul>\r\n\r\n<p>Перед отправкой заказчику спецтехника проходит ТО и диагностику, что гарантирует безопасную, безаварийную эксплуатацию.</p>\r\n\r\n<h4>Как арендовать вилочный электропогрузчик?</h4>\r\n\r\n<p>Подать заявку на аренду электропогрузчика можно онлайн или по телефону. В заявке нужно указать:</p>\r\n\r\n<ul>\r\n	<li>грузоподъемность техники;</li>\r\n	<li>какие работы планируется выполнять при помощи электропогрузчика;</li>\r\n	<li>объект, на котором будет работать техника;</li>\r\n	<li>срок аренды, особенности оплаты;</li>\r\n	<li>потребность в машинисте и навесном оборудовании.</li>\r\n</ul>\r\n\r\n<p>Наш менеджер предложит выгодные условия и поможет выбрать технику, которая максимально удовлетворит потребности бизнеса. Срок аренды электрических погрузчиков не ограничен. На весь срок аренды заказчику предоставляется техническая поддержка в режиме 24/7.</p>\r\n',0,'Аренда электрических погрузчиков',1,1,'arenda-elektricheskih-pogruzchikov','',1599639546,1616489825,'Электрический погрузчик',NULL,'',36,106,1,'','',NULL,'106',2,0,1,'/arenda-vilochnyh-pogruzchikov/arenda-elektricheskih-pogruzchikov/',1,NULL,NULL,NULL),(110,'',NULL,'<p>\r\n  Аренда вилочного погрузчика с бензиновым двигателем - отличный вариант снижения производственных затрат. Техника способна в короткие сроки выполнить большой объем погрузочно-разгрузочных работ и навести порядок на складе. Компания «АВТОКАР» предлагает взять в аренду автопогрузчики с бензиновыми ДВС для работы на объектах #city_pr#.\r\n</p>\r\n\r\n<h4>Какие работы выполняет вилочный погрузчик</h4>\r\n\r\n<p>Какие работы выполняет вилочный погрузчик:</p>\r\n<ol>\r\n  <li>Подъем грузов на высоту до 3 метров. При необходимости поднимать груз на высоту, выбирая автопогрузчик в аренду, нужно учитывать высоту его мачты и грузоподъемность.</li>\r\n  <li>Транспортировка грузов. Вилочные автопогрузчики развивают скорость до 25 км/ч и могут быстро перевозить грузы в пределах заявленной производителем г/п. При выборе рекомендуется учитывать тип колес и покрытия, по которому будет ездить спецтехника.</li>\r\n  <li>Разгрузка автотранспорта/фур/вагонов/контейнеров. Техника применяется для разгрузки транспорта с заездом внутрь благодаря маневренности и возможности работать в ограниченном пространстве.</li>\r\n  <li>Штабелирование грузов. Автопогрузчики с вилами штабелируют поддоны, паллеты, рулоны, что позволяет максимально использовать полезную площадь склада и организовать хранение.</li>\r\n  <li>Дополнительные опции. При использовании сменного навесного оборудования бензиновые погрузчики могут использоваться в качестве бочкодержателей, такелажной техники.</li>\r\n</ol>\r\n\r\n<h4>Где работают бензиновые погрузчики</h4>\r\n<p>Взять в аренду бензиновый вилочный погрузчик можно для эксплуатации в помещении, которое оборудовано эффективной системой принудительной вентиляции. Техника с бензиновым ДВС менее чувствительна к низким температурам, чем дизельная. Погрузчики отлично справляются с поставленными задачами при температуре до -40 С.</p>\r\n\r\n<h4>Наш парк арендной техники</h4>\r\n<p>В компании «АВТОКАР» можно взять в аренду вилочный погрузчик с бензиновым или газ-бензиновым двигателем. Автопарк арендной спецтехники включает машины с грузоподъемностью от 1.5 до 3.5 тонн. Высота грузоподъема составляет 3 метра. Техника в исправном состоянии, заправлена техническими жидкостями, прошла техобслуживание и готова к доставке на объект. Большой выбор складской спецтехники позволяет выбрать погрузчик, максимально подходящий по всем параметрам.</p>\r\n\r\n<h4>Достоинства аренды вилочного погрузчика</h4>\r\n<p>У нас можно арендовать вилочные автопогрузчики на короткий срок и длительное время. Достоинства аренды автопогрузчиков в «АВТОКАР»:</p>\r\n\r\n\r\n<ul>\r\n  <li>исправная, высокопроизводительная техника;</li>\r\n  <li>техподдержка в режиме 24/7;</li>\r\n  <li>возможность аренды с оператором;</li>\r\n  <li>любой срок аренды - от 1 рабочей смены;</li>\r\n  <li>доставка машин на объект нашим транспортом;</li>\r\n  <li>быстрая замена техники при возникновении неисправности;</li>\r\n  <li>низкая стоимость аренды, скидки для постоянных клиентов.</li>\r\n</ul>\r\n\r\n<p>Взять в аренду бензиновый погрузчик с рабочим оборудованием вилы г/п 1.5-3.5 тонн можно онлайн или по телефону.</p>',0,'Аренда бензиновых погрузчиков',1,1,'arenda-benzinovyh-pogruzchikov','',1599639593,1616489826,'Бензиновый погрузчик',NULL,'',37,106,1,'','',NULL,'106',2,0,1,'/arenda-vilochnyh-pogruzchikov/arenda-benzinovyh-pogruzchikov/',1,NULL,NULL,NULL),(111,'/uploads/images/placeholder/placeholder.png',NULL,'<p>Экскаватор-погрузчик - спецтехника для выполнения земляных, строительных, коммунальных, дорожных работ. Аренда экскаватора-погрузчика позволяет сэкономить время и не тратить деньги на покупку другой техники. Экскаватор с задним фронтальным ковшом заменяет погрузчик, грейдер, бульдозер. В компании «АВТОКАР» г. #city# можно взять в прокат экскаватор-погрузчик Komatsu грузоподъемностью 8 тонн на выгодных условиях.</p>\r\n\r\n<h4>Конструктивные особенности техники</h4>\r\n\r\n<p>Многофункциональный погрузчик оснащен набором навесного оборудования:</p>\r\n\r\n<ul>\r\n	<li>передний ковш типа «обратная лопата», емкостью 1 м3 для разработки грунта и копания;</li>\r\n	<li>задний ковш фронтального типа емкостью 3 м3 для планировки площадки, перевозки грунта, сбора строительного мусора или снега;</li>\r\n	<li>имеется планировочный ковш.</li>\r\n</ul>\r\n\r\n<p>Колесная база обеспечивает возможность беспрепятственно передвигаться в пределах стройплощадки для выполнения разных работ. Производительность спецтехники позволяет использовать ее с максимальным КПД, не допуская простоя.</p>\r\n\r\n<p>Прокат спецтехники возможен для выполнения следующих работ:</p>\r\n\r\n<ul>\r\n	<li>разработка грунта;</li>\r\n	<li>копание траншей, котлованов;</li>\r\n	<li>погрузка/разгрузка материалов;</li>\r\n	<li>прокладка коммуникаций;</li>\r\n	<li>монтаж ФБС;</li>\r\n	<li>обратная засыпка;</li>\r\n	<li>карьерные работы;</li>\r\n	<li>дорожное строительство;</li>\r\n	<li>корчевание растительности;</li>\r\n	<li>снос зданий и сооружений;</li>\r\n	<li>планировка местности;</li>\r\n	<li>расчистка площадок от мусора, снега;</li>\r\n	<li>вскрышные работы;</li>\r\n	<li>очистка водоемов и пр.</li>\r\n</ul>\r\n\r\n<h4>Условия аренды</h4>\r\n\r\n<p>Аренда экскаватора-погрузчика выполняется по алгоритму:</p>\r\n\r\n<ol>\r\n	<li>Подача заявки на аренду с указанием типа работ, сроков, дополнительных сведений об объекте.</li>\r\n	<li>Согласования условий аренды: оплата, доставка, квалификация машиниста.</li>\r\n	<li>Подготовка спецтехники на нашей базе: осмотр, ТО, заправка.</li>\r\n	<li>Доставка экскаватора-погрузчика к месту выполнения работ в #city_pr# или области.</li>\r\n	<li>Выполнение поставленных задач в соответствии с графиком заказчика.</li>\r\n</ol>\r\n\r\n<p>Подробнее об условиях аренды дорожно-строительной техники можно узнать у наших менеджеров по телефону. Компания «АВТОКАР» предлагает в аренду экскаватор «Комацу», который находится в собственности компании без посредников. Это позволяет нам предложить лучшие расценки в #city_pr# и области.</p>\r\n',0,'Аренда экскаваторов - погрузчиков',1,1,'arenda-ekskavatorov-pogruzchikov','',1599639714,1616489826,'Экскаватор - погрузчик',NULL,'',38,107,1,'','',NULL,'107',2,1,1,'/arenda-dorozhno-stroitelnoy-tehniki/arenda-ekskavatorov-pogruzchikov/',5,NULL,NULL,NULL),(115,'/uploads/images/placeholder/placeholder.png',NULL,'<p>Фронтальный погрузчик – спецтехника с большим функционалом, пользующаяся с просом у компаний, частных лиц. Покупка и содержание фронтального погрузчика иногда нецелесообразна: техника дорогая, нуждается в стоянке, техобслуживании, заправке. Взять фронтальный автопогрузчик в аренду значительно проще и выгоднее. Компания «АВТОКАР» г. Москва предлагает в аренду автопогрузчики для выполнения различных работ.</p>\r\n\r\n<h4>Для каких работ арендуют фронтальные погрузчики?</h4>\r\n\r\n<p>Маневренный, компактный и высокопроизводительный фронтальный автопогрузчик заменяет несколько узкоспециализированных машин: грейдер, бульдозер, снегоочиститель, экскаватор с прямой лопатой. За счет небольших габаритов и низкого уровня шума от двигателя арендованная техника может использоваться в городской черте, в условиях густой застройки.</p>\r\n\r\n\r\n<p>Аренда автопогрузчика с передним погрузочным ковшом вместимостью 3 куба возможна для разных работ:</p>\r\n\r\n\r\n<ul>\r\n  <li>разгрузка и загрузка сыпучих материалов;</li>\r\n  <li>транспортировка материалов на небольшие расстояния;</li>\r\n  <li>такелаж тяжеловесного оборудования;</li>\r\n  <li>планировка участков;</li>\r\n  <li>уборка снега, строительного мусора;</li>\r\n  <li>прокладка коммуникаций;</li>\r\n  <li>снос зданий и сооружений;</li>\r\n  <li>строительство дорог;</li>\r\n  <li>разработка грунтов, земляные работы;</li>\r\n  <li>озеленение и коммунальное хозяйство;</li>\r\n  <li>коттеджное строительство.</li>\r\n</ul>\r\n\r\n<p>Наличие зубцов на ковше позволяет вести разработку типичных грунтов для #city_pr#: песок, суглинок, гравий.</p>\r\n\r\n<h4>Особенности фронтальных автопогрузчиков</h4>\r\n\r\n\r\n<p>Предлагаемые в аренду фронтальные погрузчики емкостью ковша 3 м3 имеют современную и продуманную конструкцию. Гидромеханическая трансмиссия спецтехники обеспечивает маневренность, простоту управления, устойчивость. Наличие системы блокировки дифференциала позволяет использовать погрузчик в сложных условиях. Многодисковые тормоза обеспечивают безопасность, плавное движение и бережное обращение с грузом. Грузоподъемная Z-образная стрела позволяет нагружать ковш до максимальной вместимости.</p>\r\n\r\n<p>Достоинства фронтальных погрузчиков, которые предлагает в аренду наша компания:</p>\r\n\r\n<ul>\r\n  <li>компактные размеры;</li>\r\n  <li>экономичный расход топлива;</li>\r\n  <li>универсальность, подходит для большого количества рабочих операций;</li>\r\n  <li>высокая проходимость;</li>\r\n  <li>отличная управляемость.</li>\r\n</ul>\r\n\r\n\r\n<p>Аренда фронтального погрузчика - это возможность оперативно выполнить большое количество работ с минимальными трудовыми, временными затратами.</p>\r\n\r\n\r\n<h4>Аренда техники в «АВТОКАР»</h4>\r\n\r\n<p>Компания «АВТОКАР» предлагает в аренду фронтальные погрузчики г/п от 0.8 тонн. Спецтехника доставляется на объект нашим автотранспортом и готова эксплуатации.</p>\r\n\r\n<p>Наши конкурентные преимущества:</p>\r\n\r\n\r\n<ul>\r\n  <li>аренда автопогрузчиков на любой срок;</li>\r\n  <li>скидки при аренде нескольких единиц техники;</li>\r\n  <li>оформление в соответствии с законодательством;</li>\r\n  <li>спецтехника в исправном состоянии;</li>\r\n  <li>низкие цены на аренду.</li>\r\n</ul>\r\n\r\n\r\n<p>Заказать аренду фронтального погрузчика с нужными техническими характеристиками можно онлайн или по телефону.</p>',0,'Аренда фронтальных погрузчиков',1,1,'arenda-frontalnyh-pogruzchikov','',1599639893,1616489826,'Фронтальный погрузчик',NULL,'',39,107,1,'','',NULL,'107',2,0,1,'/arenda-dorozhno-stroitelnoy-tehniki/arenda-frontalnyh-pogruzchikov/',5,NULL,NULL,NULL),(117,'/uploads/images/placeholder/placeholder.png',NULL,'<h4>Аренда гусеничных экскаваторов по выгодной стоимости</h4>\r\n\r\n\r\n<p>Решить даже самые сложные задачи поможет гусеничный экскаватор — это оптимальный выбор для любой отрасли. Высокоэффективная землеройная спецтехника обладает типовой конструкцией, включающей кабину, ходовую часть и ковш для выемки грунта.\r\nЭкскаватор этого типа имеет отличительную черту — это наличие гусеничной ленты, благодаря которой техника перемещается по стройплощадке. Спецтехника выделяется многофункциональностью, выносливостью, высокой проходимостью. Эти преимущества вместе с неприхотливостью в обслуживании и простотой эксплуатации позволяют гусеничную технику привлекать для проведения масштабных земляных работ. Выбрав гусеничный экскаватор для выполнения работ, вы максимально сэкономите время и трудовые ресурсы. Предлагаем аренду гусеничной техники по выгодной цене. Работаем во всех районах #city_pr#.</p>\r\n\r\n<h4>Для каких работ выбрать экскаватор на гусеничном ходу?</h4>\r\n\r\n<p>Этот вид спецтехники востребован в строительстве, коммунальной сфере. Активно эксплуатируется в производственной, лесозаготовительной, сельскохозяйственной отраслях. Машина незаменима при проведении аварийно-спасательных и дорожно-строительных работ. Конструктивные и функциональные особенности вместе с дополнительным оснащением позволяют гусеничной технике выполнять следующие операции:\r\n</p>\r\n\r\n<ul>\r\n  <li>очищать котлованы для строительства капитальных зданий;</li>\r\n  <li>обустраивать траншеи под коммуникации, трубопроводы;</li>\r\n  <li>сооружать насыпи, кюветы вдоль дорог;</li>\r\n  <li>разрабатывать скалистый грунт;</li>\r\n  <li>рыхлить мерзлый или особо твердый грунт;</li>\r\n  <li>очищать водоемов от загрязнений и ила;</li>\r\n  <li>демонтировать монолитные, бетонные здания;</li>\r\n  <li>выполнять погрузку и выгрузку сыпучих веществ;</li>\r\n  <li>расчищать территории;</li>\r\n  <li>перемещать металлоконструкции.</li>\r\n</ul>\r\n\r\n\r\n<p>Взяв экскаватор в аренду, существующую комплектацию можно дополнить гидромолотом, ковшами специального назначения, рыхлителем, гидроножницами, это делает область применения гусеничной техники практически безграничной.</p>\r\n\r\n<h4>Преимущества гусеничной техники</h4>\r\n\r\n<p>Конструктивные особенности и гусеничная ходовая делают этот вид техники абсолютным лидером в своем сегменте. Взяв в аренду гусеничный экскаватор, сможете оценить выгоду:</p>\r\n\r\n<ol>\r\n  <li>Повышенная проходимость. Техника стабильно работает и пересекает грунтовые дороги, сельскую местность, лесную просеку и бездорожье.</li>\r\n  <li>Спецтехника маневренна, может разворачиваться в любом месте и перемещать ковш с поворотом на 360.</li>\r\n  <li>Машины надежны, ведь работают даже в суровом климате и проявляют эффективность даже при больших нагрузках.</li>\r\n  <li>Техника универсальна, так как способна выполнять сложные операции благодаря многообразию навесного оборудования. Справится не только с копкой траншей, но и погрузит необходимые материалы.</li>\r\n  <li>Экскаваторы на гусеничном ходу устойчивы, надежно защищены от опрокидывания, взбираются на самые крутые склоны и легко перемещаются по сложному рельефу.</li>\r\n</ol>\r\n\r\n<h4>Как выбрать оптимальный вариант для аренды?</h4>\r\n\r\n<p>Производительность работ зависит от силы гидравлики. Подбирать тип, размер ковша стоит исходя из особенностей грунта. Важно учесть плотность, абразивность и связность, а также наличие режущей кромки, зубьев. Вместимость можно рассчитать по формуле: грузоподъемность /(плотность материала х коэффициент заполнения).</p>\r\n\r\n<p>На сайте компании представлен широкий модельный ряд спецтехники от ведущих мировых производителей. Можно арендовать гусеничную технику по выгодным ценам.</p>\r\n\r\n<strong>\r\n  <p>Скорее выбирайте модель гусеничного экскаватора, и сдавайте работы в срок!</p>\r\n</strong>',0,'Аренда гусеничных экскаваторов',1,1,'arenda-gusenichnyh-ekskavatorov','',1600248863,1616489826,'Гусеничный экскаватор',0,'',40,107,1,'','',NULL,'107',2,0,1,'/arenda-dorozhno-stroitelnoy-tehniki/arenda-gusenichnyh-ekskavatorov/',5,NULL,NULL,NULL),(118,'/uploads/images/placeholder/placeholder.png',NULL,'<p>Для любого строительства, выполнения различных хозяйственных работ в коммунальной и других сферах необходима специализированная, часто узкопрофильная техника. Приобретение и содержание дорогостоящих механизмов для сезонных или одиночных проектов – экономически невыгодное мероприятие. Сегодня, удобным и единственно выгодным, решением стала услуга проката необходимого оборудования.</p>\r\n\r\n<p>Одной из самых востребованных разновидностей специализированной техники считается бульдозер, способный заменить многие традиционные механизмы. Конструкция бульдозера представляет собой самоходный трактор на гусеничных или колесных шасси, оборудованный навесным фронтальным щитом (отвалом). Предназначается для карьерных разработок, послойного копания и перемещения грунта, планировки участков, ремонтных дорожных работ.</p>\r\n\r\n<p>Преимущества аренды бульдозера:</p>\r\n\r\n<ul>\r\n  <li>оперативное получение нужной техники для намеченных работ;</li>\r\n  <li>возможность избежать нерациональных трат, т.к. при редком использовании покупка спецтехника не окупится;</li>\r\n  <li>экономия финансовых средств на обслуживании и ремонте машин, оплате труда персонала;</li>\r\n  <li>гарантированное предоставление технически исправной техники и замены в случае поломки.</li>\r\n</ul>\r\n\r\n<p>Определиться с выбором бульдозера помогут операторы сайта, которые ответят на интересующие вопросы по цене и техническому оснащению. В зависимости от профиля и масштаба запланированных работ, выбирают необходимую модель с подходящими характеристиками отвала и мощности тягача.</p>\r\n\r\n\r\n<p>Стальные щиты классифицируются по типу конструкции:</p>\r\n\r\n<ul>\r\n  <li>поворотный и неповоротный;</li>\r\n  <li>сферический (U)</li>\r\n  <li>прямой (S)</li>\r\n  <li>универсальный полусферический (SU)</li>\r\n  <li>сигма-отвал (Σ)</li>\r\n  <li>шарнирный и другие специальные виды.</li>\r\n</ul>\r\n\r\n<p>Оптимально подобранный отвал облегчает выполнение работ и продлевает срок службы бульдозера.</p>\r\n\r\n<p>В разделе аренда представлены практичные механизмы на гусеничном ходу, среднего тягового класса. Популярные модели Shantui и Komatsu рекомендованы в самом востребованном диапазоне, с вариантами прямых поворотных и регулируемых полусферических отвалов. Разнообразные параметры бульдозеров позволяют привлекать их не только для обработки больших площадей, но и маневрирования на небольших участках в пределах города.  Автопарк отличается высокой проходимостью и способностью работать в сложных условиях, с любым грунтом, в заболоченных местах, на глине и песке.</p>\r\n\r\n<p>На сайте компании можно купить или арендовать в #city_pr# разнообразную дорожно-строительную технику. Стоимость транспортных средств и оборудования рассчитана таким образом, чтобы товар или услуги были доступны всем клиентам. \"Автокар\" предлагает для каждого заказчика взаимовыгодные условия, независимо от сложности и объема работ, на любой подходящий срок.</p>',0,'Аренда бульдозеров',1,1,'arenda-buldozerov','',1600248937,1616489826,'Бульдозер',NULL,'',41,107,1,'','',NULL,'107',2,0,1,'/arenda-dorozhno-stroitelnoy-tehniki/arenda-buldozerov/',5,NULL,NULL,NULL),(120,'/uploads/images/placeholder/placeholder.png',NULL,'<p>Аренда автокрана - отличная возможность использовать услуги специализированной техники без ее покупки. Компания «АВТОКАР» Москва предлагает краткосрочную и длительную аренду автокранов. Машины находятся в исправном состоянии и готовы своим ходом пребыть к месту работы на территории #city_r# или #r_region#.\r\n</p>\r\n\r\n<h4>Для каких работ применяется автокран</h4>\r\n\r\n<p>Автомобильный кран - универсальная спецтехника, востребованная в строительстве, при прокладке коммуникаций, демонтаже зданий. Техника также применяется для погрузочно-разгрузочных работ металлоизделий, пиломатериалов, ЖБИ, труб, опор ЛЭП. Маневренный автокран можно арендовать для работы в стесненных условиях, в городской черте, в районах плотной застройки. У нас можно взять автокран в аренду для выполнения любых видов работ на срок от 1 рабочей смены (8 ч).</p>\r\n\r\n<h4>Технико-эксплуатационные характеристики</h4>\r\n\r\n<p>Автокраны установлен на базовое шасси высокой проходимости. Автокраны являются самоходными и могут самостоятельно приезжать к месту выполнения работ по дорогам общего пользования или по пересеченной местности.</p>\r\n\r\n<p>Основные эксплуатационные характеристики и конструктивные особенности спецтехники:</p>\r\n\r\n\r\n<ol>\r\n  <li>Максимальная г/п при подъеме и перемещении обычных грузов - 25 тонн, для опасных грузов - 20 тонн.</li>\r\n  <li>Гидравлический привод основных механизмов автокрана - возможность совмещения рабочих операций: подъем + перемещение.</li>\r\n  <li>Телескопическая трехсекционная стрела - длина одной секции 7 метров, общая длина стрелы - 21 метр.</li>\r\n  <li>Возможность комплектования стрелы гуськом длиной 9 метров.</li>\r\n  <li>Широкопрофильные шины для движения по бездорожью.</li>\r\n  <li>Комфортное место крановщика, усиленная и утепленная кабина с хорошей звукоизоляцией.</li>\r\n  <li>Наличие в комплекте выдвижных опор, подпятников для безопасной работы на объекте.</li>\r\n</ol>\r\n\r\n<h4>Условия аренды автокрана</h4>\r\n\r\n<p>Взять в аренду автокран можно при соблюдении некоторых условий:</p>\r\n\r\n<ul>\r\n  <li>температура воздуха не ниже -40 С;</li>\r\n  <li>скорость ветра не более 40 м/с;</li>\r\n  <li>уклон рабочей площадки не более 5%.</li>\r\n</ul>\r\n\r\n<p>Автокран пребывает к месту выполнения работ в исправном состоянии, заправленный топливом и техническими жидкостями. Стоимость аренды рассчитывает индивидуально и составляет от 1300 руб./час. Заказать аренду, узнать об условиях можно прямо сейчас по телефону. Мы гарантируем доставку техники точно в срок, оказываем техподдержку в течение всего срока пользования.</p>',0,'Аренда автокранов',1,1,'arenda-avtokranov','',1600249196,1616489826,'Автокран',NULL,'',42,107,1,'','',NULL,'107',2,0,1,'/arenda-dorozhno-stroitelnoy-tehniki/arenda-avtokranov/',5,NULL,NULL,NULL),(123,'',NULL,'<p>Функциональность складской и строительной спецтехники во многом зависит от качества и состояния шин. Компания «АВТОКАР» предлагает купить недорогие пневматические шины ARMOUR (Китай) для погрузчиков, экскаваторов, минипогрузчиков.</p>\r\n\r\n<h4>Конструкция и назначение</h4>\r\n\r\n<p>Пневмошины - разновидность покрышек для спецтехники накаченные воздухом. Покрышки используются для малотоннажной техники, работающей на складах, территориях промышленных предприятий, в ангарах, карьерах. Особенность пневмошин - низкая цена в сравнении с другими типами покрышек.</p>\r\n\r\n<h4>Конструктивные особенности пневматических шин ARMOUR:</h4>\r\n\r\n<ol>\r\n	<li>Изготовлены из полимерной резины с высокоэластичными свойствами.</li>\r\n	<li>Обладают хорошим сцеплением с различными поверхностями: асфальт, бетон, грунт.</li>\r\n	<li>Имеют многослойную структуру от 10 до 14 PR-слоев.</li>\r\n	<li>Блочный двух- и трехуровневый протектор с грунтозацепами.</li>\r\n	<li>Надежная диагональная или радиальная конструкция каркаса.</li>\r\n	<li>Высокая грузоподъемность, устойчивость к предельным нагрузкам.</li>\r\n	<li>Ремонтопригодность, длительный срок службы.</li>\r\n</ol>\r\n\r\n<h4>Функциональность пневматических шин</h4>\r\n\r\n<p>Пневмошины подходят для спецтехники, которая движется по ровным твердым или рыхлым поверхностям, в том числе мокрым, обледеневшим, засыпанным снегом.</p>\r\n\r\n<h4>Функции пневматических шин:</h4>\r\n\r\n<ul>\r\n	<li>амортизация ударов и толчков при транспортировке грузов;</li>\r\n	<li>передача и усиление тяговых и тормозных сил;</li>\r\n	<li>сцепление колес с поверхностью;</li>\r\n	<li>обеспечение нужной грузоподъемности;</li>\r\n	<li>сохранение дорожного покрытия.</li>\r\n</ul>\r\n\r\n<h4>Выбор пневмошин для погрузчиков</h4>\r\n\r\n<p>При выборе пневмошин рекомендуется обращать внимание на основные технические параметры: размеры, слойность, рисунок протектора. Чем выше шероховатость поверхности, по которой движется складская техника, и чем выше ее грузоподъемность, тем больше должна быть слойность покрышек. Наша компания занимается продажей китайских пневматических шин для вилочных, фронтальных погрузчиков и другой спецтехники. Представленные в каталоге изделия обладают следующими достоинствами:</p>\r\n\r\n<ul>\r\n	<li>устойчивость к перепадам температур;</li>\r\n	<li>высокая эластичность и амортизационные свойства;</li>\r\n	<li>устойчивость к проколам и повреждениям;</li>\r\n	<li>минимальный нагрев при движении;</li>\r\n	<li>увеличение устойчивости транспортного средства;</li>\r\n	<li>доступная стоимость.</li>\r\n</ul>\r\n\r\n<p><strong>Заказать</strong> пневмошины для погрузчиков можно с доставкой по #city_pr# и России.</p>\r\n',0,'Пневматические шины',1,1,'pnevmaticheskie-shiny','',1603354080,1623067835,'Пневматическая шина',NULL,'',43,98,0,'','',NULL,'98',2,0,1,'/shiny-dlya-spectehniki/pnevmaticheskie-shiny/',3,'',1,NULL),(124,'',NULL,'<p>Цельнолитые суперэластик шины используются для складской и строительной техники, эксплуатируемой в условиях интенсивной нагрузки на колеса. Компания «АВТОКАР» предлагает недорогие суперэластик шины производства ARMOUR (Китай) разных типоразмеров с доставкой по #city# и России. Доступная стоимость цельнолитых покрышек сочетается с надежностью, высоким качеством, повышенным эксплуатационным ресурсом, что подтверждается длительной гарантией производителя.</p>\r\n\r\n<h4>Конструкция и материалы</h4>\r\n\r\n<p>Суперэластик шины представляют собой трехслойную 3PR-систему:</p>\r\n\r\n<ol>\r\n	<li>Внутренний слой - жесткая основа, обеспечивающая механическую прочность покрышки.</li>\r\n	<li>Средний слой - упругий каучук, отвечающий за эффективную амортизацию и отвод тепла.</li>\r\n	<li>Внешний слой - протектор, обеспечивающий надежное сцепление с поверхностью, маневренность.</li>\r\n</ol>\r\n\r\n<p>Для производства покрышек используется вулкалан - материал на основе натурального каучука с пластифицирующими добавками. Материал обладает прочностью пластика и эластичностью обычной резины. Суперэластик шины хорошо противостоят порезам и проколам при езде по неровностям, абразивным поверхностям.</p>\r\n\r\n<h4>Назначение и критерии выбора</h4>\r\n\r\n<p>Шины суперэластик предназначены для складской и строительной спецтехники, которая работает на ровных твердых поверхностях: бетон, литые полы, камень, асфальтобетон. Шины подходят для техники независимо от грузоподъемности:</p>\r\n\r\n<ul>\r\n	<li>вилочные погрузчики;</li>\r\n	<li>экскаваторы-погрузчики;</li>\r\n	<li>дизельные, электрические, бензиновые погрузчики;</li>\r\n	<li>штабелеры, ричтраки;</li>\r\n	<li>фронтальные автопогрузчики;</li>\r\n	<li>минипогрузчики и миниэкскаваторы;</li>\r\n	<li>телескопические погрузчики.</li>\r\n</ul>\r\n\r\n<p>У нас можно купить цельнолитые шины без бурта для разборных дисков с кольцом или без него. Для выбора покрышки нужно знать типоразмер, состоящий из двух цифр:</p>\r\n\r\n<ul>\r\n	<li>первая - обозначает ширину в дюймах;</li>\r\n	<li>вторая - посадочный диаметр в дюймах.</li>\r\n</ul>\r\n\r\n<p>Знак «-» между цифрами указывает на то, что шина имеет диагональную конструкцию.</p>\r\n\r\n<h4>Достоинства суперэластик шин</h4>\r\n\r\n<p>Цельнолитые покрышки обладают достоинствами:</p>\r\n\r\n<ol>\r\n	<li>Экономия топлива. Покрышки оптимизированы для уменьшения сопротивления качению, что обеспечивает снижение топливорасхода спецтехники до 10%.</li>\r\n	<li>Самоочистка. Протектор не накапливает грязь благодаря жесткой конструкции и особенностям рисунка, что особенно важно при работе техники в торговых залах, терминалах.</li>\r\n	<li>Бережная эксплуатация подвески. Амортизационные свойства суперэластик позволяют принимать до 40% нагрузок при движении по неровностям, не передавая их на подвеску.</li>\r\n	<li>Плавное движение. Высокая эластичность обеспечивает плавное начало движение и остановку, что увеличивает ресурс работы трансмиссии.</li>\r\n	<li>Прочность, устойчивость к нагрузкам. Шины длительное время способны выдерживать предельно допустимые нагрузки, что особенно важно для грузоподъемной спецтехники.</li>\r\n	<li>Устойчивость к внешним воздействиям. Материал покрышек выдерживает колебание температур, воздействие агрессивных сред, не теряя первоначальных свойств.</li>\r\n	<li>Малошумность. Шины не издают много шума при движении по покрытиям низкого качества, что особенно важно для работы спецтехники в помещениях.</li>\r\n</ol>\r\n\r\n<p>Продажа суперэластик покрышек выполняется с доставкой. Наши менеджеры помогут подобрать цельнолитые шины, рассчитают цену с учетом скидки, организуют доставку.</p>\r\n',0,'Суперэластик шины',1,1,'superelastik-shiny','',1603354153,1623067830,'Суперэластик шина',NULL,'',44,98,0,'','',NULL,'98',2,0,1,'/shiny-dlya-spectehniki/superelastik-shiny/',3,'',1,NULL),(125,'',NULL,'<p>Передвижные подъемные столы - разновидность складской спецтехники для перемещения и поднятия грузов. Устройства используются на малых складах в качестве основного вида техники, а также на больших складах в качестве дополнения к погрузчикам, штабелерам, ричтракам. Компания «АВТОКАР» предлагает купить недорогие подъемные столы Europallet (Китай) грузоподъемностью от 350 до 800 кг.</p>\r\n\r\n<h4>Конструкция и принцип работы</h4>\r\n\r\n<p>Подъемный ножничный стол представляет собой платформу, размер которой позволяет перемещать все виды поддонов и паллет. Платформа закреплена на ножничном механизме, который приводится в действие гидравлическим приводом. Механизм оснащен колесами. Управление гидроприводом подъема и передвижением стола осуществляется вручную. Перемещение платформы в горизонтальной плоскости выполняется при помощи тяговой силы человека, приложенной к ручке, в вертикальной - при маятниковом движении ручки. Спуск платформы производится путем нажатия ручки вниз. Металлические части техники выполнены из легированной нержавеющей стали и покрыты порошковой краской с антикоррозийными свойствами.</p>\r\n\r\n<p>Простая и надежная конструкция обладает следующими достоинствами:</p>\r\n\r\n<ul>\r\n	<li>безопасность персонала за счет применения гидропривода;</li>\r\n	<li>простота эксплуатации, не требуется обучение и наличие удостоверения;</li>\r\n	<li>экономичность, техника не использует топливо, электричество;</li>\r\n	<li>интеграция в любой технологический цикл;</li>\r\n	<li>надежная, долговечная конструкция;</li>\r\n	<li>низкая стоимость покупки и владения.</li>\r\n</ul>\r\n\r\n<h4>Сфера применения</h4>\r\n\r\n<p>Подъемные столы используются:</p>\r\n\r\n<ol>\r\n	<li>На производстве для подачи сырья и комплектующих на конвейерные линии или следующий этап сборки.</li>\r\n	<li>На складах для перемещения грузов, подъема на стеллажи для хранения, а также в качестве рабочего места для сортировки товаров.</li>\r\n	<li>В качестве грузовых лифтов для подъема грузов без лифтовых шахт.</li>\r\n	<li>В строительстве для подъема стройматериалов и персонала на высоту.</li>\r\n	<li>В аэропортах для подачи багажа и других грузов на борт самолета.</li>\r\n</ol>\r\n\r\n<p>Широкая сфера применения передвижных ножничных столов обусловлена низкой ценой, широкой функциональностью, длительным сроком службы, быстрой окупаемостью.</p>\r\n\r\n<h4>Где купить подъемные столы</h4>\r\n\r\n<p>Компания «АВТОКАР» занимается продажей складской техники от ведущих производителей. Мы предлагаем новые подъемные столы Europallet, соответствующие требованиям безопасности и складским технологическим процессам. При выборе техники нужно учитывать: грузоподъемность, высоту подъема платформы, габариты, вес устройства. Доставка товаров выполняется по #city_pr# и в другие города России.</p>\r\n',0,'Подъемные столы',1,1,'podemnye-stoly','',1603889651,1623997897,'Подъемный стол',0,'',45,83,0,'','',NULL,'83',2,0,1,'/skladskaya-tehnika/podemnye-stoly/',2,'',1,NULL),(126,'/uploads/images/placeholder/placeholder.png',NULL,'',0,'Рамы',1,1,'ramy','',1607334302,1623067821,'',0,'',46,92,0,'','',NULL,'66,92',3,0,1,'/stellazhi-dlya-sklada/frontalnye-stellazhi/ramy/',4,'',1,NULL),(127,'',NULL,'',0,'Балки',1,1,'balki','',1607410531,1623067825,'',0,'',48,92,0,'','',NULL,'66,92',3,0,1,'/stellazhi-dlya-sklada/frontalnye-stellazhi/balki/',4,'',1,NULL),(128,'',NULL,'',0,'Платформенные тележки',1,1,'platformennye-telezhki','',1622547997,1623760084,'',NULL,'',49,83,0,'','',NULL,'83',2,0,1,'/skladskaya-tehnika/platformennye-telezhki/',2,'',1,NULL);

--
