
--
-- Table structure for table `product_attachment`
--

CREATE TABLE `product_attachment` (
  `product_id` int(11) NOT NULL,
  `attachment_id` int(11) NOT NULL,
  PRIMARY KEY (`product_id`,`attachment_id`),
  KEY `idx-product_attachment-product_id` (`product_id`),
  KEY `idx-product_attachment-attachment_id` (`attachment_id`),
  CONSTRAINT `fk-product_attachment-attachment` FOREIGN KEY (`attachment_id`) REFERENCES `attachment` (`id`) ON DELETE CASCADE,
  CONSTRAINT `fk-product_attachment-product` FOREIGN KEY (`product_id`) REFERENCES `product` (`id`) ON DELETE CASCADE
) ENGINE=InnoDB DEFAULT CHARSET=utf8;

--
-- Dumping data for table `product_attachment`
--

INSERT INTO `product_attachment` VALUES (63,1),(63,2),(63,3),(64,1),(64,2),(64,3),(65,1),(65,2),(65,3),(66,1),(66,2),(66,3),(67,1),(67,2),(67,3),(68,1),(68,2),(68,3),(69,1),(69,2),(69,3),(70,1),(70,2),(70,3),(71,1),(71,2),(71,3),(72,1),(72,2),(72,3);

--
-- Table structure for table `product_promo`
--

CREATE TABLE `product_promo` (
  `promo_id` int(11) NOT NULL,
  `prod_id` int(11) NOT NULL,
  KEY `fk-prod_promo-products` (`prod_id`),
  KEY `fk-prod_promo-promo` (`promo_id`),
  CONSTRAINT `fk-prod_promo-products` FOREIGN KEY (`prod_id`) REFERENCES `product` (`id`) ON DELETE CASCADE,
  CONSTRAINT `fk-prod_promo-promo` FOREIGN KEY (`promo_id`) REFERENCES `promo` (`id`) ON DELETE CASCADE
) ENGINE=InnoDB DEFAULT CHARSET=utf8mb4;

--
-- Dumping data for table `product_promo`
--

INSERT INTO `product_promo` VALUES (8,68),(9,95),(9,96),(9,97),(9,98),(9,99),(9,100),(9,101),(10,90),(10,91),(10,92),(10,93),(10,94),(11,32),(12,34),(13,50),(13,51),(13,52),(13,53),(13,54),(13,223);

--
-- Table structure for table `product_video`
--

CREATE TABLE `product_video` (
  `product_id` int(11) NOT NULL,
  `video_id` int(11) NOT NULL,
  PRIMARY KEY (`product_id`,`video_id`),
  KEY `idx-product_videos-product_id` (`product_id`),
  KEY `idx-product_videos-video_id` (`video_id`),
  CONSTRAINT `fk-product_video-product` FOREIGN KEY (`product_id`) REFERENCES `product` (`id`) ON DELETE CASCADE,
  CONSTRAINT `fk-product_video-video` FOREIGN KEY (`video_id`) REFERENCES `video` (`id`) ON DELETE CASCADE
) ENGINE=InnoDB DEFAULT CHARSET=utf8;

--
-- Dumping data for table `product_video`
--


--
-- Table structure for table `promo`
--

CREATE TABLE `promo` (
  `id` int(11) NOT NULL AUTO_INCREMENT,
  `title` varchar(255) NOT NULL,
  `preview_text` varchar(255) NOT NULL,
  `image` varchar(255) NOT NULL,
  `slug` varchar(255) DEFAULT NULL,
  `content` text,
  `active` int(11) DEFAULT NULL,
  `created_at` int(11) DEFAULT NULL,
  `updated_at` int(11) DEFAULT NULL,
  `gallery_id` int(11) DEFAULT NULL,
  `order` smallint(6) NOT NULL,
  `start_date` int(11) DEFAULT NULL,
  `end_date` int(11) DEFAULT NULL,
  `image_tablet` varchar(255) DEFAULT NULL,
  `image_mobile` varchar(255) DEFAULT NULL,
  `custom_slug` tinyint(3) DEFAULT NULL,
  `main` tinyint(3) DEFAULT NULL,
  `meta_description` varchar(255) DEFAULT NULL,
  PRIMARY KEY (`id`),
  KEY `idx-promo-gallery` (`gallery_id`),
  CONSTRAINT `fk-promo-gallery` FOREIGN KEY (`gallery_id`) REFERENCES `gallery` (`id`) ON DELETE SET NULL
) ENGINE=InnoDB AUTO_INCREMENT=14 DEFAULT CHARSET=utf8;

--
-- Dumping data for table `promo`
--

INSERT INTO `promo` VALUES (8,'Осенний ценопад: Lonking FD15DT','Lonking FD15DT по выгодной цене','/uploads/images/promo/fd15/fd_15_14.10_710.jpg','osenniy-cenopad-lonking-fd15dt','',1,1602657850,1602771306,NULL,1,1598821200,1601240400,'','',1,1,''),(9,'Осенняя распродажа гидравлических тележек','Осенняя распродажа гидравлических тележек по самым низким ценам!','/uploads/images/promo/Hydrolifts/hydro_14.10_710.jpg','osennyaya-rasprodazha-gidravlicheskih-telezhek','',1,1602676403,1602676854,NULL,2,1598821200,1604178000,'','',0,1,''),(10,'Осенняя распродажа штабелеров','Осенняя распродажа штабелеров по самым низким ценам!','/uploads/images/promo/shatbs/shtab_14.10_710.jpg','osennyaya-rasprodazha-shtabelerov','',1,1602676627,1602676627,NULL,3,1601240400,1604782800,'','',0,1,''),(11,'Осенний ценопад: LG 833','Джойстик+кондиционер! В наличии с ПСМ!','/uploads/images/promo/15.10/833/833_15.10_710.jpg','osenniy-cenopad-lg-833','<p>Ковш 1.8м3.<br />\r\nУдлиненная стрела.<br />\r\nГод выпуска <strong>2020</strong>.</p>\r\n\r\n<p><strong>В наличии и с ПСМ!</strong></p>\r\n',1,1602771005,1602771312,NULL,4,1601240400,1603573200,'','',1,1,''),(12,'Уже в продаже ! Lonking CDM 843N','Джойстик+ кондиционер! Габаритный CDM 843N','/uploads/images/promo/15.10/843/843_15.10_710.jpg','uzhe-v-prodazhe-!-lonking-cdm-843n','<p>Ковш 2.3м3</p>\r\n\r\n<p><strong>В наличии и с ПСМ!</strong></p>\r\n',1,1602771472,1602771472,NULL,5,1601240400,1601758800,'','',0,1,''),(13,'Быстросъем в подарок!','При покупке экскаватора-погрузчика MST быстросъем в подарок!','/uploads/images/promo/15.10/mst/mst_15.10_710.jpg','bystrosem-v-podarok!','',1,1602771585,1602771585,NULL,6,1601240400,1601758800,'','',0,1,'');

--
-- Table structure for table `question`
--

CREATE TABLE `question` (
  `id` int(11) NOT NULL AUTO_INCREMENT,
  `title` varchar(255) DEFAULT NULL,
  `content` text,
  `active` tinyint(3) DEFAULT NULL,
  `main` tinyint(3) DEFAULT NULL,
  `order` smallint(6) NOT NULL,
  PRIMARY KEY (`id`)
) ENGINE=InnoDB AUTO_INCREMENT=5 DEFAULT CHARSET=utf8mb4;

--
-- Dumping data for table `question`
--

INSERT INTO `question` VALUES (1,'Дилерами каких брендов вы являетесь?','<p>Автокар является официальным дилером и занимается продажей спецтехники в России от ведущих мировых производителей: Lonking, Komatsu, MST, EuroPallet, UniCarriers. У нас вы сможете приобрести спецтехнику по самой доступной цене.</p>\r\n',1,1,0),(2,'Как доставить технику в мой город?','<p>Компания АКТОКАР предлагает своим клиентам несколько способов доставки спецтехники по городам:<br />\r\n•&nbsp;&nbsp; &nbsp;Автомобильная габаритная перевозка. Техника в собранном виде.&nbsp;<br />\r\n•&nbsp;&nbsp; &nbsp;Автомобильная перевозка негабаритной техники. Спецтехника в разобранном виде<br />\r\n•&nbsp;&nbsp; &nbsp;Перевозка негабаритной и тяжеловесной техники в собранном виде с применением тралов, вездеходов, седельных тягачей<br />\r\n•&nbsp;&nbsp; &nbsp;Железнодорожные перевозки с использованием различного подвижного состава: платформы, крытые вагоны, контейнеры. Автомобильная доставка техники от железнодорожной станции до конечного получателя</p>\r\n',1,1,1),(3,'Можно ли купить технику в лизинг','<p>Можно. Лизинг – отличный вариант получить необходимую технику без крупных вложений. Перед оформлением сделки нужно внимательно изучить предложенные лизинговой компанией условия. Обычно они похожи в разных организациях, но иногда отличие в одном пункте может повлиять на размер переплаты.</p>\r\n',1,1,2),(4,'Как можно стать дилером?','<p>Мы постоянно развиваем свою дилерскую сеть по всей России. Статус официального дилера ООО \"АВТОКАР\" - это заключение дилерского соглашения, которое дает право приобретать продукцию заводов производителей Lonking, Komatsu, MST, EuroPallet, UniCarriers на основании договора купли продажи, с целью ее дальнейшей продажи, ее гарантийного и постгарантийного обслуживания.</p>\r\n',1,1,3);

--
-- Table structure for table `review`
--

CREATE TABLE `review` (
  `id` int(11) NOT NULL AUTO_INCREMENT,
  `product_id` int(11) DEFAULT NULL,
  `order` smallint(6) NOT NULL,
  `name` varchar(255) DEFAULT NULL,
  `content` text,
  `rating` int(11) DEFAULT NULL,
  `ip` varchar(255) DEFAULT NULL,
  `ua` varchar(255) DEFAULT NULL,
  `created_at` varchar(255) DEFAULT NULL,
  `updated_at` varchar(255) DEFAULT NULL,
  `approved` tinyint(1) DEFAULT NULL,
  `uid` varchar(255) DEFAULT NULL,
  PRIMARY KEY (`id`),
  KEY `idx-review-product` (`product_id`),
  CONSTRAINT `fk-review-product` FOREIGN KEY (`product_id`) REFERENCES `product` (`id`) ON DELETE SET NULL
) ENGINE=InnoDB DEFAULT CHARSET=utf8;

--
-- Dumping data for table `review`
--


--
-- Table structure for table `review_file`
--

CREATE TABLE `review_file` (
  `review_id` int(11) DEFAULT NULL,
  `image` varchar(255) DEFAULT NULL,
  KEY `fk-review_file-review` (`review_id`),
  CONSTRAINT `fk-review_file-review` FOREIGN KEY (`review_id`) REFERENCES `review` (`id`) ON DELETE CASCADE
) ENGINE=InnoDB DEFAULT CHARSET=utf8mb4;

--
-- Dumping data for table `review_file`
--


--
-- Table structure for table `review_vote`
--

CREATE TABLE `review_vote` (
  `review_id` int(11) DEFAULT NULL,
  `ua` varchar(255) DEFAULT NULL,
  `ip` varchar(255) DEFAULT NULL,
  `u_cookie` varchar(255) DEFAULT NULL,
  `created_at` varchar(255) DEFAULT NULL,
  `positive` smallint(6) DEFAULT NULL,
  `negative` smallint(6) DEFAULT NULL,
  `uid` varchar(255) DEFAULT NULL,
  KEY `fk-review_vote-review` (`review_id`),
  CONSTRAINT `fk-review_vote-review` FOREIGN KEY (`review_id`) REFERENCES `review` (`id`) ON DELETE CASCADE
) ENGINE=InnoDB DEFAULT CHARSET=utf8mb4;

--
-- Dumping data for table `review_vote`
--


--
-- Table structure for table `service`
--

CREATE TABLE `service` (
  `id` int(11) NOT NULL AUTO_INCREMENT,
  `title` varchar(255) DEFAULT NULL,
  `meta_title` varchar(255) DEFAULT NULL,
  `meta_desc` varchar(255) DEFAULT NULL,
  `image` varchar(255) DEFAULT NULL,
  `content` text,
  `gallery_id` int(11) DEFAULT NULL,
  `slug` varchar(255) DEFAULT NULL,
  `active` int(1) DEFAULT NULL,
  `price` int(11) DEFAULT NULL,
  `order` smallint(6) NOT NULL,
  PRIMARY KEY (`id`),
  KEY `idx-service-gallery` (`gallery_id`),
  CONSTRAINT `fk-service-gallery` FOREIGN KEY (`gallery_id`) REFERENCES `gallery` (`id`) ON DELETE SET NULL
) ENGINE=InnoDB AUTO_INCREMENT=22 DEFAULT CHARSET=utf8;

--
-- Dumping data for table `service`
--

INSERT INTO `service` VALUES (4,'Ремонт ТНВД - Форсунок/COMMON RAIL','','','/uploads/images/placeholder/placeholder.png','<p>Топливные насосы предназначены для подачи в цилиндры дизеля под определенным давлением и в определенный момент цикла, точно отмеренных порций топлива, соответствующих данной нагрузке приложенной к коленчатому валу. По способу впрыска различают топливные насосы непосредственного действия и с аккумуляторным впрыском.</p>\r\n\r\n<p>ТНВД является дорогостоящим устройством, которое очень требовательно к качеству топлива и смазочных материалов. Если автомобиль эксплуатируется на горючем низкого качества, такое топливо обязательно содержит твердые частицы, пыль, молекулы воды и т.д. Все это ведет к выходу из строя плунжерных пар, которые установлены в насосе с минимальным допуском, измеряющимся в микронах.</p>\r\n',38,'remont-tnvd---forsunokcommon-rail',1,1,1),(5,'Ремонт АКПП','','','/uploads/images/placeholder/placeholder.png','<p><strong>Ремонт АКПП</strong>&nbsp;фронтального и любого другого погрузчика мы выполняем в максимально короткие сроки. Это достигается благодаря опыту и профессионализму специалистов, современному высокотехнологичному оборудованию и собственному&nbsp;складу запчастей. Работа существенно ускоряется, когда нет необходимости заниматься поиском нужных деталей. Что касается цен, то они конкурентные и обоснованные по всему ЦФО.</p>\r\n',38,'remont-akpp',1,1,0),(6,'Ремонт управляемого моста','','','/uploads/images/placeholder/placeholder.png','<p>Управляемый мост – узел погрузчика, ответственный за управление спецтехникой, на который припадает наибольшая нагрузка. На технике с малой грузоподъёмностью (до 5 т.) рулевая система крепится к несущей раме при помощи втулок. Конструкции системы у разных производителей и модификаций схожа и имеет один общий, но отрицательный для отечественных владельцев, изъян. Ввиду того что в российских реалиях техника эксплуатируется с несоблюдением сроком посещения станции технического обслуживания, по некачественному покрытию, на железнодорожных переездах, с самостоятельным запрыгиванием на бордюры, присутствует постоянная вибрация. В результате рулевые наконечники, подшипники ступиц и рулевых тяг выходят из строя ранее заявленного производителем моторесурса. Если вовремя выполнить ремонт управляемых мостов на погрузчике, то владелец бизнеса сможет вложиться в несколько тысяч рублей, а техника не будет задействована в рабочем процессе на протяжении всего пары часов, что минимизирует экономические издержки.</p>\r\n\r\n<p>Если вилочная складская техника вовремя не обслуживалась и появились люфты в поворотных кулаках, колёса стали стоять неровно, стал рассыпаться подшипник, скорее всего, не избежать капитального ремонта (с заменой поворотного кулака и балки моста), который выполняется нашими специалистами в кротчайшие сроки.</p>\r\n\r\n<p>Чтобы избежать дорогостоящего и продолжительного ремонта, мы рекомендуем контролировать текущее состояние управляемых мостов, и при выявлении малейших подозрений на неисправность, устранять их при помощи наших мастеров.</p>\r\n\r\n<p>Если же мост вашей техники имеет явные следы выработки, мы предлагаем сервисную услугу по регенерации плоскости поворотных кулаков и полной сменой проушин. Такая процедура, как показывает многолетний опыт функционирования нашего специализированного СТО, при относительно низкой стоимости услуг, даёт отличный результат без необходимости покупки нового поворотного элемента в сборе.</p>\r\n\r\n<p>После проведения сервисных работ, наши механики дадут подробные рекомендации касательно правильной эксплуатации спец. техники, что позволит избежать внепланового ремонта управляемых мостов на погрузчике.</p>\r\n',38,'remont-upravlyaemogo-mosta',1,1,2),(7,'Диагностика сканером','','','/uploads/images/placeholder/placeholder.png','',NULL,'diagnostika-skanerom',0,1,3),(8,'Ремонт электрооборудования ','','','/uploads/images/placeholder/placeholder.png','<p>Диагностика, ремонт, восстановление электрических цепей, ремонт и замена электрических агрегатов, ремонт электронных блоков погрузчика.</p>\r\n\r\n<p>От работы компонентов&nbsp;электрооборудования спецтехники&nbsp;зависит слаженная работа всех узлов и агрегатов в целом. Неисправность небольшого электронного модуля может вызвать отказ от работы двигателя, КПП, рабочих органов, а для самостоятельного ремонта может потребоваться много времени и денежных средств. В ООО «Автокар» есть полный набор диагностических средств для оперативного выявления неисправного элемента электроники специальной техники, а также все необходимые инструменты для ремонта сломанного узла. В случае невозможности ремонта, электронное оборудование нужно сразу менять.</p>\r\n\r\n<p>Высококвалифицированные специалисты ООО «Автокар» ремонтируют и&nbsp;обслуживают электрооборудование&nbsp;широкого перечня спецтехники: автопогрузчиков, складской техники, а также других видов дорожно строительной техники.</p>\r\n\r\n<p>Кроме ремонта&nbsp;электрооборудования&nbsp;в ООО «Автокар» можно купить все необходимые запасные части и расходники: кабеля, реле, предохранители, аккумуляторы, генераторы, стартеры, блоки управления двигателем, габаритные и ходовые огни, различные датчики.</p>\r\n',38,'remont-elektrooborudovaniya',0,1,4),(9,'Установка доп. оборудования','','','/uploads/images/placeholder/placeholder.png','<p>Предлагаем Вам навесное оборудование для автопогрузчиков, фронтальных погрузчиков, минипогрузчиков, телескопических погрузчиков, экскаваторов – погрузчиков и экскаваторов.</p>\r\n\r\n<p>Данные агрегаты отличаются качеством, надежностью и универсальностью, подходит для всех типов погрузчиков как для новых, так и бывших в употреблении. При помощи навесного оборудования для погрузчиков Вы существенно, увеличите производительность вашего погрузчика. Наше навесное оборудование сменное, а это значит, что одним погрузчиком Вы можете выполнять широкий спектр работ от грузообработки до уборки территории предприятия. Поставляемое оборудование нашей компанией соответствует всем нормам безопасности, качества и технической документации.</p>\r\n\r\n<p>Компания предлагает вилы, навесное оборудование и запасные части к нему по всему ЦФО. Под заказ мы можем поставить и установить любое навесное оборудование на погрузчик, начиная от вил нестандартной длины до сложных захватов для снятия и установки колес карьерных самосвалов. Возможна поставка нестандартного навесного оборудования по индивидуальным параметрам. Также Вы можете приобрести и установить у нас газовое оборудование и кабины на погрузчики любых марок.&nbsp;</p>\r\n',38,'ustanovka-dop-oborudovaniya',0,1,5),(10,'Выездной ремонт','','','/uploads/images/placeholder/placeholder.png','<p>Выездная служба располагает опытным персоналом и оборудованием и способна провести техническое обслуживание, а также мелкий и средний ремонт погрузчиков и складской техники с выездом к клиенту по всему ЦФО.</p>\r\n',38,'vyezdnoy-remont',0,1,6),(11,'Нарезка шин','','','/uploads/images/placeholder/placeholder.png','<p>Нарезка шин – самый быстрый и легкий способ сократить расходы на эксплуатацию грузовых шин. Нарезка увеличивает жизнь шины и обеспечивает дополнительный срок службы. Дополнительная нарезка состоит в углублении существующего рисунка протектора, когда беговая дорожка изношена до 3–4мм. Фактически большинство современных качественных грузовых шин подходят для дополнительной нарезки благодаря толстому слою специальной резины под протектором. Этот дополнительный слой резины представляет собой часть протектора, однако на новой шине она остается ненарезанной для увеличения стабильности характеристик колеса. Нарезанная шина – это новая или восстановленная шина, на которой был реконструирован или произведен заново рисунок протектора с погружением в толщу на большую глубину, чем была оригинальная. Дополнительный слой каучука под нарезку (около 4мм) позволяет существенно увеличить срок службы шины.</p>\r\n\r\n<p>Комплектация автомобилей шинами с углубленным рисунком протектора методом нарезки осуществляется согласно требованиям ГОСТ51709-2001, ОСТ38-47-170-95,ОСТ 38-47-171-95.</p>\r\n\r\n<p>Разрешенная ГОСТом и прочими нормативными актами нарезка позволяет:</p>\r\n\r\n<p>– при незначительных затратах восстановить сцепные свойства шин;</p>\r\n\r\n<p>– значительно увеличить пробег шин (на 20–30%), беговая дорожка в этой стадии изнашивается медленнее;</p>\r\n\r\n<p>– достичь экономии топлива, поскольку шина продолжает работу в состоянии наименьшего сопротивлению качению.</p>\r\n\r\n<p>Однако перед нарезкой необходимо убедиться в наличии на боковине шины надписи «regroovable». При ее отсутствии нарезка не производится.</p>\r\n\r\n<p>В протектор многих шин встроены индикаторы нарезки, которые не только показывают, что время нарезки пришло, но и позволяют определить правильную ее глубину.</p>\r\n\r\n<p>Нарезка должна производиться квалифицированными специалистами с использованием специального оборудования. Перед нарезкой необходимо провести осмотр шины, протектора, боковин. Любые повреждения должны быть устранены. Шина, на протекторе которой имеются трещины, многочисленные порезы или разрывы, бракуется, и нарезка на ней не производится. Подобные шины могут быть «нарезаны» только после восстановления протектора</p>\r\n',38,'narezka-shin',0,1,7),(12,'Ремонт редукторов','','','/uploads/images/placeholder/placeholder.png','',NULL,'remont-reduktorov',0,1,8),(13,'Покраска','','','/uploads/images/placeholder/placeholder.png','',38,'pokraska',0,1,9),(14,'Ремонт гидронасосов','','','/uploads/images/placeholder/placeholder.png','',38,'remont-gidronasosov',0,1,10),(15,'Ремонт ведущего моста','','','/uploads/images/placeholder/placeholder.png','',38,'remont-veduschego-mosta',0,1,11),(16,'Ремонт ДВС','','','/uploads/images/placeholder/placeholder.png','',38,'remont-dvs',0,1,12),(17,'Шиномонтаж\\напрессовка','','','/uploads/images/placeholder/placeholder.png','',38,'shinomontazhnapressovka',0,1,13),(18,'ТО погрузчиков','','','/uploads/images/placeholder/placeholder.png','',38,'to-pogruzchikov',0,1,14),(19,'Ремонт трансмиссии','','','/uploads/images/placeholder/placeholder.png','',38,'remont-transmissii',0,1,15),(20,'Ремонт ДСТ','','','/uploads/images/placeholder/placeholder.png','',38,'remont-dst',0,1,16),(21,'Ремонт грузоподъемной мачты','','','/uploads/images/placeholder/placeholder.png','',38,'remont-gruzopodemnoy-machty',0,1,17);

--
-- Table structure for table `setting`
--

CREATE TABLE `setting` (
  `id` int(11) NOT NULL AUTO_INCREMENT,
  `key` varchar(255) DEFAULT NULL,
  `value` varchar(255) DEFAULT NULL,
  PRIMARY KEY (`id`)
) ENGINE=InnoDB AUTO_INCREMENT=5 DEFAULT CHARSET=utf8;

--
-- Dumping data for table `setting`
--

INSERT INTO `setting` VALUES (1,'sitename','Автокар - продажа строительной техники'),(2,'review_protection','1'),(3,'review_protection_value','5'),(4,'db_query_cache_time','3600');

--
-- Table structure for table `slider`
--

CREATE TABLE `slider` (
  `id` int(11) NOT NULL AUTO_INCREMENT,
  `title` varchar(255) DEFAULT NULL,
  `image` varchar(255) DEFAULT NULL,
  `image_tablet` varchar(255) DEFAULT NULL,
  `image_mobile` varchar(255) DEFAULT NULL,
  `image_caption` varchar(255) DEFAULT NULL,
  `href` varchar(255) DEFAULT NULL,
  `active` tinyint(3) DEFAULT NULL,
  `order` smallint(6) NOT NULL,
  PRIMARY KEY (`id`)
) ENGINE=InnoDB AUTO_INCREMENT=8 DEFAULT CHARSET=utf8mb4;

--
-- Dumping data for table `slider`
--

INSERT INTO `slider` VALUES (1,'Официальный дилер Lonking','/uploads/images/slider/1920.jpg','/uploads/images/slider/768.jpg','/uploads/images/slider/600.jpg','Официальный дилер Lonking','',1,6),(2,'Lonking fd15dt по акции','/uploads/images/promo/fd15/fd_15_14.10_full.jpg','/uploads/images/promo/fd15/fd_15_14.10_768.jpg','/uploads/images/promo/fd15/fd_15_14.10_600.jpg','Lonking fd15dt по акции','/offers/osenniy-cenopad-lonking-fd15dt/',1,0),(3,'Осенняя распродажа гидравлических тележек','/uploads/images/promo/Hydrolifts/hydro_14.10_1920.jpg','/uploads/images/promo/Hydrolifts/hydro_14.10_768.jpg','/uploads/images/promo/Hydrolifts/hydro_14.10_600.jpg','Осенняя распродажа гидравлических тележек','/offers/osennyaya-rasprodazha-gidravlicheskih-telezhek/',1,4),(4,'Осенняя распродажа штабелеров','/uploads/images/promo/shatbs/shtab_14.10_1920.jpg','/uploads/images/promo/shatbs/shtab_14.10_768.jpg','/uploads/images/promo/shatbs/shtab_14.10_600.jpg','Осенняя распродажа штабелеров','/offers/osennyaya-rasprodazha-shtabelerov/',1,5),(5,'Осенний ценопад: LG 833','/uploads/images/promo/15.10/833/833_15.10_full.jpg','/uploads/images/promo/15.10/833/833_15.10_768.jpg','/uploads/images/promo/15.10/833/833_15.10_600.jpg','Осенний ценопад: LG 833','/offers/osenniy-cenopad-lg-833/',1,1),(6,'Уже в продаже ! Lonking CDM 843N','/uploads/images/promo/15.10/843/843_15.10_full.jpg','/uploads/images/promo/15.10/843/843_15.10_768.jpg','/uploads/images/promo/15.10/843/843_15.10_600.jpg','Уже в продаже ! Lonking CDM 843N','/offers/uzhe-v-prodazhe-%21-lonking-cdm-843n/',1,2),(7,'Быстросъем в подарок!','/uploads/images/promo/15.10/mst/mst_15.10_full.jpg','/uploads/images/promo/15.10/mst/mst_15.10_768.jpg','/uploads/images/promo/15.10/mst/mst_15.10_600.jpg','Быстросъем в подарок!','/offers/bystrosem-v-podarok%21/',1,3);

--
-- Table structure for table `tags`
--

CREATE TABLE `tags` (
  `id` int(11) NOT NULL AUTO_INCREMENT,
  `admin_title` varchar(255) DEFAULT NULL,
  `title` varchar(255) DEFAULT NULL,
  `content` text,
  `slug` varchar(255) DEFAULT NULL,
  `created_at` int(11) DEFAULT NULL,
  `updated_at` int(11) DEFAULT NULL,
  `custom_slug` tinyint(3) DEFAULT NULL,
  PRIMARY KEY (`id`)
) ENGINE=InnoDB AUTO_INCREMENT=13 DEFAULT CHARSET=utf8mb4;

--
-- Dumping data for table `tags`
--

INSERT INTO `tags` VALUES (5,'Вилки_дизель_Лонкинг(Брендовый)','Lonking','','lonking',1602164719,1602165326,1),(6,'Вилки_дизель_Комацу(Брендовый)','Komatsu','','komatsu',1602164749,1602165329,1),(7,'Экскаваторы Lonking(Брендовый)','Lonking','','lonking',1602594417,1602594508,0),(8,'Экскаваторы MST(Брендовый)','MST','','mst',1602594537,1602594537,0),(9,'Электричики Lonking (Брендовый)','Lonking','','lonking',1602595245,1602595253,0),(10,'Электричики Komatsu (Брендовый)','Komatsu','','komatsu',1602595268,1602595377,0),(11,'Вилки_газ_Лонкинг(Брендовый)','Lonking','','lonking',1602595617,1602595617,0),(12,'Вилки_газ_Komatsu(Брендовый)','Komatsu','','komatsu',1602595632,1602595632,0);

--
-- Table structure for table `user`
--

CREATE TABLE `user` (
  `id` int(11) NOT NULL AUTO_INCREMENT,
  `username` varchar(255) NOT NULL,
  `auth_key` varchar(32) NOT NULL,
  `password_hash` varchar(255) NOT NULL,
  `password_reset_token` varchar(255) DEFAULT NULL,
  `email` varchar(255) NOT NULL,
  `status` smallint(6) NOT NULL DEFAULT '10',
  `created_at` int(11) NOT NULL,
  `updated_at` int(11) NOT NULL,
  PRIMARY KEY (`id`),
  UNIQUE KEY `username` (`username`),
  UNIQUE KEY `email` (`email`),
  UNIQUE KEY `password_reset_token` (`password_reset_token`)
) ENGINE=InnoDB AUTO_INCREMENT=3 DEFAULT CHARSET=utf8;

--
-- Dumping data for table `user`
--

INSERT INTO `user` VALUES (2,'admin','h2-8rAbu5aaOQ6mrj8U-RJA_68E7tKe3','$2y$13$zGKwBtuUmbt.vVPjOgxN1uVwcOqc8dLWHZFDj6zcDF2SnG26XoeKO',NULL,'it6@autocar-orel.ru',10,1602842617,1602842617);

--
-- Table structure for table `vacancy`
--

CREATE TABLE `vacancy` (
  `id` int(11) NOT NULL AUTO_INCREMENT,
  `title` varchar(255) DEFAULT NULL,
  `content` text,
  `city_id` int(11) DEFAULT NULL,
  `order` smallint(6) NOT NULL,
  PRIMARY KEY (`id`),
  KEY `idx-vacancy-city` (`city_id`),
  CONSTRAINT `fk-vacancy-city` FOREIGN KEY (`city_id`) REFERENCES `city` (`id`) ON DELETE SET NULL
) ENGINE=InnoDB AUTO_INCREMENT=3 DEFAULT CHARSET=utf8;

--
-- Dumping data for table `vacancy`
--

INSERT INTO `vacancy` VALUES (1,'Слесарь механик по обслуживанию техники','<p>Обязанности:</p>\r\n\r\n<ul>\r\n	<li>обслуживание и ремонт дорожно-строительной и складской техники в гарантийный и постгарантийный период</li>\r\n	<li>сборка и предпродажная подготовка техники</li>\r\n</ul>\r\n\r\n<p>Требования:</p>\r\n\r\n<ul>\r\n	<li>опыт работы от 1 года</li>\r\n	<li>водительские права категории \"В\"</li>\r\n	<li>ответственность</li>\r\n</ul>\r\n\r\n<p>Условия:</p>\r\n\r\n<ul>\r\n	<li>график работы 5/2, 09.00-18.00</li>\r\n	<li>корпоративная связь</li>\r\n	<li>корпоративный автомобиль, оплата ГСМ</li>\r\n	<li>оформление согласно ТК РФ</li>\r\n	<li>ограничений по заработку нет</li>\r\n</ul>\r\n',5,0),(2,'Менеджер отдела запчастей/руководитель отдела','<p>Требуемый опыт работы: 1–3 года</p>\r\n\r\n<p>Полная занятость, полный день<br />\r\nВ связи с расширением штата компания Автокар объявляет набор в отдел продаж запасных частей.<br />\r\nОбязанности менеджера по продажам запчастей:<br />\r\n- продажа запчастей и шин на дорожно-строительную, складскую технику, складское оборудование<br />\r\n- продажа расходных материалов на ДСТ и складскую технику<br />\r\n- переговоры с клиентами, заключение договоров, ведение сопроводительной документации<br />\r\n- рассылка коммерческих предложений<br />\r\n- работа с транспортными компаниями<br />\r\n- работа с базой, пополнение базы<br />\r\nТребования:<br />\r\n- грамотность, ответственность, оперативность, умение достигать результата<br />\r\n- умение работать с каталогами запчастей<br />\r\n- знание 1С<br />\r\n- уверенный пользователь ПК<br />\r\n- опыт работы в аналогичной должности от 6 месяцев (продажа автозапчастей, запчастей к спецтехнике, сельхозтехнике, складской технике)<br />\r\nУсловия:<br />\r\n- оформление согласно ТК РФ<br />\r\n- оплата труда: оклад+% с продажи запчастей, ограничений по заработку нет<br />\r\n- график работы понедельник-пятница 8.30-17.30<br />\r\n- предоставляется корпоративный автомобиль, оплата ГСМ<br />\r\n- корпоративная связь<br />\r\n- обучение, помощь в работе<br />\r\n- полная занятость, полный день</p>\r\n',3,1);

--
-- Table structure for table `value`
--

CREATE TABLE `value` (
  `product_id` int(11) NOT NULL,
  `attribute_id` int(11) NOT NULL,
  `value` varchar(255) NOT NULL,
  PRIMARY KEY (`product_id`,`attribute_id`),
  KEY `idx-value-product_id` (`product_id`),
  KEY `idx-value-attribute_id` (`attribute_id`),
  CONSTRAINT `fk-value-attribute` FOREIGN KEY (`attribute_id`) REFERENCES `attribute` (`id`) ON DELETE CASCADE,
  CONSTRAINT `fk-value-product` FOREIGN KEY (`product_id`) REFERENCES `product` (`id`) ON DELETE CASCADE
) ENGINE=InnoDB DEFAULT CHARSET=utf8;

--
-- Dumping data for table `value`
--

INSERT INTO `value` VALUES (29,7,'1'),(29,8,'1600'),(29,44,'55'),(30,7,'1'),(30,8,'1800'),(30,44,'63'),(31,7,'1'),(31,8,'1500'),(31,44,'185'),(32,7,'1.8'),(32,8,'3000'),(32,44,'92'),(33,7,'2'),(33,8,'3500'),(33,44,'98'),(34,7,'2'),(34,8,'4000'),(34,44,'102'),(36,7,'3'),(36,8,'5000'),(36,44,'161,8'),(37,7,'3'),(37,8,'5000'),(37,44,'162'),(38,7,'3'),(38,8,'6000'),(38,44,'175'),(39,7,'3.5'),(39,8,'6000'),(39,44,'185'),(41,7,'0.43'),(41,8,'900'),(41,21,'3000'),(41,41,'1820'),(41,42,'3020'),(42,7,'0.43'),(42,8,'800'),(42,21,'2800'),(42,41,'1740'),(42,42,'3020'),(43,43,'15000'),(46,31,'16800'),(46,38,'120'),(47,31,'24000'),(47,38,'175'),(48,7,'1'),(48,31,'25500'),(49,7,'1.35'),(49,31,'25500'),(50,46,'Равновеликие'),(50,47,'Джойстики'),(51,46,'Разновеликие'),(51,47,'Джойстики'),(52,46,'Равновеликие'),(52,47,'Джойстики'),(53,39,'5863/2400/3944 мм.'),(53,46,'Разновеликие'),(53,47,'Рычаги'),(54,46,'Разновеликие'),(54,47,'Рычаги'),(63,8,'2000'),(63,23,'3000'),(63,25,'Дизельный'),(64,8,'2500'),(64,23,'3000'),(64,25,'Дизельный'),(65,8,'3000'),(65,23,'3000'),(65,25,'Дизельный'),(66,8,'3500'),(66,23,'3000'),(66,25,'Дизельный'),(67,8,'1500'),(67,23,'3000'),(67,25,'Дизельный'),(68,8,'1500'),(68,23,'3000'),(68,25,'Дизельный'),(69,8,'2500'),(69,23,'3000'),(69,25,'Дизельный'),(70,8,'2000'),(70,23,'3000'),(70,25,'Дизельный'),(71,8,'3000'),(71,23,'3000'),(71,25,'Дизельный'),(72,8,'5000'),(72,23,'3000'),(72,25,'Дизельный'),(73,8,'3500'),(73,10,'7800'),(73,12,'PERKINS 1104C-44T'),(73,39,'5.23×2.07×2.1 м'),(73,40,'7750'),(74,8,'4000'),(74,10,'6350'),(74,12,'PERKINS 1104C-44T'),(74,39,'4.53×2.07×2.1 м'),(74,40,'7360'),(75,8,'4000'),(75,10,'8700'),(75,12,'PERKINS 1104C-44T'),(75,39,'5.37×2.52×2.35 м'),(75,40,'9980'),(76,8,'3500'),(76,10,'11000'),(76,12,'PERKINS 1104C-44T'),(76,39,'5.05×2.35×2.54 м'),(76,40,'10380'),(77,8,'3500'),(77,10,'13000'),(77,12,'PERKINS 1104C-44T'),(77,39,'5.80×2.35×2.54 м'),(77,40,'11200'),(78,8,'3000'),(78,10,'16300'),(78,12,'PERKINS 1104C-44T'),(78,39,'6.20×2.35×2.54 м'),(78,40,'12220'),(79,43,'10000'),(80,43,'12000'),(81,43,'12000'),(82,43,'14000'),(83,43,'14000'),(84,43,'16000'),(85,43,'18000'),(86,43,'20000'),(87,43,'20000'),(88,43,'26000'),(89,43,'3000'),(90,8,'1000'),(90,10,'1600'),(90,13,'1150'),(91,8,'1500'),(91,10,'1600'),(91,13,'1150'),(92,8,'2000'),(92,10,'1600'),(92,13,'1150'),(93,8,'1000'),(93,10,'2500'),(93,13,'1150'),(94,8,'1500'),(94,10,'3000'),(94,13,'1150'),(95,8,'2000'),(95,10,'190'),(95,13,'1150'),(96,8,'2500'),(96,10,'190'),(96,13,'1150'),(97,8,'2500'),(97,10,'190'),(97,13,'1150'),(98,8,'2500'),(98,10,'190'),(98,13,'800'),(99,8,'2500'),(99,10,'190'),(99,13,'1500'),(100,8,'2500'),(100,10,'190'),(100,13,'1800'),(101,8,'2500'),(101,10,'190'),(101,13,'2000'),(102,8,'2.5'),(102,10,'195'),(102,13,'1150'),(103,8,'1600'),(103,10,'6750'),(104,8,'2000'),(104,10,'6750'),(105,8,'1000'),(105,10,'5700'),(106,8,'1300'),(106,23,'3000'),(106,25,'Электрический'),(106,38,'11'),(107,8,'1600'),(107,23,'3000'),(107,25,'Электрический'),(107,38,'11'),(108,8,'1600'),(108,23,'3000'),(108,25,'Электрический'),(108,38,'9.2'),(109,8,'1800'),(109,23,'3000'),(109,25,'Электрический'),(109,38,'9.2'),(110,8,'2000'),(110,23,'3000'),(110,25,'Электрический'),(110,38,'11'),(111,8,'2000'),(111,23,'3000'),(113,8,'3000'),(113,23,'3000'),(114,8,'3500'),(114,23,'3000'),(150,7,'2.2'),(150,31,'48200'),(151,7,'1.6'),(151,31,'34000'),(152,7,'1.6'),(152,31,'34300'),(153,7,'1.16'),(153,31,'22000'),(154,7,'1.1'),(154,31,'21800'),(155,7,'1.16'),(155,31,'22000'),(156,7,'0.56'),(156,31,'14000'),(157,7,'0.36'),(157,31,'8600'),(158,7,'0.25'),(158,31,'6050'),(159,43,'16000'),(161,43,'17050'),(162,8,'3000'),(162,11,'4000'),(162,23,'3000'),(162,27,'2001'),(162,28,'Да'),(162,29,'Да'),(163,8,'1500'),(163,11,'5614'),(163,23,'3000'),(163,27,'2012'),(163,28,'Да'),(163,29,'Нет'),(164,8,'2000'),(164,11,'8675'),(164,23,'3000'),(164,27,'2001'),(164,28,'Да'),(164,29,'Нет'),(165,8,'3500'),(165,11,'6194'),(165,23,'3000'),(165,27,'2005'),(165,28,'Да'),(165,29,'Да'),(166,8,'3000'),(166,11,'6719'),(166,23,'4500'),(166,27,'2012'),(166,28,'Да'),(166,29,'Да'),(167,8,'1.5'),(167,11,'9237'),(167,23,'3000'),(167,27,'2008'),(167,28,'Нет'),(167,29,'Нет'),(168,8,'2000'),(168,10,'2090'),(169,8,'1250'),(169,10,'4190'),(170,8,'1250'),(170,10,'2090'),(171,8,'1600'),(171,10,'2090'),(172,8,'2000'),(172,10,'5400'),(173,8,'1250'),(173,10,'2090'),(174,8,'1250'),(174,10,'4190'),(175,8,'1600'),(175,10,'5400'),(176,8,'2000'),(176,10,'6750'),(177,8,'1600'),(177,10,'6750'),(178,8,'1000'),(178,10,'6300'),(179,8,'3000'),(179,10,'205'),(180,8,'2000'),(180,10,'205'),(181,8,'2000/700'),(181,10,'730'),(182,8,'1600/1800/2000'),(182,10,'220'),(183,8,'1800'),(183,10,'205'),(184,8,'2000'),(184,10,'205'),(185,8,'2000'),(185,10,'205'),(186,8,'3000'),(186,10,'205'),(187,8,'2000'),(187,10,'205'),(188,8,'1800'),(188,10,'730'),(189,8,'2000'),(189,10,'205'),(190,8,'2500'),(190,10,'205'),(191,8,'2000'),(191,10,'11500'),(192,8,'2500'),(192,10,'8950'),(193,8,'2000'),(193,10,'12100/14500'),(194,8,'1400'),(194,10,'7250'),(195,8,'1200'),(195,10,'7250'),(196,8,'2000/1000'),(196,10,'12100'),(197,8,'2000'),(197,10,'8500'),(198,8,'2500'),(198,10,'9700'),(199,8,'1600'),(199,10,'8950'),(200,8,'2000'),(200,10,'8950'),(201,8,'1400'),(201,10,'8950'),(202,8,'1600'),(202,10,'10800'),(203,31,'17000'),(203,38,'131'),(205,31,'19900'),(205,38,'143'),(206,31,'23600'),(206,38,'175'),(207,31,'35900'),(207,38,'257'),(222,7,'3'),(222,8,'5000'),(222,44,'162'),(223,46,'Разновеликие'),(223,47,'Джойстики'),(224,8,'1500'),(224,23,'3000'),(224,25,'Дизельный'),(224,34,'AX/BX'),(225,8,'1750'),(225,23,'3000'),(225,25,'Дизельный'),(225,34,'AX/BX'),(226,8,'2000'),(226,23,'3000'),(226,25,'Дизельный'),(226,34,'AX/BX'),(227,8,'2500'),(227,23,'3000'),(227,25,'Дизельный'),(227,34,'AX/BX'),(228,8,'3000'),(228,23,'3000'),(228,25,'Дизельный'),(228,34,'AX/BX'),(229,8,'3500'),(229,23,'3000'),(229,25,'Дизельный'),(229,34,'AX/BX'),(230,8,'1000'),(230,23,'3000'),(230,25,'Дизельный'),(230,34,'AX/BX'),(231,8,'2000'),(231,23,'3000'),(231,25,'Дизельный'),(231,34,'AX/BX'),(232,8,'6000'),(232,23,'3000'),(232,25,'Дизельный'),(232,34,'DX'),(233,8,'7000'),(233,23,'3000'),(233,25,'Дизельный'),(233,34,'DX'),(234,8,'8000'),(234,23,'3000'),(234,25,'Дизельный'),(234,34,'DX'),(235,8,'10000'),(235,23,'3000'),(235,25,'Дизельный'),(235,34,'EX'),(236,8,'11500'),(236,23,'3000'),(236,25,'Дизельный'),(236,34,'EX'),(237,8,'3500'),(237,23,'3000'),(237,25,'Дизельный'),(237,34,'CX'),(238,8,'13500'),(238,23,'3000'),(238,25,'Дизельный'),(238,34,'EX'),(239,8,'15000'),(239,23,'3000'),(239,25,'Дизельный'),(239,34,'EX'),(240,8,'16000'),(240,23,'3000'),(240,25,'Дизельный'),(240,34,'EX'),(241,8,'4000'),(241,23,'3000'),(241,25,'Дизельный'),(241,34,'FH'),(242,8,'4500'),(242,23,'3000'),(242,25,'Дизельный'),(242,34,'FH'),(243,8,'5000'),(243,23,'3000'),(243,25,'Дизельный'),(243,34,'FH'),(244,8,'20000'),(244,23,'3000'),(244,25,'Дизельный'),(244,34,'FX/GX'),(245,8,'25000'),(245,23,'3000'),(245,25,'Дизельный'),(245,34,'FX/GX'),(246,8,'4000'),(246,23,'3000'),(246,25,'Дизельный'),(246,34,'CX'),(247,8,'4000'),(247,23,'3000'),(247,25,'Дизельный'),(247,34,'CX'),(248,8,'5000'),(248,23,'3000'),(248,25,'Дизельный'),(248,34,'CX'),(249,8,'3500'),(249,23,'3000'),(249,25,'Дизельный'),(249,34,'CX'),(250,8,'20000'),(250,23,'3000'),(250,25,'Дизельный'),(250,34,'FX/GX'),(251,8,'25000'),(251,23,'3000'),(251,25,'Дизельный'),(251,34,'FX/GX'),(252,8,'4500'),(252,23,'3000'),(252,25,'Дизельный'),(252,34,'CX'),(253,8,'2500'),(253,23,'3000'),(253,25,'Электрический'),(253,34,'BE'),(254,8,'3000'),(254,23,'3000'),(254,25,'Электрический'),(254,34,'BE'),(255,8,'1500'),(255,23,'3000'),(255,25,'Электрический'),(255,34,'AE/AM'),(256,8,'1500'),(256,23,'3000'),(256,25,'Электрический'),(256,34,'AE/AM'),(257,8,'1750'),(257,23,'3000'),(257,25,'Электрический'),(257,34,'AE/AM'),(258,8,'1750'),(258,23,'3000'),(258,25,'Электрический'),(258,34,'AE/AM'),(259,8,'2000'),(259,23,'3000'),(259,25,'Электрический'),(259,34,'AE/AM'),(260,8,'2000'),(260,23,'3000'),(260,25,'Электрический'),(260,34,'AE/AM'),(261,8,'1500'),(261,23,'3000'),(261,25,'Бензиновый'),(261,34,'AX/BX'),(262,8,'1750'),(262,23,'3000'),(262,25,'Бензиновый'),(262,34,'AX/BX'),(263,8,'2000'),(263,23,'3000'),(263,25,'Бензиновый'),(263,34,'AX/BX'),(264,8,'2500'),(264,23,'3000'),(264,25,'Бензиновый'),(264,34,'AX/BX'),(266,8,'3000'),(266,23,'3000'),(266,25,'Бензиновый'),(266,34,'AX/BX'),(267,8,'3500'),(267,25,'Бензиновый'),(267,34,'AX/BX'),(268,8,'1500'),(268,23,'3000'),(268,25,'Бензиновый'),(268,34,'AX/BX'),(269,8,'1750'),(269,23,'3000'),(269,25,'Бензиновый'),(269,34,'AX/BX'),(270,8,'2000'),(270,23,'3000'),(270,25,'Бензиновый'),(270,34,'AX/BX'),(271,8,'2000'),(271,23,'3000'),(271,25,'Бензиновый'),(271,34,'AX/BX'),(272,8,'2500'),(272,23,'3000'),(272,25,'Бензиновый'),(272,34,'AX/BX'),(273,8,'3000'),(273,23,'3000'),(273,25,'Бензиновый'),(273,34,'AX/BX'),(274,8,'1000'),(274,23,'3000'),(274,25,'Бензиновый'),(274,34,'AX/BX'),(275,8,'4000'),(275,23,'3000'),(275,25,'Бензиновый'),(275,34,'CX'),(276,8,'4000'),(276,23,'3000'),(276,25,'Бензиновый'),(276,34,'CX'),(277,8,'3500'),(277,23,'3000'),(277,25,'Бензиновый'),(277,34,'CX'),(278,8,'4500'),(278,25,'Бензиновый'),(278,34,'CX'),(279,8,'5000'),(279,23,'3000'),(279,25,'Бензиновый'),(279,34,'CX'),(280,8,'1500'),(280,10,'3000'),(280,12,'Дизельный'),(281,8,'1800'),(281,10,'4700'),(281,12,'Дизельный'),(282,8,'2500'),(282,10,'4700'),(282,12,'Дизельный'),(283,8,'3000'),(283,10,'4700'),(283,12,'Дизельный'),(284,8,'3000'),(284,10,'3000'),(284,12,'Дизельный'),(285,8,'3000'),(285,10,'4600'),(285,12,'Дизельный'),(286,8,'3000'),(286,10,'3000'),(286,12,'Бензиновый'),(287,8,'1500'),(287,10,'4700'),(287,12,'Электрический'),(288,8,'2000'),(288,10,'4800'),(288,12,'Дизельный'),(289,8,'3000'),(289,10,'4500'),(289,12,'Дизельный'),(290,8,'3500'),(290,10,'4800'),(290,12,'Дизельный'),(291,8,'1400'),(291,10,'3000'),(291,12,'Дизельный'),(292,8,'1500'),(292,10,'3000'),(292,12,'Дизельный'),(293,8,'1800'),(293,10,'3000'),(293,12,'Дизельный'),(294,8,'2000'),(294,10,'4500'),(294,12,'Дизельный'),(295,8,'2500'),(295,10,'3000'),(295,12,'Дизельный'),(296,8,'3000'),(296,10,'4300'),(296,12,'Дизельный'),(297,8,'3000'),(297,10,'3000'),(297,12,'Дизельный'),(298,8,'3000'),(298,10,'3000'),(298,12,'Дизельный'),(299,8,'1800'),(299,10,'3000'),(299,12,'Дизельный'),(300,8,'3000'),(300,10,'3000'),(300,12,'Газ-бензиновый'),(301,8,'3000'),(301,10,'3000'),(301,12,'Дизельный'),(302,8,'2500'),(302,10,'3000'),(302,12,'Дизельный'),(303,7,'0.5'),(303,8,'1200'),(303,21,'3700'),(303,41,'2460'),(303,42,'3060'),(306,7,'3'),(306,8,'853'),(307,22,'176'),(307,35,'6.9'),(308,22,'264'),(308,35,'7.4'),(309,22,'150'),(309,35,'6.6'),(310,22,'178'),(310,31,'17000'),(311,22,'183'),(311,31,'36350'),(312,22,'207'),(312,31,'21860'),(313,7,'3'),(313,8,'5000'),(313,44,'162'),(314,8,'4000'),(314,23,'3000'),(314,25,'Дизельный'),(315,8,'4500'),(315,23,'3000'),(315,25,'Дизельный'),(317,8,'6000'),(317,23,'3000'),(317,25,'Дизельный'),(318,8,'7500'),(318,23,'3000'),(318,25,'Дизельный'),(319,8,'7000'),(319,23,'3000'),(319,25,'Дизельный'),(320,8,'8000'),(320,23,'3000'),(320,25,'Дизельный'),(321,8,'10000'),(321,23,'3000'),(321,25,'Дизельный');

--
-- Table structure for table `video`
--

CREATE TABLE `video` (
  `id` int(11) NOT NULL AUTO_INCREMENT,
  `title` varchar(255) NOT NULL,
  `link` varchar(255) NOT NULL,
  `content` text,
  `meta_title` varchar(255) DEFAULT NULL,
  `meta_desc` varchar(255) DEFAULT NULL,
  `order` smallint(6) NOT NULL,
  `image` varchar(255) DEFAULT NULL,
  `slug` varchar(255) DEFAULT NULL,
  `active` tinyint(3) DEFAULT NULL,
  PRIMARY KEY (`id`),
  KEY `idx-videos-title` (`title`)
) ENGINE=InnoDB AUTO_INCREMENT=5 DEFAULT CHARSET=utf8;

--
-- Dumping data for table `video`
--

INSERT INTO `video` VALUES (4,'Экскаватор Lonking CDM6060','https://www.youtube.com/watch?v=YETxa_WHuto','Обзор экскаватора Lonking CDM6060','','',1,'/uploads/images/video/vid_CDM6060.jpg','ekskavator-lonking-cdm6060',1);


