-- https://www.phpmyadmin.net/
--
-- Хост: 127.0.0.1:3306
-- Время создания: Дек 07 2020 г., 14:33
-- Версия сервера: 5.5.62
-- Версия PHP: 5.6.40

START TRANSACTION;



--
-- База данных: `new_autocar`
--

-- --------------------------------------------------------

--
-- Структура таблицы `article`
--

CREATE TABLE `article` (
  `id` int(11) NOT NULL,
  `title` varchar(255) DEFAULT NULL,
  `meta_title` varchar(255) DEFAULT NULL,
  `meta_desc` varchar(255) DEFAULT NULL,
  `image` varchar(255) DEFAULT NULL,
  `content` text,
  `gallery_id` int(11) DEFAULT NULL,
  `active` int(1) DEFAULT NULL,
  `created_at` varchar(255) DEFAULT NULL,
  `updated_at` varchar(255) DEFAULT NULL,
  `slug` varchar(255) DEFAULT NULL,
  `category_id` int(11) DEFAULT NULL,
  `views` int(11) DEFAULT NULL,
  `entry` varchar(255) DEFAULT NULL,
  `order` smallint(6) NOT NULL,
  `type` int(11) DEFAULT NULL,
  `custom_slug` tinyint(3) DEFAULT NULL
) ENGINE=InnoDB DEFAULT CHARSET=utf8;

--
-- Дамп данных таблицы `article`
--

INSERT INTO `article` (`id`, `title`, `meta_title`, `meta_desc`, `image`, `content`, `gallery_id`, `active`, `created_at`, `updated_at`, `slug`, `category_id`, `views`, `entry`, `order`, `type`, `custom_slug`) VALUES
(14, 'Расход дизельного топлива фронтальным погрузчиком Лонкинг', '', '', '/uploads/images/categories/last/fr-pogruzchik.jpg', '<p>Потребление топлива фронтальными погрузчиками Лонкинг (Lonking), один из первых и важных вопросов, интересующих покупателя для просчета стоимости владения техники. Фронтальный погрузчик не машина где существуют четкие нормы расхода топлива на 100 км/ч. Фронтальные погрузчики рассчитывают расход топлива в граммах на единицу мощности за 1 моточас работы. Счетчик моточасов напрямую зависит от оборотов двигателя фронтального погрузчика. Часто приходится слышать вопросы о том как высчитать расход топлива по моточасам или сравнения отношений моточасов и километров.</p>\r\n\r\n<p>На сегодняшний день нет четкой формулы расчета и перевода моточасов в километры, так как это разные величины. Из опытов операторов фронтальных погрузчиков взята усредненная цифра 35 км за 1 м/ч.</p>\r\n\r\n<p>А вот норма расчета и усредненного списания дизельного топлива, если на фронтальный погрузчик не установлена система Глонас или Джипег, рассчитывается по формуле:</p>\r\n\r\n<p><img alt=\"\" src=\"/uploads/images/news/old_/formula.jpg\" style=\"width: 248px; height: 129px;\" /></p>\r\n\r\n<p>где,</p>\r\n\r\n<p>N– мощность двигателя в (кВт). Мощность двигателя всегда указывается в технических характеристиках и обозначается в киловаттах (кВт) или лошадиных силах (л.с.).</p>\r\n\r\n<p>t – рассчитываемое время расхода топлива за 1-ин астрономический час (1). В данной формуле для расчета за показатель ( t ) можно подставлять любое время.</p>\r\n\r\n<p>G – удельный расход топлива машины (г/кВт ч). Удельный расход топлива – показатель данных для конкретного типа двигателя и указывается в технических характеристиках производителя.</p>\r\n\r\n<p>% – процент загруженности машины во время работы. Показатель работы двигателя фронтального погрузчика на максимальных оборотах за указанное время ( t ). Предполагается, что из 100% рабочего времени, на максимальных оборотах машина работает в среднем 30%-50%.</p>\r\n\r\n<p>p – плотность топлива(г/л). Плотность дизтоплива = равная 850 г/л.</p>\r\n\r\n<p>Из выше представленной формулы проведем расчеты для фронтальных погрузчиков Лонкинг.</p>\r\n\r\n<ul>\r\n	<li><a href=\"https://autoca-orel.ru/catalog/dorozhno-stroitelnaya-tehnika/frontalnye-pogruzchiki/lonking-cdm-816d/\" target=\"_blank\" title=\"Фронтальный погрузчик Lonking CDM816\">CDM 816D</a>&nbsp;= 55*1*235*50% / 850= 7.6 л в м/ч</li>\r\n	<li><a href=\"https://autocar-orel.ru/catalog/dorozhno-stroitelnaya-tehnika/frontalnye-pogruzchiki/lonking-lg833/\" target=\"_blank\" title=\"Фронтальный погрузчик Lonking CDM833\">CDM833</a>&nbsp;= 92*1*210*50% / 850= 11.3л в м/ч</li>\r\n	<li><a href=\"https://autocar-orel.ru/catalog/dorozhno-stroitelnaya-tehnika/frontalnye-pogruzchiki/lonking-cdm-835/\" target=\"_blank\" title=\"Фронтальный погрузчик Lonking CDM835D\">CDM835</a>&nbsp;= 97*1*210*50% / 850 = 12л в м/ч</li>\r\n	<li><a href=\"https://autocar-orel.ru/catalog/dorozhno-stroitelnaya-tehnika/frontalnye-pogruzchiki/lonking-cdm-843n/\" target=\"_blank\" title=\"Фронтальный погрузчик Lonking CDM843\">CDM843</a>&nbsp;=129*1*210*50% / 850 = 15.9л в м/ч</li>\r\n	<li><a href=\"https://autocar-orel.ru/catalog/dorozhno-stroitelnaya-tehnika/frontalnye-pogruzchiki/lonking-cdm-853/\" target=\"_blank\" title=\"Фронтальный погрузчик Lonking CDM853\">CDM853</a>&nbsp;=162*1*215*50% / 850 = 20.5л в м/ч</li>\r\n	<li><a href=\"https://autocar-orel.ru/catalog/dorozhno-stroitelnaya-tehnika/frontalnye-pogruzchiki/lonking-lg855b/\" target=\"_blank\" title=\"Фронтальный погрузчик Lonking CDM855\">CDM855</a>&nbsp;=162*1*215*50% / 850 = 20.5л в м/ч</li>\r\n	<li><a href=\"https://autocar-orel.ru/catalog/dorozhno-stroitelnaya-tehnika/frontalnye-pogruzchiki/lonking-cdm-860/\" target=\"_blank\" title=\"Фронтальный погрузчик Lonking CDM860\">CDM860</a>&nbsp;=176*1*215*50% / 850 = 22.3л в м/ч</li>\r\n</ul>\r\n\r\n<p>За расчет было взято 50% работы на максимальных оборотах двигателя, соответственно при меньшей загруженности расход дизельного топлива фронтальным погрузчиком Лонкинг будет меньше.</p>\r\n\r\n<ul>\r\n</ul>\r\n', NULL, 1, '1602579388', '1602831152', 'rashod-dizelnogo-topliva-frontalnym-pogruzchikom-lonking-20', 4, NULL, 'Расчет расхода дизельного топлива погрузчиком Лонкинг', 1, 1, 0),
(17, 'Компания Автокар посетила выставку Баума в Шанхае', '', '', '/uploads/images/news/old_/cn_36.jpg', '<p>Самая крупная выставка Баума в Шанхае проходит один раз в два года. Наша компания Автокар посетила ее, и заключила новые договора с производителями складской и дорожно - строительной техники.</p>\r\n', NULL, 1, '1602581160', '1604044390', 'kompaniya-avtokar-posetila-vystavku-bauma-v-shanhae', 1, NULL, 'Компания Автокар посетила выставку Баума в Шанхае', 2, 0, 0),
(18, 'ООО Автокар 15 лет!!!', '', '', '/uploads/images/news/old_/IMG_1713_15.jpg', '<p>Сотрудники ООО «Автокар» во главе с директором принимали поздравления, добрые слова и подарки от друзей - партнеров компании. Веселый праздник с конкурсами, шоу- программой и награждениями отличившихся сотрудников ООО «Автокар» проходил в дружеской обстановке. Сотрудникам за отличную работу были вручены памятные грамоты, сувениры, денежные поощрения.</p>\r\n\r\n<p>Пожелаем компании ООО «Автокар» дальнейшего процветания и достижения поставленных целей!</p>\r\n', NULL, 1, '1602581319', '1605019902', 'ooo-avtokar-15-let', 1, NULL, 'В 2015 году компания ООО «Автокар» отпраздновала свое 15-летие.', 3, 0, 0),
(19, 'Спасибо Вам, Автокар', '', '', '/uploads/images/news/old_/b_800_600_0_00_images_1_b.png', '<p>Дорогие партнеры, по доброй новогодней традиции компания Tehno Alliance помогает детям - вместо приобритения сувениров мы направляем средства на благотворительность. В этом году мы вместе в вами помогли подопечным фонда Константина Хабенского, специализирующегося в области помощи детям с тяжелым заболеванием мозга. Мы сердечно благодарим вас и желаем вам и вашим близким здоровья, благополучия и радости в Новом Году.&nbsp;<br />\r\n<img alt=\"\" src=\"/uploads/images/news/old_/b_800_600_0_00_images_1_b.png\" style=\"width: 424px; height: 600px;display:block;margin:0 auto;\" /></p>\r\n', NULL, 1, '1602581452', '1604044812', 'spasibo-vam-avtokar', 1, NULL, 'Благотворительность вместо новогодних сувениров', 4, 0, 0),
(20, 'Курская Коренская ярмарка', '', '', '/uploads/images/news/old_/b_800_600_0_00_images_Neews_1_1.jpg', '<p>ООО «АВТОКАР» принимает участие в XIX Межрегиональной универсальной оптово-розничной ярмарке «КУРСКАЯ КОРЕНСКАЯ ЯРМАРКА»</p>\r\n', 95, 1, '1602581522', '1604043840', 'kurskaya-korenskaya-yarmarka', 1, NULL, 'ООО «АВТОКАР» принимает участие в XIX Межрегиональной универсальной оптово-розничной ярмарке «КУРСКАЯ КОРЕНСКАЯ ЯРМАРКА»', 5, 0, 1),
(21, 'Расход топлива вилочного погрузчика', '', '', '/uploads/images/articles/postupleniya/frst/b_800_600_0_00_images_23.04_1.jpg', '<h3>Сколько топлива съедает дизельный погрузчик?</h3>\r\n\r\n<p>По оценкам, на российском рынке вилочных погрузчиков с противовесом соотношение техники с двигателем внутреннего сгорания и электроприводом составляет 68%:32%.</p>\r\n\r\n<p>Преобладание автопогрузчиков объясняется тем, что процессы индустриализации (развитие промышленности и строительства) в нашей стране пока являются большим стимулом</p>\r\n\r\n<p>для рынка погрузочной техники,чем развитие складской логистики. То есть в настоящее время основными потребителями погрузчиков в России являются предприятия и компании</p>\r\n\r\n<p>разных отраслей промышленности, а не логистика, хотя последняя развивается быстрыми темпами.</p>\r\n\r\n<table border=\"0\">\r\n	<tbody>\r\n		<tr>\r\n			<td>Играют определенную роль и особенности эксплуатации: значительную часть года это работа при низких температурах на открытых площадках, далекие от идеального состояния покрытия и проч. По этой же причине востребованы дизельные погрузчики, кроме того, дизельный двигатель требует меньших затрат при покупке, обслуживании, работе. Это надежный, простой в обслуживании, мощный и эффективный источник энергии. Дизельные погрузчики, кроме того, выпускают в широком диапазоне грузоподъемности (до 43 т) и с большим ассортиментом навесного оборудования для выполнения разнообразных технологических операций, а система очистки отработавших газов (сажевые фильтры), применяемая в последних моделях ведущих производителей, сокращает вредные выбросы на 70-98%, что позволяет работать и внутри помещений, т. е. эти машины становятся практически универсальными.</td>\r\n			<td><a href=\"/uploads/images/articles/_old/rashod_vilky/rashod1.jpg\" rel=\"lightbox[44]\" target=\"_blank\" title=\"\"><img alt=\"расход1\" src=\"/uploads/images/articles/_old/rashod_vilky/rashod1.jpg\" style=\"width: 200px; height: 150px;\" /></a></td>\r\n		</tr>\r\n	</tbody>\r\n</table>\r\n\r\n<p><strong>Одна из характеристик \"цены владения\" дизельным погрузчиком - это расход топлива. В сводной таблице технических характеристик производитель</strong></p>\r\n\r\n<p><strong>нередко указывает удельный расход топлива в граммах на единицу измерения мощности (л.с. или кВт). Между тем этот параметр не дает представления о том,</strong></p>\r\n\r\n<p><strong>сколько на практике будет \"съедать\" данный двигатель, какое количество топлива будет расходоваться за час, смену, за месяц и т. д.</strong></p>\r\n\r\n<p><strong>Для этого используются специальные методики, с одной из которых мы и познакомим читателей.</strong></p>\r\n\r\n<p>&nbsp;</p>\r\n\r\n<hr />\r\n<h3>&nbsp;Как посчитать норму расхода топлива погрузчиком?</h3>\r\n\r\n<p>Итак, машина приобретена, поставлена на баланс предприятия. Бухгалтерия запрашивает у сотрудников сервисного центра официального дилера расчетные данные на списание топлива.</p>\r\n\r\n<table border=\"0\">\r\n	<tbody>\r\n		<tr>\r\n			<td>\r\n			<p>Те в свою очередь определяют норму расхода топлива по формуле -</p>\r\n\r\n			<p><strong>Q = Nq/(1000Rk1)</strong>&nbsp;,<br />\r\n			где<br />\r\n			<strong>Q</strong>&nbsp;- удельный расход топлива (данные с кривой мощностной характеристики);<br />\r\n			<strong>N</strong>&nbsp;- мощность, л.с. (данные с кривой мощностной характеристики);<br />\r\n			<strong>R</strong>&nbsp;- плотность дизельного топлива (0,85 кг/дм3);<br />\r\n			<strong>k1</strong>&nbsp;- коэффициент, характеризующий процентное соотношение времени работы при максимальной частоте вращения коленвала двигателя.</p>\r\n			</td>\r\n			<td><img alt=\"расход2\" src=\"/uploads/images/articles/_old/rashod_vilky/rashod2.jpg\" style=\"width: 133px; height: 100px;\" /></td>\r\n		</tr>\r\n	</tbody>\r\n</table>\r\n\r\n<p>Мощность двигателя и удельный расход топлива - данные из инструкции по техническому обслуживанию двигателя, которую использует официальный дилер,</p>\r\n\r\n<p>выполняющий сервисное обслуживание. В нее внесены данные кривой удельного расхода топлива, которая строится инженерами завода-производителя</p>\r\n\r\n<p>по результатам тестирования двигателя в различных режимах, в том числе на максимальных оборотах.</p>\r\n\r\n<p><strong>В практике эксплуатации, чтобы достигалась максимальная частота вращения двигателя, мы выжимаем педаль акселератора до упора,</strong></p>\r\n\r\n<p><strong>«утапливаем ее в пол». В этом режиме машина разгоняется, едет на подъем с нагрузкой или поднимает груз на максимальную высоту с максимальной скоростью.</strong></p>\r\n\r\n<p><strong>Понятно, что так погрузчик работает не всю смену, а лишь какую-то ее часть. Отсюда необходимость применения коэффициента k1.</strong></p>\r\n\r\n<p><strong>Фактически коэффициент, характеризующий работу на максимальных оборотах, - это показатель специфики технологического цикла предприятия.</strong></p>\r\n\r\n<p><strong>Пример 1.</strong><br />\r\nПри круглосуточной работе предприятия отгрузка продукции фактически проходит два раза в сутки по 2 ч,</p>\r\n\r\n<p>т. е. всего 4 ч из 24-х. В эти \"часы пик\" задействован весь парк погрузчиков, заняты все подъездные пути,</p>\r\n\r\n<p>под загрузкой находится максимальное число грузовых автомобилей. Остальное время рабочей смены погрузчики</p>\r\n\r\n<p>эксплуатируются с минимальной или средней интенсивностью.</p>\r\n\r\n<p><strong>Пример 2.</strong><br />\r\nПогрузчик в аренде Арендованный погрузчик работает на разгрузке вагонов и загрузке фур практически безостановочно 8-часовую смену,</p>\r\n\r\n<p>однако он не преодолевает уклон, не использует максимальную высоту подъема вил, так как обслуживаемые площадки расположены на уровне 1,5-2 м от пола.</p>\r\n\r\n<p>Максимальная частота вращения двигателя используется в данном случае, когда погрузчик разгоняется, преодолевая дистанцию между зонами погрузки и выгрузки,</p>\r\n\r\n<p>что составляет примерно треть его рабочего времени.</p>\r\n\r\n<table border=\"0\">\r\n	<tbody>\r\n		<tr>\r\n			<td>\r\n			<p>Из этих примеров видно, что коэффициент, характеризующий процентное соотношение времени работы</p>\r\n\r\n			<p>с максимальной и минимальной нагрузкой, во втором случае будет больше. Для точного определения</p>\r\n\r\n			<p>коэффициента необходимо выполнить хронометраж, т. е. провести замеры времени, когда погрузчик</p>\r\n\r\n			<p>поднимает максимальный груз, когда он двигается, преодолевая сопротивление дорожного покрытия (разгон, движение по уклону и т. д.).</p>\r\n			</td>\r\n			<td><img alt=\"расход3\" src=\"/uploads/images/articles/_old/rashod_vilky/rashod3.jpg\" style=\"width: 133px; height: 100px;\" /></td>\r\n		</tr>\r\n	</tbody>\r\n</table>\r\n\r\n<p>Суммируя эти временные показатели, получим время работы, когда двигатель испытывает максимальные нагрузки, и вычтем его из общей продолжительности рабочей смены.</p>\r\n\r\n<p>Отношение времени работы с минимальной нагрузкой (70%) к времени работы с максимальной нагрузкой (30%) - это и есть требуемый коэффициент.</p>\r\n\r\n<p><br />\r\nТак, если время работы с максимальной нагрузкой составило 30% смены, коэффициент будет равен 2,3(70%:30%=2,3.</p>\r\n\r\n<p>Например, для двигателя 4D92E мощностью 33,8 л.с.(погрузчик Komatsu серии AX50), работающего на максимальных оборотах в течение 1/3 рабочего времени,</p>\r\n\r\n<p>расчетные показатели согласно формуле составят 3,49 л/мото-ч: Q=33,8*202/(1000*0,85*2,3) =3,49 л/мото-ч.</p>\r\n\r\n<p>&nbsp;</p>\r\n\r\n<hr />\r\n<h3>&nbsp;Что на практике?</h3>\r\n\r\n<table border=\"0\">\r\n	<tbody>\r\n		<tr>\r\n			<td>\r\n			<p>Понятным и наглядным является такой показатель, как количество топлива, л, расходуемого за час работы</p>\r\n\r\n			<p>техники эксплуатирующими предприятиями и организациями. Здесь следует также отметить,</p>\r\n\r\n			<p>что теоретические расчеты расхода топлива погрузчиком всегда будут несколько выше,</p>\r\n\r\n			<p>чем на практике, поскольку в реальных условиях нагрузка на двигатель всегда меньше,</p>\r\n\r\n			<p>чем в тестовых условиях. Поэтому для определения расхода топлива на списание необходимо провести контрольные замеры.</p>\r\n\r\n			<p>Своего рода хронометраж был выполнен для дизельного</p>\r\n\r\n			<p>3-тонника Komatsu серии ВХ50 (FD30T-16), работающего с 12 до 21 ч, т.. 9 ч ежедневно.</p>\r\n			</td>\r\n			<td><img alt=\"расход4\" src=\"/uploads/images/articles/_old/rashod_vilky/rashod4.jpg\" style=\"width: 133px; height: 100px;\" /></td>\r\n		</tr>\r\n	</tbody>\r\n</table>\r\n\r\n<p>Технологические операции: разгрузка фур, перемещение грузов в вагоны. Показания расхода топлива для двигателя на погрузчике FD30T-16 Komatsu 4D94LE составили 2,5 л/ч.</p>\r\n\r\n<h3>Расходы топлива погрузчиков Komatsu:</h3>\r\n\r\n<table border=\"1\" cellpadding=\"0\" cellspacing=\"0\">\r\n	<tbody>\r\n		<tr>\r\n			<td valign=\"top\" width=\"159\">&nbsp; &nbsp; &nbsp; &nbsp; &nbsp; &nbsp;Л/Ч</td>\r\n			<td valign=\"top\" width=\"160\">&nbsp; &nbsp; &nbsp;Грузоподъемность</td>\r\n			<td valign=\"top\" width=\"160\">&nbsp; &nbsp; &nbsp; &nbsp; &nbsp; Двигатель</td>\r\n			<td valign=\"top\" width=\"160\">&nbsp; &nbsp; &nbsp; Рабочая смена</td>\r\n		</tr>\r\n		<tr>\r\n			<td valign=\"top\" width=\"159\">1,7 л/ч</td>\r\n			<td valign=\"top\" width=\"160\">1,5-1,8 т</td>\r\n			<td valign=\"top\" width=\"160\">двигатель 4D92E</td>\r\n			<td valign=\"top\" width=\"160\">смена 24 ч</td>\r\n		</tr>\r\n		<tr>\r\n			<td valign=\"top\" width=\"159\">2,5 л/ч</td>\r\n			<td valign=\"top\" width=\"160\">2-2,5 т</td>\r\n			<td valign=\"top\" width=\"160\">двигатель 4D94E</td>\r\n			<td valign=\"top\" width=\"160\">смена 24 ч</td>\r\n		</tr>\r\n		<tr>\r\n			<td valign=\"top\" width=\"159\">2,2 л/ч</td>\r\n			<td valign=\"top\" width=\"160\">1,5 т</td>\r\n			<td valign=\"top\" width=\"160\">двигатель 4D94E</td>\r\n			<td valign=\"top\" width=\"160\">смена 8 ч</td>\r\n		</tr>\r\n		<tr>\r\n			<td valign=\"top\" width=\"159\">2,9-2,95 л/ч</td>\r\n			<td valign=\"top\" width=\"160\">г/п 1,8 т</td>\r\n			<td valign=\"top\" width=\"160\">двигатель 4D94E</td>\r\n			<td valign=\"top\" width=\"160\">смена 8 ч и более</td>\r\n		</tr>\r\n	</tbody>\r\n</table>\r\n\r\n<p>Таким образом, на показатели расхода топлива влияют такие параметры, как мощность и удельный расход топлива двигателя, продолжительность рабочего времени,</p>\r\n\r\n<p>когда он работает на максимальных оборотах. Машины с большим пробегом или, напротив, новые, но еще не прошедшие обкатку, показывают больший расход топлива,</p>\r\n\r\n<p>чем те, на которых двигатель отрегулирован. Выше обычного показывают расход топлива машины во время специального тестирования, когда они работают с предельной нагрузкой</p>\r\n\r\n<p>(например, при заявленной производителем средней норме 3 л/ч во время теста 1,5-тонный погрузчик может показать расход до 5-6 л/ч).</p>\r\n\r\n<h3>Что делают производители техники для снижения расхода топлива?</h3>\r\n\r\n<p>К слову, низкий расход топлива - не самоцель, он важен в комплексе с высокой производительностью, динамикой машины,</p>\r\n\r\n<p>т. е. оценивают, насколько хорошо и быстро машина откликается при выполнении рабочих операций, насколько уверенно преодолевает подъем и проч.</p>\r\n\r\n<p><strong>Что же делают производители, чтобы повысить скорость технологических операций, оставив на прежнем уровне расход топлива?</strong></p>\r\n\r\n<p>Например, оборудуют машины гидравлической системой высокого давления, и это позволяет увеличить скорость подъема.</p>\r\n\r\n<p>Правда, увеличивая скорость передачи динамического воздействия, необходимо обеспечить герметичность контура (рукава высокого давления, шланги и др.)</p>\r\n\r\n<p>за счет применения качественных материалов. Скажем, для того чтобы вилочные погрузчики одной из марок эконом-класса по этому</p>\r\n\r\n<p>показателю могли конкурировать с более дорогими машинами, производителю придется применить более качественное передающее устройство.</p>\r\n\r\n<p>Соответственно это приведет к удорожанию машины, и та потеряет свое основное конкурентное преимущество - ценовую доступность.</p>\r\n\r\n<table border=\"0\">\r\n	<tbody>\r\n		<tr>\r\n			<td>\r\n			<p>&nbsp;Другой инженерный прием - разделение гидравлического потока на рулевое управление и на подъемное оборудование.</p>\r\n\r\n			<p>В последней серии автопогрузчиков Komatsu ВХ50 (г/п 2-3 т) применена гидравлическая система суперподъема:</p>\r\n\r\n			<p>сдвоенные насосы обеспечивают работу рулевого управления и подъемного механизма независимо друг от друга.</p>\r\n\r\n			<p>В результате получается устойчивый подъем на холостом ходу при максимальной нагрузке, низкий расход топлива.</p>\r\n			</td>\r\n			<td><img alt=\"расход5\" src=\"/uploads/images/articles/_old/rashod_vilky/rashod5.jpg\" style=\"width: 133px; height: 100px;\" /></td>\r\n		</tr>\r\n	</tbody>\r\n</table>\r\n\r\n<p>Новый дизельный погрузчик Still Gmbh RX70 оснащается гибридным приводом, расходует 2,5 л топлива в час (замеры проводились на базе модели г/п 2,5 т согласно новым критериям VDI 2198,</p>\r\n\r\n<p>т. е. после 60 рабочих циклов в час). Технология гибридного привода предполагает установку дизельного и газового двигателей для привода электродвигателя.</p>\r\n\r\n<p>В данной модели погрузчика применен гидравлический насос, который подает масло в гидросистему по мере необходимости, а не постоянно, что также способствует экономии топлива.</p>\r\n\r\n<p>&nbsp;</p>\r\n\r\n<p>Создатели погрузчиков Jungheinrich серии DFG/TFG 316-320 г/п 1,6-2 т, говоря о преимуществах двигателя, подчеркивают, что используемый промышленный двигатель большого объема</p>\r\n\r\n<p>(2,5-литровый дизель мощностью 28 кВт) уже на низких оборотах развивает максимальный крутящий момент, что также позволяет обеспечить низкий расход топлива.</p>\r\n\r\n<p>Для двигателя Perkins 404C.22 модели DFG 16 As производитель указывает расход топлива 3,1 л/ч по циклу VDI.</p>\r\n\r\n<p>За счет применения двигателя с высоким крутящим моментом и системы рулевого управления с гидростатической трансмиссией в дизельном погрузчике Linde H16D (двигатель VVV/ADG)</p>\r\n\r\n<p>обеспечен расход топлива 2,3 л/ч по циклу VDI. В ряду конструкторских разработок практически всех ведущих производителей погрузчиков есть модели,</p>\r\n\r\n<p>предназначенные для работы на водородном топливе. Понятно, что высокотехнологичные модели стоят на 20-30% дороже базовых.</p>\r\n\r\n<p>И все же этому направлению уделяется серьезное внимание как своеобразному интеллектуальному вкладу в развитие марки.</p>\r\n\r\n<ul>\r\n</ul>\r\n', NULL, 1, '1603089940', '1603261409', 'rashod-topliva-vilochnogo-pogruzchika-21', 4, NULL, 'Расчет расхода топлива вилочного погрузчика', 6, 1, 1),
(22, 'Советы при эксплуатации погрузчика', '', '', '/uploads/images/products/lonking/forklift/diesel/fd15d_t/lnk_frk_clear_lg15d.jpg', '<p>Существует ряд несложных, но действенных способов заставить погрузчик служить дольше положенного ему производителем срока. Прежде чем приступить к работе, оператор погрузчика должен внимательно изучить инструкции по эксплуатации и обслуживанию вверенного ему аппарата. Практика показывает, что большинство неисправностей погрузчиков (в том числе негарантийных) связаны с нарушением правил эксплуатации и отсутствием надлежащего сервисного обслуживания.<br />\r\nВот несколько простых советов, которым необходимо следовать для увеличения срока службы погрузчиков любого типа:<br />\r\n•Ежедневная техническая профилактика погрузчика в целом и отдельных узлов, предусмотренная «Инструкцией по эксплуатации» конкретной модели.</p>\r\n\r\n<p>•Строгое соблюдение температурных, погодных и иных условий эксплуатации, указанных в Инструкции производителя.</p>\r\n\r\n<p>•Производить профилактическую диагностику и техническое обслуживание погрузчика сервисной службой не реже одного раза в месяц.</p>\r\n\r\n<p>•Использовать погрузчик и его оборудование строго по назначению.</p>\r\n\r\n<p>•Заправлять погрузчик с двигателем внутреннего сгорания высококачественным топливом.</p>\r\n\r\n<p>•Не останавливать двигатель погрузчика во время движения, чтобы избежать отключения рулевой и тормозной систем, а также системы электронного контроля узлов погрузчика.</p>\r\n\r\n<p>•Не допускать превышения предельных значений грузоподъемности.</p>\r\n\r\n<p>•Избегать резких поворотов, торможений (кроме аварийных ситуаций) и работы с предельными нагрузками на больших скоростях.</p>\r\n\r\n<p>•Выполнять требования «медленного хода» (согласно Инструкции) для погрузчиков с гидравлической трансмиссией. В противном случае, при частом нажатии на педаль медленного хода, диски сцепления перегреются и быстро выйдут из строя.</p>\r\n\r\n<p>•При эксплуатации электропогрузчика в помещении с высоким перепадом температур, обратитесь в сервисный центр для замены гидравлического масла и изоляции контактов, во избежание их повреждения конденсатом.</p>\r\n\r\n<p>•После транспортировки погрузчика в вертикальном положении (например, штабелера), не включайте его в течение двух-трех часов после разгрузки.</p>\r\n\r\n<p>•При всех видах работ, требуйте от оператора строгого выполнения правил техники безопасности и точного следования «Инструкции по эксплуатации погрузчика».</p>\r\n\r\n<p><br />\r\nВ любом случае, при первых признаках неисправности погрузчика – обращайтесь за помощью в сервисный центр!</p>\r\n', NULL, 1, '1603784661', '1603784702', 'sovety-pri-ekspluatacii-pogruzchika-22', 4, NULL, 'Существует ряд несложных, но действенных способов заставить погрузчик служить дольше положенного ему производителем срока.', 7, 1, 0);

-- --------------------------------------------------------

--
-- Структура таблицы `article_category`
--

CREATE TABLE `article_category` (
  `id` int(11) NOT NULL,
  `title` varchar(255) DEFAULT NULL,
  `meta_title` varchar(255) DEFAULT NULL,
  `meta_desc` varchar(255) DEFAULT NULL,
  `slug` varchar(255) DEFAULT NULL,
  `order` smallint(6) NOT NULL
) ENGINE=InnoDB DEFAULT CHARSET=utf8;

--
-- Дамп данных таблицы `article_category`
--

INSERT INTO `article_category` (`id`, `title`, `meta_title`, `meta_desc`, `slug`, `order`) VALUES
(1, 'Новости', '', '', 'novosti', 0),
(4, 'Статьи', '', '', 'stati', 1);

-- --------------------------------------------------------

--
-- Структура таблицы `attachment`
--

CREATE TABLE `attachment` (
  `id` int(11) NOT NULL,
  `title` varchar(255) NOT NULL,
  `gallery_id` int(11) DEFAULT NULL,
  `content` text,
  `slug` varchar(255) DEFAULT NULL COMMENT 'SLUG',
  `image` varchar(255) DEFAULT NULL COMMENT 'Main Image',
  `created_at` int(11) DEFAULT NULL,
  `updated_at` int(11) DEFAULT NULL,
  `meta_title` varchar(255) DEFAULT NULL,
  `meta_description` varchar(255) DEFAULT NULL
) ENGINE=InnoDB DEFAULT CHARSET=utf8;

--
-- Дамп данных таблицы `attachment`
--

INSERT INTO `attachment` (`id`, `title`, `gallery_id`, `content`, `slug`, `image`, `created_at`, `updated_at`, `meta_title`, `meta_description`) VALUES
(1, 'Щетка подметальная', NULL, NULL, 'schetka-podmetalnaya', '/uploads/images/attachments/forklifts/shetka.png', 1600420273, 1600422277, '', ''),
(2, 'Фронтальный ковш', NULL, NULL, 'frontalnyy-kovsh', '/uploads/images/attachments/forklifts/frontalniy_kovsh.png', 1600420318, 1600422287, '', ''),
(3, 'Снеговой отвал', NULL, NULL, 'snegovoy-otval', '/uploads/images/attachments/forklifts/snegovoy_otval.png', 1600420344, 1600422914, '', '');

-- --------------------------------------------------------

--
-- Структура таблицы `attribute`
--

CREATE TABLE `attribute` (
  `id` int(11) NOT NULL,
  `name` varchar(255) NOT NULL,
  `slug` varchar(255) DEFAULT NULL,
  `order` smallint(6) NOT NULL,
  `active` int(1) DEFAULT NULL,
  `main` tinyint(1) DEFAULT NULL,
  `additional` tinyint(1) DEFAULT NULL,
  `type` int(11) DEFAULT NULL,
  `in_filter` smallint(6) DEFAULT NULL,
  `step` varchar(255) DEFAULT NULL
) ENGINE=InnoDB DEFAULT CHARSET=utf8;

--
-- Дамп данных таблицы `attribute`
--

INSERT INTO `attribute` (`id`, `name`, `slug`, `order`, `active`, `main`, `additional`, `type`, `in_filter`, `step`) VALUES
(7, 'Объем ковша, м3', 'obem_kovsha_m3', 2, 1, 1, 0, 2, 1, '0.01'),
(8, 'Грузоподъемность, кг', 'gruzopodemnost_kg', 1, 1, 1, 0, 1, 1, '1'),
(10, 'Высота подъема, мм', 'vysota_podema_mm', 4, 1, 1, 0, 1, 1, '100'),
(11, 'Наработка, м/ч', 'narabotka_mch', 5, 1, NULL, NULL, NULL, NULL, NULL),
(12, 'Двигатель', 'dvigatel', 7, 1, NULL, NULL, NULL, NULL, NULL),
(13, 'Длина вил, мм', 'dlina_vil_mm', 8, 1, NULL, NULL, NULL, NULL, NULL),
(14, 'Ширина вил, мм', 'shirina_vil_mm', 9, 1, NULL, NULL, NULL, NULL, NULL),
(16, 'Эксплуатационный вес, кг', 'ekspluatacionnyy_ves_kg', 10, 1, 1, 0, 1, 1, '100'),
(17, 'Макс.глубина резания, мм', 'maksglubina_rezaniya_mm', 11, 1, NULL, NULL, NULL, NULL, NULL),
(18, 'Высота подъема вил, мм', 'vysota_podema_vil_mm', 12, 1, NULL, NULL, NULL, NULL, NULL),
(19, 'Мощность двигателя', 'moschnost-dvigatelya', 13, 1, 0, 1, 1, 0, ''),
(20, 'Масса, кг', 'massa-kg', 15, 1, 1, 0, 1, 1, '0.01'),
(21, 'Эксплуатационная масса, кг', 'ekspluatacionnaya-massa-kg', 16, 1, 0, 1, 1, 0, ''),
(22, 'Мощность, л.с.', 'moschnost-ls', 17, 1, 1, 0, 1, 1, '1'),
(23, 'Высота разгрузки, мм', 'vysota-razgruzki-mm', 0, 1, 0, 1, 1, 0, '100'),
(24, 'Мощность двигателя, кВт', 'moschnost_dvigatelya_kvt', 18, 1, 1, 0, 2, 1, '0.1'),
(25, 'Тип двигателя', 'tip_dvigatelya', 19, 1, 1, 0, 1, 0, ''),
(27, 'Год выпуска', 'god_vypuska', 20, 1, NULL, NULL, NULL, NULL, NULL),
(28, 'Наличие ПСМ', 'nalichie_psm', 21, 1, NULL, NULL, NULL, NULL, NULL),
(29, 'Свободный ход', 'svobodnyy_hod', 6, 1, NULL, NULL, NULL, NULL, NULL),
(31, 'Рабочий вес, кг', 'rabochiy_ves_kg', 14, 1, 1, 0, 1, 1, '10'),
(33, 'Номинальное тяговое усилие, кН', 'nominalnoe_tyagovoe_usilie-kn', 3, 1, NULL, NULL, NULL, NULL, NULL),
(34, 'Серия', 'seriya', 22, 0, NULL, NULL, NULL, NULL, NULL),
(35, 'Глубина копания, мм.', 'glubina-kopaniya,-mm.', 23, 1, 1, 0, 1, 1, '0.1'),
(36, 'Ширина вальца мм.', 'shirina-valca-mm', 24, 1, 1, 0, 1, 1, '10'),
(38, 'Мощность (кВт)', 'moschnost-kvt', 25, 1, 0, 1, 1, 0, ''),
(39, 'Габариты (Д×Ш×В)', NULL, 26, 1, 0, 1, 1, 0, ''),
(40, 'Масса пустой машины, кг', 'massa-pustoy-mashiny-kg', 27, 1, 0, 1, 1, 0, ''),
(41, 'Нагрузка опрокидывания, кг', 'nagruzka-oprokidyvaniya,-kg', 28, 1, 0, 1, 1, 0, '0.01'),
(42, 'Высота выгрузки, мм.', 'vysota-vygruzki,-mm.', 29, 1, 0, 1, 1, 0, ''),
(43, 'Операционный вес, кг', 'operacionnyy-ves,-kg', 30, 1, 1, 0, 1, 1, '1'),
(44, 'Мощность двигателя, кВ', 'moschnost-dvigatelya,-kv', 31, 1, 0, 1, 1, 0, ''),
(45, 'Номинальная мощность, кВт', 'nominalnaya-moschnost,-kvt', 32, 1, 0, 1, 1, 0, ''),
(46, 'Колеса', 'kolesa', 33, 1, 1, 0, 1, 0, ''),
(47, 'Тип управления', 'tip-upravleniya', 34, 1, 1, 0, 1, 0, ''),
(48, 'Вылет стрелы,м.', 'vylet-strely,m.', 35, 1, 1, 0, 1, 0, ''),
(49, 'Типоразмер', 'tiporazmer', 36, 1, 1, 0, 3, 1, '100'),
(50, 'Слойность', 'sloynost', 37, 1, 1, 0, 3, 0, ''),
(51, 'Диск', 'disk', 38, 1, 0, 1, 3, 0, ''),
(52, 'Ширина,мм.', 'shirina,mm.', 39, 0, 0, 0, 1, 0, ''),
(53, 'Внешний диаметр, мм.', 'vneshniy-diametr,-mm.', 40, 1, 0, 1, 3, 0, ''),
(54, 'Минимальная высота, мм', 'minimalnaya-vysota,-mm', 41, 1, 0, 1, 3, 0, ''),
(55, 'Размер платформы, мм', 'razmer-platformy,-mm', 42, 1, 0, 1, 3, 0, ''),
(56, 'Диаметр колес, мм.', 'diametr-koles,-mm.', 43, 1, 0, 1, 3, 0, ''),
(57, 'Собственная масса, кг', 'sobstvennaya-massa,-kg', 44, 1, 0, 1, 3, 0, ''),
(58, 'Ширина ', 'shirina', 45, 1, 1, 0, 1, 1, ''),
(59, 'Глубина стойки', 'glubina-stoyki', 46, 1, 1, 0, 1, 1, ''),
(60, 'Толщина метала', 'tolschina-metala', 47, 1, 1, 0, 1, 1, ''),
(61, 'Высота', 'vysota', 48, 1, 1, 0, 1, 1, '');

-- --------------------------------------------------------

--
-- Структура таблицы `cache`
--

CREATE TABLE `cache` (
  `id` int(11) NOT NULL,
  `expire` int(11) DEFAULT NULL,
  `data` blob
) ENGINE=InnoDB DEFAULT CHARSET=utf8mb4 COLLATE=utf8mb4_unicode_ci;

--
-- Дамп данных таблицы `cache`
--

INSERT INTO `cache` (`id`, `expire`, `data`) VALUES
(1, 1606221780, 0x[BLOB]),
(3, 1606221711, 0x[BLOB]),
(4, 1606221710, 0x[BLOB]),
(5, 1606221711, 0x[BLOB]),
(6, 1606221711, 0x[BLOB]),
(7, 1606221759, 0x613a323a7b693a303b613a313a7b693a303b613a303a7b7d7d693a313b4e3b7d),
(8, 1606221760, 0x613a323a7b693a303b613a313a7b693a303b623a303b7d693a313b4e3b7d),
(9, 1606221787, 0x[BLOB]),
(31, 1606221778, 0x[BLOB]),
(33, 1606221778, 0x613a323a7b693a303b613a313a7b693a303b613a303a7b7d7d693a313b4e3b7d),
(34, 1606221710, 0x[BLOB]),
(42, 1606221782, 0x[BLOB]),
(49, 1606221709, 0x[BLOB]),
(62, 1606221765, 0x[BLOB]),
(63, 1606221709, 0x[BLOB]),
(67, 1606221710, 0x[BLOB]);
INSERT INTO `cache` (`id`, `expire`, `data`) VALUES
(76, 1606221710, 0x[BLOB]),
(86, 1606221780, 0x[BLOB]),
(93, 0, 0x[BLOB]),
(302, 1606221761, 0x[BLOB]);
INSERT INTO `cache` (`id`, `expire`, `data`) VALUES
(313, 1606221770, 0x[BLOB]),
(322, 1606221773, 0x613a323a7b693a303b613a313a7b693a303b623a303b7d693a313b4e3b7d),
(446, 1606221794, 0x613a323a7b693a303b613a313a7b693a303b613a303a7b7d7d693a313b4e3b7d),
(516, 1606221762, 0x[BLOB]),
(519, 1606221710, 0x[BLOB]),
(555, 1606221710, 0x613a323a7b693a303b613a313a7b693a303b613a303a7b7d7d693a313b4e3b7d),
(644, 1606221779, 0x[BLOB]),
(656, 1606221777, 0x[BLOB]),
(753, 1606221711, 0x[BLOB]),
(772, 1606221778, 0x[BLOB]),
(821, 1606221776, 0x[BLOB]),
(845, 1606221773, 0x613a323a7b693a303b613a313a7b693a303b623a303b7d693a313b4e3b7d),
(887, 1606221779, 0x[BLOB]),
(3477, 1606221792, 0x[BLOB]);
INSERT INTO `cache` (`id`, `expire`, `data`) VALUES
(3800, 1606228969, 0x[BLOB]),
(5114, 1606221709, 0x[BLOB]),
(5451, 1606221776, 0x[BLOB]),
(8388, 1606221774, 0x613a323a7b693a303b613a313a7b693a303b623a303b7d693a313b4e3b7d),
(8909, 1606221709, 0x[BLOB]),
(31400, 1606221790, 0x[BLOB]),
(31637, 1606221777, 0x[BLOB]),
(74351, 1606221705, 0x[BLOB]),
(95254, 1606221774, 0x[BLOB]),
(523090, 1606221709, 0x[BLOB]),
(667018, 1606221763, 0x[BLOB]),
(4496838, 1606221783, 0x[BLOB]),
(4516269, 1606221773, 0x613a323a7b693a303b613a313a7b693a303b613a303a7b7d7d693a313b4e3b7d),
(8301292, 0, 0x[BLOB]),
(9377664, 1606221711, 0x[BLOB]);
INSERT INTO `cache` (`id`, `expire`, `data`) VALUES
(41855762, 1606218192, 0x[BLOB]),
(45652900, 1606228969, 0x[BLOB]),
(2147483647, 1606221809, 0x613a323a7b693a303b613a313a7b693a303b623a303b7d693a313b4e3b7d);

-- --------------------------------------------------------

--
-- Структура таблицы `callback`
--

CREATE TABLE `callback` (
  `id` int(11) NOT NULL,
  `url` varchar(255) DEFAULT NULL,
  `product` varchar(255) DEFAULT NULL,
  `company` varchar(255) DEFAULT NULL,
  `phone` varchar(255) DEFAULT NULL,
  `leasing` varchar(255) DEFAULT NULL,
  `attachment` varchar(255) DEFAULT NULL,
  `type` varchar(255) DEFAULT NULL,
  `time` varchar(255) DEFAULT NULL,
  `ip` varchar(255) DEFAULT NULL,
  `ua` varchar(255) DEFAULT NULL,
  `roistat` varchar(255) DEFAULT NULL,
  `utm_source` varchar(255) DEFAULT NULL,
  `utm_medium` varchar(255) DEFAULT NULL,
  `utm_campaign` varchar(255) DEFAULT NULL,
  `utm_content` varchar(255) DEFAULT NULL,
  `utm_term` varchar(255) DEFAULT NULL,
  `name` varchar(255) DEFAULT NULL,
  `vacancy` varchar(255) DEFAULT NULL,
  `city` varchar(255) DEFAULT NULL,
  `comment` text,
  `email` varchar(255) DEFAULT NULL,
  `s_uid` varchar(255) DEFAULT NULL
) ENGINE=InnoDB DEFAULT CHARSET=utf8;

--
-- Дамп данных таблицы `callback`
--

INSERT INTO `callback` (`id`, `url`, `product`, `company`, `phone`, `leasing`, `attachment`, `type`, `time`, `ip`, `ua`, `roistat`, `utm_source`, `utm_medium`, `utm_campaign`, `utm_content`, `utm_term`, `name`, `vacancy`, `city`, `comment`, `email`, `s_uid`) VALUES
(1, '/catalog/dorozhno-stroitelnaya-tehnika/ekskavatory-pogruzchiki/mst-544/', 'MST 544', NULL, '+9(999) 999-99-99', NULL, NULL, 'Заказ спецтехники', '04.12.2020 17:52:25', '127.0.0.1', 'Mozilla/5.0 (iPhone; CPU iPhone OS 10_3_1 like Mac OS X) AppleWebKit/603.1.30 (KHTML, like Gecko) Version/10.0 Mobile/14E304 Safari/602.1', NULL, NULL, NULL, NULL, NULL, NULL, 'Леня Голубков', NULL, '', '', NULL, NULL),
(2, '/catalog/dorozhno-stroitelnaya-tehnika/ekskavatory-pogruzchiki/mst-544/', NULL, NULL, '+7(812) 679-79-19', NULL, NULL, 'Обратный звонок', '04.12.2020 17:52:51', '127.0.0.1', 'Mozilla/5.0 (Windows NT 6.1; Win64; x64) AppleWebKit/537.36 (KHTML, like Gecko) Chrome/87.0.4280.88 Safari/537.36', NULL, NULL, NULL, NULL, NULL, NULL, 'Леня Голубков', NULL, NULL, '', NULL, NULL),
(3, '/catalog/dorozhno-stroitelnaya-tehnika/ekskavatory-pogruzchiki/mst-544/', 'MST 544', NULL, '+7(999) 999-99-99', NULL, NULL, 'Заказ спецтехники', '04.12.2020 17:56:18', '127.0.0.1', 'Mozilla/5.0 (Windows NT 6.1; Win64; x64) AppleWebKit/537.36 (KHTML, like Gecko) Chrome/87.0.4280.88 Safari/537.36', NULL, NULL, NULL, NULL, NULL, NULL, 'Леня Голубков', NULL, '', 'TEST', NULL, NULL),
(4, '/catalog/dorozhno-stroitelnaya-tehnika/ekskavatory-pogruzchiki/mst-544/', 'MST 544', NULL, '+7(812) 679-79-19', '1', NULL, 'Заказ спецтехники', '04.12.2020 17:57:05', '127.0.0.1', 'Mozilla/5.0 (Windows NT 6.1; Win64; x64) AppleWebKit/537.36 (KHTML, like Gecko) Chrome/87.0.4280.88 Safari/537.36', NULL, NULL, NULL, NULL, NULL, NULL, 'Леня Голубков', NULL, '', 'TEST TEST TEST TEST', NULL, NULL);

-- --------------------------------------------------------

--
-- Структура таблицы `category`
--

CREATE TABLE `category` (
  `id` int(11) NOT NULL,
  `image` varchar(255) DEFAULT NULL,
  `gallery_id` int(11) DEFAULT NULL,
  `content` text,
  `main` tinyint(1) DEFAULT NULL,
  `title` varchar(60) NOT NULL,
  `active` tinyint(1) NOT NULL DEFAULT '1',
  `visible` tinyint(1) NOT NULL DEFAULT '1',
  `slug` varchar(255) DEFAULT NULL,
  `href` varchar(255) DEFAULT NULL,
  `created_at` int(11) DEFAULT NULL,
  `updated_at` int(11) DEFAULT NULL,
  `single` varchar(255) DEFAULT NULL,
  `order_menu` smallint(6) DEFAULT NULL,
  `category_icon` varchar(255) DEFAULT NULL,
  `order` smallint(6) DEFAULT NULL,
  `parent_id` int(11) DEFAULT NULL,
  `type` smallint(6) DEFAULT NULL,
  `meta_title` varchar(255) DEFAULT NULL,
  `meta_description` varchar(255) DEFAULT NULL,
  `manager_id` int(11) DEFAULT NULL,
  `path` varchar(255) DEFAULT NULL,
  `lvl` int(11) DEFAULT NULL,
  `custom_slug` tinyint(3) DEFAULT NULL,
  `filterEnabled` smallint(6) DEFAULT NULL,
  `url` varchar(255) DEFAULT NULL,
  `department_id` int(11) DEFAULT NULL
) ENGINE=InnoDB DEFAULT CHARSET=utf8mb4;

--
-- Дамп данных таблицы `category`
--

INSERT INTO `category` (`id`, `image`, `gallery_id`, `content`, `main`, `title`, `active`, `visible`, `slug`, `href`, `created_at`, `updated_at`, `single`, `order_menu`, `category_icon`, `order`, `parent_id`, `type`, `meta_title`, `meta_description`, `manager_id`, `path`, `lvl`, `custom_slug`, `filterEnabled`, `url`, `department_id`) VALUES
(63, '/uploads/images/categories/dst.jpg', NULL, '', 0, 'Дорожно-строительная техника', 1, 1, 'dorozhno-stroitelnaya-tehnika', '', 1598942158, 1605278415, '', 1, 'flaticon-excavator', 0, NULL, 0, '', '', NULL, NULL, 1, 0, NULL, NULL, NULL),
(64, '/uploads/images/categories/vil-pogruzchik.jpg', NULL, '', 1, 'Вилочные погрузчики', 1, 1, 'vilochnye-pogruzchiki', '', 1598942178, 1605278094, '', 3, 'flaticon-forklift', 1, NULL, 0, '', '', NULL, NULL, 1, 0, NULL, NULL, NULL),
(66, '/uploads/images/categories/stelazh.jpg', NULL, '', 0, 'Стеллажи для склада', 1, 1, 'stellazhi-dlya-sklada', '', 1598942249, 1602674033, '', 7, 'flaticon-cargo', 3, NULL, 0, '', '', NULL, NULL, 1, 0, NULL, NULL, NULL),
(67, '/uploads/images/categories/last/fr-pogruzchik.jpg', NULL, NULL, 1, 'Фронтальные погрузчики', 1, 1, 'frontalnye-pogruzchiki', '', 1598942296, 1604570074, 'Фронтальный погрузчик', 0, '', 5, 63, 0, '', '', NULL, '63', 2, 0, NULL, NULL, NULL),
(68, '/uploads/images/categories/last/mini-pogruzchik.jpg', NULL, NULL, 1, 'Минипогрузчики', 1, 1, 'minipogruzchiki', '', 1598942328, 1605278415, 'Минипогрузчик', 0, '', 6, 63, 0, '', '', NULL, '63', 2, 0, NULL, NULL, NULL),
(69, '/uploads/images/categories/last/exkavator.jpg', NULL, '', 1, 'Экскаваторы', 1, 1, 'ekskavatory', '', 1598942376, 1605268346, 'Экскаватор', 0, '', 7, 63, 0, '', '', NULL, '63', 2, 0, 0, NULL, NULL),
(70, '/uploads/images/categories/last/katok.jpg', NULL, NULL, 1, 'Катки', 1, 1, 'katki', '', 1598942409, 1604047914, 'Каток', 0, '', 8, 63, 0, '', '', NULL, '63', 2, 0, NULL, NULL, NULL),
(71, '/uploads/images/categories/last/buldozer.jpg', NULL, NULL, 1, 'Бульдозеры', 1, 1, 'buldozery', '', 1598942431, 1605000875, '', 0, '', 9, 63, 0, '', '', NULL, '63', 2, 0, NULL, NULL, NULL),
(72, '/uploads/images/categories/last/greider.jpg', NULL, NULL, 1, 'Грейдеры', 1, 1, 'greydery', '', 1598942473, 1604047920, '', 0, '', 10, 63, 0, '', '', NULL, '63', 2, 0, NULL, NULL, NULL),
(74, '/uploads/images/categories/last/exkavator-pogruzchik.jpg', NULL, NULL, 1, 'Экскаваторы-погрузчики', 1, 1, 'ekskavatory-pogruzchiki', '', 1598942524, 1604047916, 'Экскаватор-погрузчик', 0, '', 11, 63, 0, '', '', NULL, '63', 2, 0, NULL, NULL, NULL),
(75, '/uploads/images/placeholder/placeholder.png', NULL, NULL, 0, 'Дизельные вилочные погрузчики', 1, 1, 'dizelnye-vilochnye-pogruzchiki', '', 1598942550, 1605278094, 'Дизельный вилочный погрузчик', 0, '', 12, 64, 0, '', '', NULL, '64', 2, 0, NULL, NULL, NULL),
(76, '/uploads/images/placeholder/placeholder.png', NULL, NULL, 0, 'Газ-Бензиновые вилочные погрузчики', 1, 1, 'gaz-benzinovye-vilochnye-pogruzchiki', '', 1598942586, 1604907497, 'Газ-Бензиновый вилочный погрузчик', 0, '', 13, 64, 0, '', '', NULL, '64', 2, 0, NULL, NULL, NULL),
(77, '/uploads/images/placeholder/placeholder.png', NULL, NULL, 0, 'Электрические вилочные погрузчики', 1, 1, 'elektricheskie-vilochnye-pogruzchiki', '', 1598942624, 1604394930, 'Электрический вилочный погрузчик', 0, '', 14, 64, 0, '', '', NULL, '64', 2, 0, NULL, NULL, NULL),
(78, '/uploads/images/categories/rvd.jpg', NULL, '', 0, 'Рукава высокого давления', 1, 1, 'rukava-vysokogo-davleniya', '', 1598942687, 1602674192, '', 1, 'flaticon-pipe', 15, NULL, 0, '', '', NULL, NULL, 1, 0, NULL, NULL, NULL),
(79, '/uploads/images/categories/bu.jpg', NULL, '', 0, 'Техника б/у', 1, 1, 'tehnika-bu', '', 1598942721, 1604388562, '', 4, 'flaticon-settings', 4, NULL, 0, '', '', NULL, NULL, 1, 1, NULL, NULL, NULL),
(80, '/uploads/images/placeholder/placeholder.png', NULL, '', 0, 'Дизельные б/у погрузчики', 1, 1, 'dizelnye-bu-pogruzchiki', '', 1598942747, 1604047920, 'Дизельный вилочный погрузчик', 0, '', 16, 79, 0, '', '', NULL, '79', 2, 1, 0, NULL, NULL),
(81, '/uploads/images/placeholder/placeholder.png', NULL, '', 0, 'Электрические погрузчики б/у', 1, 1, 'elektricheskie-pogruzchiki-bu', '', 1598942801, 1602072549, 'Электрический погрузчик', 0, '', 17, 79, 0, '', '', NULL, '79', 2, NULL, NULL, NULL, NULL),
(82, '/uploads/images/placeholder/placeholder.png', NULL, '', 0, 'Газ-Бензиновые погрузчики б/у', 1, 1, 'gaz-benzinovye-pogruzchiki-b-u', '', 1598942829, 1604388561, '', 0, '', 18, 79, 0, '', '', NULL, '79', 2, NULL, NULL, NULL, NULL),
(83, '/uploads/images/categories/skladskaja.jpg', NULL, '', 0, 'Складская техника', 1, 1, 'skladskaya-tehnika', '', 1598942860, 1604047919, '', 5, 'flaticon-trolley-cart', 2, NULL, 0, '', '', NULL, NULL, 1, 0, NULL, NULL, NULL),
(84, '/uploads/images/placeholder/placeholder.png', NULL, '', 0, 'Гидравлические тележки', 1, 1, 'gidravlicheskie-telezhki', '', 1598942881, 1605090593, 'Гидротележка', 0, '', 19, 83, 0, '', '', NULL, '83', 2, 0, 0, NULL, NULL),
(86, '/uploads/images/placeholder/placeholder.png', NULL, '', 0, 'Штабелеры', 1, 1, 'shtabelery', '', 1598942926, 1605097308, 'Штабелер', 0, '', 21, 83, 0, '', '', NULL, '83', 2, 0, 0, NULL, NULL),
(87, '/uploads/images/placeholder/placeholder.png', NULL, '', 0, 'Ричтраки', 1, 1, 'richtraki', '', 1598942947, 1604047918, 'Ричтрак', 0, '', 22, 83, 0, '', '', NULL, '83', 2, 0, NULL, NULL, NULL),
(91, '/uploads/images/categories/zp.jpg', NULL, '', 0, 'Запчасти для спецтехники', 1, 1, 'zapchasti-dlya-spectehniki', 'http://shop.autocar-orel.ru/', 1598943037, 1603173776, '', 6, 'flaticon-settings-1', 26, NULL, 0, '', '', NULL, NULL, 1, 0, NULL, NULL, NULL),
(92, '/uploads/images/placeholder/placeholder.png', NULL, '', 0, 'Фронтальные стеллажи', 1, 1, 'frontalnye-stellazhi', '', 1598943128, 1607333265, '', 0, '', 27, 66, 0, '', '', NULL, '66', 2, 0, 0, NULL, NULL),
(93, '/uploads/images/placeholder/placeholder.png', NULL, '', 0, 'Набивные стеллажи', 1, 1, 'nabivnye-stellazhi', '', 1598943146, 1607333268, '', 0, '', 28, 66, 0, '', '', NULL, '66', 2, 0, 0, NULL, NULL),
(94, '/uploads/images/placeholder/placeholder.png', NULL, '', 0, 'Металические стеллажи', 1, 1, 'metalicheskie-stellazhi', '', 1598943169, 1607333271, '', 0, '', 29, 66, 0, '', '', NULL, '66', 2, 0, 0, NULL, NULL),
(95, '/uploads/images/placeholder/placeholder.png', NULL, '', 0, 'Консольные стеллажи', 1, 1, 'konsolnye-stellazhi', '', 1598943189, 1607333274, '', 0, '', 30, 66, 0, '', '', NULL, '66', 2, 0, 0, NULL, NULL),
(96, '/uploads/images/placeholder/placeholder.png', NULL, '', 0, 'Среднегрузовые стеллажи', 1, 1, 'srednegruzovye-stellazhi', '', 1598943210, 1607333276, '', 0, '', 31, 66, 0, '', '', NULL, '66', 2, 0, 0, NULL, NULL),
(97, '/uploads/images/placeholder/placeholder.png', NULL, '', 0, 'Шкафы для одежды', 1, 1, 'shkafy-dlya-odezhdy', '', 1598943228, 1607333279, '', 0, '', 32, 66, 0, '', '', NULL, '66', 2, 0, 0, NULL, NULL),
(98, '/uploads/images/categories/shini.jpg', NULL, '', 0, 'Шины для спецтехники', 1, 1, 'shiny-dlya-spectehniki', '', 1598943246, 1605278368, '', 8, 'flaticon-car', 33, NULL, 0, '', '', NULL, NULL, 1, 0, 1, NULL, NULL),
(102, '', NULL, '', 0, 'Электроштабелеры', 1, 1, 'elektroshtabelery', '', 1599548258, 1604047918, 'Электроштабелер', 0, '', 37, 83, 0, '', '', NULL, '83', 2, 0, NULL, NULL, NULL),
(103, '', NULL, '', 0, 'Электротележки', 1, 1, 'elektrotelezhki', '', 1599548519, 1604047918, 'Электротележка', 0, '', 38, 83, 0, '', '', NULL, '83', 2, 0, NULL, NULL, NULL),
(105, '', NULL, '', 0, 'Телескопические погрузчики', 1, 1, 'teleskopicheskie-pogruzchiki', '', 1599556036, 1604047919, 'Телескопический погрузчик', 0, '', 40, 63, 0, '', '', NULL, '63', 2, 0, NULL, NULL, NULL),
(106, '/uploads/images/categories/last/vil-pogruzchik.jpg', NULL, '', 0, 'Аренда вилочных погрузчиков', 1, 1, 'arenda-vilochnyh-pogruzchikov', '', 1599637487, 1606729800, 'Вилочный погрузчик', 2, 'flaticon-forklift', 41, NULL, 1, '', '', NULL, NULL, 1, 0, 0, NULL, 1),
(107, '/uploads/images/categories/last/fr-pogruzchik.jpg', NULL, '', 0, 'Аренда дорожно-строительной техники', 1, 1, 'arenda-dorozhno-stroitelnoy-tehniki', '', 1599638550, 1605096715, '', 1, 'flaticon-excavator', 42, NULL, 1, '', '', NULL, NULL, 1, 0, 0, NULL, NULL),
(108, '', NULL, '', 0, 'Аренда дизельных погрузчиков', 1, 1, 'arenda-dizelnyh-pogruzchikov', '', 1599639473, 1606481602, 'Дизельный погрузчик', NULL, '', 43, 106, 1, '', '', NULL, '106', 2, 0, 0, NULL, 1),
(109, '', NULL, '', 0, 'Аренда электрических погрузчиков', 1, 1, 'arenda-elektricheskih-pogruzchikov', '', 1599639546, 1606727657, 'Электрический погрузчик', NULL, '', 44, 106, 1, '', '', NULL, '106', 2, 0, 0, NULL, 1),
(110, '', NULL, '', 0, 'Аренда бензиновых погрузчиков', 1, 1, 'arenda-benzinovyh-pogruzchikov', '', 1599639593, 1606729800, 'Бензиновый погрузчик', NULL, '', 45, 106, 1, '', '', NULL, '106', 2, 0, 0, NULL, 1),
(111, '/uploads/images/placeholder/placeholder.png', NULL, '', 0, 'Аренда экскаваторов - погрузчиков', 1, 1, 'arenda-ekskavatorov-pogruzchikov', '', 1599639714, 1605096731, 'Экскаватор - погрузчик', NULL, '', 46, 107, 1, '', '', NULL, '107', 2, 1, 0, NULL, NULL),
(115, '/uploads/images/placeholder/placeholder.png', NULL, '', 0, 'Аренда фронтальных погрузчиков', 1, 1, 'arenda-frontalnyh-pogruzchikov', '', 1599639893, 1605096738, 'Фронтальный погрузчик', NULL, '', 51, 107, 1, '', '', NULL, '107', 2, 0, 0, NULL, NULL),
(117, '/uploads/images/placeholder/placeholder.png', NULL, '', 0, 'Аренда гусеничных экскаваторов', 1, 1, 'arenda-gusenichnyh-ekskavatorov', '', 1600248863, 1605096743, 'Гусеничный экскаватор', 0, '', 52, 107, 1, '', '', NULL, '107', 2, 0, 0, NULL, NULL),
(118, '/uploads/images/placeholder/placeholder.png', NULL, '', 0, 'Аренда бульдозеров', 1, 1, 'arenda-buldozerov', '', 1600248937, 1605096749, 'Бульдозер', NULL, '', 53, 107, 1, '', '', NULL, '107', 2, 0, 0, NULL, NULL),
(120, '/uploads/images/placeholder/placeholder.png', NULL, '', 0, 'Аренда автокранов', 1, 1, 'arenda-avtokranov', '', 1600249196, 1605096759, 'Автокран', NULL, '', 55, 107, 1, '', '', NULL, '107', 2, 0, 0, NULL, NULL),
(123, '', NULL, '', 0, 'Пневматические шины', 1, 1, 'pnevmaticheskie-shiny', '', 1603354080, 1605278309, 'Пневматическая шина', NULL, '', 56, 98, 0, '', '', NULL, '98', 2, 0, 0, NULL, NULL),
(124, '', NULL, '', 0, 'Суперэластик шины', 1, 1, 'superelastik-shiny', '', 1603354153, 1605278368, 'Суперэластик шина', NULL, '', 57, 98, 0, '', '', NULL, '98', 2, 0, 0, NULL, NULL),
(125, '', NULL, '', 0, 'Подъемные столы', 1, 1, 'podemnye-stoly', '', 1603889651, 1605097352, 'Подъемный стол', 0, '', 58, 83, 0, '', '', NULL, '83', 2, 0, 0, NULL, NULL),
(126, '/uploads/images/placeholder/placeholder.png', NULL, '', 1, 'Рамы', 1, 1, 'ramy', '', 1607334302, 1607334302, 'Рама', 0, '', 59, 92, 0, '', '', NULL, '66,92', 3, 0, 0, NULL, NULL);

-- --------------------------------------------------------

--
-- Структура таблицы `cat_tags`
--

CREATE TABLE `cat_tags` (
  `tag_id` int(11) NOT NULL,
  `cat_id` int(11) NOT NULL
) ENGINE=InnoDB DEFAULT CHARSET=utf8mb4;

--
-- Дамп данных таблицы `cat_tags`
--

INSERT INTO `cat_tags` (`tag_id`, `cat_id`) VALUES
(5, 75),
(6, 75),
(8, 69),
(9, 77),
(10, 77),
(7, 69),
(11, 76),
(12, 76);

-- --------------------------------------------------------

--
-- Структура таблицы `certificate`
--

CREATE TABLE `certificate` (
  `id` int(11) NOT NULL,
  `title` varchar(255) NOT NULL,
  `image` varchar(255) NOT NULL,
  `content` text,
  `order` smallint(6) NOT NULL,
  `created_at` int(11) DEFAULT NULL,
  `updated_at` int(11) DEFAULT NULL
) ENGINE=InnoDB DEFAULT CHARSET=utf8;

--
-- Дамп данных таблицы `certificate`
--

INSERT INTO `certificate` (`id`, `title`, `image`, `content`, `order`, `created_at`, `updated_at`) VALUES
(3, 'Сертификат дистрибьютора MST', '/uploads/images/certificates/mst.jpg', '', 1, NULL, NULL),
(4, 'Сертификат дистрибьютора Lonking', '/uploads/images/certificates/au_lonking_2020_sert_dst_skl.jpg', '', 0, 1603882505, 1603882505),
(5, 'Сертификат дилера Komatsu и UniCariers г.Орел', '/uploads/images/certificates/istk_orel_2020.jpg', '', 0, 1604657155, 1604657205),
(6, 'Сертификат дилера Komatsu и UniCariers г.Брянск', '/uploads/images/certificates/istk_bryansk_2020.jpg', '', 0, 1604657318, 1604657318),
(7, 'Сертификат дилера Komatsu и UniCariers г.Курск', '/uploads/images/certificates/istk_kursk_2020.jpg', '', 0, 1604657330, 1604657330);

-- --------------------------------------------------------

--
-- Структура таблицы `city`
--

CREATE TABLE `city` (
  `id` int(11) NOT NULL,
  `title` varchar(255) DEFAULT NULL,
  `image` varchar(255) DEFAULT NULL,
  `slug` varchar(255) DEFAULT NULL,
  `lat` varchar(255) DEFAULT NULL,
  `lng` varchar(255) DEFAULT NULL,
  `default` int(1) DEFAULT NULL,
  `order` smallint(6) NOT NULL,
  `r_title` varchar(255) DEFAULT NULL,
  `d_title` varchar(255) DEFAULT NULL,
  `v_title` varchar(255) DEFAULT NULL,
  `tv_title` varchar(255) DEFAULT NULL,
  `pr_title` varchar(255) DEFAULT NULL,
  `company_name` varchar(255) DEFAULT NULL,
  `custom_slug` tinyint(3) DEFAULT NULL,
  `yandex_metrika` varchar(255) DEFAULT NULL
) ENGINE=InnoDB DEFAULT CHARSET=utf8;

--
-- Дамп данных таблицы `city`
--

INSERT INTO `city` (`id`, `title`, `image`, `slug`, `lat`, `lng`, `default`, `order`, `r_title`, `d_title`, `v_title`, `tv_title`, `pr_title`, `company_name`, `custom_slug`, `yandex_metrika`) VALUES
(1, 'Орел', '/uploads/images/articles/931923e450bd04e_640x360_notrise.jpg', 'orel', '52.963614', '36.068099', 0, 1, 'Орла', 'Орлу', 'Орла', 'Орлом', 'Орле', ' Компания ООО Автокар г.Орел', 0, '69443962'),
(2, 'Москва', '', 'moskva', '55.572034', '37.618668', 1, 0, 'Москвы', 'Москве', 'Москву', 'Москвой', 'Москве', 'Компания ООО Автокар г.Москва', 0, '51573830'),
(3, 'Ростов-на-Дону', '/uploads/images/cities/rostov.jpg', 'rostov-na-donu', '47.269804', '39.862615', 0, 4, 'Ростова-на-Дону', 'Ростову-на-Дону', 'Ростов-на-Дону', 'Ростовом-на-Дону', 'Ростове-на-Дону', 'Компания ООО Автокар г.Ростов-на-Дону', 0, '69444868'),
(4, 'Курск', '/uploads/images/cities/kursk-640x360.jpg', 'kursk', '51.730830', '36.193186', 0, 2, 'Курска', 'Курску', 'Курск', 'Курском', 'Курске', 'Компания ООО Автокар г.Курск', 0, '69444895'),
(5, 'Брянск', '/uploads/images/cities/bryansk.jpg', 'bryansk', '53.243562', '34.363407', 0, 5, 'Брянска', 'Брянску', 'Брянск', 'Брянском', 'Брянске', ' Компания ООО Автокар г.Брянск', 0, '69444943'),
(6, 'Симферополь', '/uploads/images/cities/ajeroport-simferopol-v-krymu-640x360.jpg', 'simferopol', '44.948237', '34.100318', 0, 3, 'Симферополя', 'Симферополю', 'Симферополь', 'Симферополем', 'Симферополе', 'Компания ООО Техно-Юг г.Симферополь', 0, '69444778'),
(7, ' Санкт-Петербург', '/uploads/images/contacts/piter.jpg', 'spb', '59.9311', '30.3609', 0, 6, 'Санкт-Петербурга', 'Санкт-Петербургу', 'Санкт-Петербург', 'Санкт-Петербургом', 'Санкт-Петербурге', ' Компания ООО Автокар г.Санкт-Петербург', 1, '');

-- --------------------------------------------------------

--
-- Структура таблицы `company`
--

CREATE TABLE `company` (
  `id` int(11) NOT NULL,
  `title` varchar(255) NOT NULL,
  `content` text,
  `slug` varchar(255) DEFAULT NULL,
  `updated_at` varchar(11) DEFAULT NULL,
  `created_at` varchar(11) DEFAULT NULL,
  `image` varchar(255) DEFAULT NULL COMMENT 'Main Image',
  `meta_title` varchar(255) DEFAULT NULL,
  `meta_description` varchar(255) DEFAULT NULL
) ENGINE=InnoDB DEFAULT CHARSET=utf8;

--
-- Дамп данных таблицы `company`
--

INSERT INTO `company` (`id`, `title`, `content`, `slug`, `updated_at`, `created_at`, `image`, `meta_title`, `meta_description`) VALUES
(1, 'Lonking', 'TEST', 'lonking', '1586177480', '1585290812', '', '1', '1'),
(3, 'Yale', '', 'yale', '1588075233', '1588075233', '', '', '');

-- --------------------------------------------------------

--
-- Структура таблицы `company_review`
--

CREATE TABLE `company_review` (
  `id` int(11) NOT NULL,
  `title` varchar(255) COLLATE utf8mb4_unicode_ci DEFAULT NULL,
  `image` text COLLATE utf8mb4_unicode_ci,
  `active` tinyint(3) DEFAULT NULL,
  `created_at` int(11) DEFAULT NULL,
  `updated_at` int(11) DEFAULT NULL
) ENGINE=InnoDB DEFAULT CHARSET=utf8mb4 COLLATE=utf8mb4_unicode_ci;

-- --------------------------------------------------------

--
-- Структура таблицы `department`
--

CREATE TABLE `department` (
  `id` int(11) NOT NULL,
  `title` varchar(255) COLLATE utf8mb4_unicode_ci DEFAULT NULL
) ENGINE=InnoDB DEFAULT CHARSET=utf8mb4 COLLATE=utf8mb4_unicode_ci;

--
-- Дамп данных таблицы `department`
--

INSERT INTO `department` (`id`, `title`) VALUES
(1, 'Отдел аренды складской техники');

-- --------------------------------------------------------

--
-- Структура таблицы `department_phones`
--

CREATE TABLE `department_phones` (
  `department_id` int(11) DEFAULT NULL,
  `phone_id` int(11) DEFAULT NULL
) ENGINE=InnoDB DEFAULT CHARSET=utf8mb4 COLLATE=utf8mb4_unicode_ci;

--
-- Дамп данных таблицы `department_phones`
--

INSERT INTO `department_phones` (`department_id`, `phone_id`) VALUES
(1, 4),
(1, 7),
(1, 8);

-- --------------------------------------------------------

--
-- Структура таблицы `filial`
--

CREATE TABLE `filial` (
  `id` int(11) NOT NULL,
  `title` varchar(255) DEFAULT NULL,
  `lat` varchar(255) DEFAULT NULL,
  `lng` varchar(255) DEFAULT NULL,
  `image` varchar(255) DEFAULT NULL,
  `gallery_id` int(11) DEFAULT NULL,
  `content` text,
  `slug` varchar(255) DEFAULT NULL,
  `city_id` int(11) DEFAULT NULL,
  `address` varchar(255) DEFAULT NULL,
  `order` smallint(6) NOT NULL,
  `director` varchar(255) DEFAULT NULL,
  `phone_1` varchar(255) DEFAULT NULL,
  `phone_2` varchar(255) DEFAULT NULL,
  `email` varchar(255) DEFAULT NULL,
  `ya_map` varchar(255) DEFAULT NULL,
  `default` tinyint(3) DEFAULT NULL,
  `postCode` varchar(255) DEFAULT NULL
) ENGINE=InnoDB DEFAULT CHARSET=utf8;

--
-- Дамп данных таблицы `filial`
--

INSERT INTO `filial` (`id`, `title`, `lat`, `lng`, `image`, `gallery_id`, `content`, `slug`, `city_id`, `address`, `order`, `director`, `phone_1`, `phone_2`, `email`, `ya_map`, `default`, `postCode`) VALUES
(2, 'Компания ООО Автокар г.Орел', '52.960367', '36.095101', '/uploads/images/contacts/orel.jpg', NULL, '<p>Адрес: 302004, г. Орел, ул. 1-ая Курская, д. 83</p>\r\n\r\n<p>Региональный руководитель: Жирохова Елена Александровна</p>\r\n\r\n<p>Часы работы: понедельник-пятница с 9.00 до 18.00</p>\r\n\r\n<p>Тел./факс:&nbsp;<a href=\"tel:4862717388\">(4862) 71-73-88</a>,&nbsp;<a href=\"tel:4862734340\">(4862) 73-43-40</a>,&nbsp;<a href=\"tel:4862543151\">(4862) 54-31-51</a>,&nbsp;<a href=\"tel:4862439209\">(4862) 43-92-09</a>,&nbsp;<a href=\"tel:486439089\">(4862) 43-90-89</a>,&nbsp;<a href=\"tel:4862734346\">(4862) 73-43-46</a></p>\r\n\r\n<p>E-mail:<a href=\"mailto:office@autocar57.ru\">office@autocar57.ru</a></p>\r\n<style type=\"text/css\">.tb_button {padding:1px;cursor:pointer;border-right: 1px solid #8b8b8b;border-left: 1px solid #FFF;border-bottom: 1px solid #fff;}.tb_button.hover {borer:2px outset #def; background-color: #f8f8f8 !important;}.ws_toolbar {z-index:100000} .ws_toolbar .ws_tb_btn {cursor:pointer;border:1px solid #555;padding:3px}   .tb_highlight{background-color:yellow} .tb_hide {visibility:hidden} .ws_toolbar img {padding:2px;margin:0px}\r\n</style>\r\n', 'kompaniya-ooo-avtokar-g.orel', 1, 'г. Орел, ул. 1-ая Курская, д. 83', 1, 'Жирохова Елена Александровна', '+7 (4862) 71-73-88', '', 'office@autocar57.ru', 'https://yandex.ru/maps/-/CCQ3f8F-OB', 1, '302004'),
(5, 'Компания ООО Автокар г.Москва', '55.572935', '37.617784', '/uploads/images/contacts/moscow.jpg', NULL, '', 'kompaniya-ooo-avtokar-g.moskva', 2, 'г.Москва, ул. Нагорная, стр. 11, офис № 2-46 (32 км МКАД внешняя сторона ТЦ ТРАКТ)', 0, 'Терновский Алексей Валентинович', '+7(499)229-05-90', '', 'm7p@autocar57.ru', 'https://yandex.ru/maps/-/CCQ3fUBfWA', 1, '142718'),
(6, 'Компания ООО Автокар г.Курск', '51.714527', '36.134068', '/uploads/images/contacts/kursk.jpg', NULL, '<p>Адрес: 305007, г. Курск, ул. Монастырская балка, д. 2</p>\r\n\r\n<p>Руководитель офиса: Кочергина Екатерина Викторовна</p>\r\n\r\n<p>Тел:&nbsp;<a href=\"tel:84712354612\">8 (4712) 35-46-12</a></p>\r\n\r\n<p>E-mail:<a href=\"mailto:office@autocar57.ru\">office@autocar57.ru</a></p>\r\n<style type=\"text/css\">.tb_button {padding:1px;cursor:pointer;border-right: 1px solid #8b8b8b;border-left: 1px solid #FFF;border-bottom: 1px solid #fff;}.tb_button.hover {borer:2px outset #def; background-color: #f8f8f8 !important;}.ws_toolbar {z-index:100000} .ws_toolbar .ws_tb_btn {cursor:pointer;border:1px solid #555;padding:3px}   .tb_highlight{background-color:yellow} .tb_hide {visibility:hidden} .ws_toolbar img {padding:2px;margin:0px}\r\n</style>\r\n', 'kompaniya-ooo-avtokar-g.kursk', 4, 'г. Курск, ул. Монастырская балка, д. 2', 2, 'Кочергина Екатерина Викторовна', '+7 (4712) 35-46-12', '', 'office@autocar57.ru', 'https://yandex.ru/maps/-/CCQ3f8fIoC', 1, '305007'),
(7, 'Компания ООО Автокар г.Ростов-на-Дону', '47.253391', '39.848898', '/uploads/images/contacts/rostov.jpg', NULL, '<p>Адрес: 346720, Ростовская обл., г. Аксай, ул. Западная, д. 2Д</p>\r\n\r\n<p>Руководитель офиса: Мазманова Наталья Борисовна</p>\r\n\r\n<p>Тел./факс:&nbsp;<a href=\"tel:8632104055\">(863) 210-40-55</a>,&nbsp;<a href=\"tel:89034078588\">8 (903) 407-85-88</a></p>\r\n\r\n<p>E-mail:&nbsp;<a href=\"mailto:rr@autocar57.ru\">rr@autocar57.ru</a></p>\r\n<style type=\"text/css\">.tb_button {padding:1px;cursor:pointer;border-right: 1px solid #8b8b8b;border-left: 1px solid #FFF;border-bottom: 1px solid #fff;}.tb_button.hover {borer:2px outset #def; background-color: #f8f8f8 !important;}.ws_toolbar {z-index:100000} .ws_toolbar .ws_tb_btn {cursor:pointer;border:1px solid #555;padding:3px}   .tb_highlight{background-color:yellow} .tb_hide {visibility:hidden} .ws_toolbar img {padding:2px;margin:0px}\r\n</style>\r\n', 'kompaniya-ooo-avtokar-g.rostov-na-donu', 3, 'Ростовская обл., г. Аксай, ул. Западная, д. 2Д', 4, 'Мазманова Наталья Борисовна', '+7 (863) 210-40-55', '', 'rr@autocar57.ru', 'https://yandex.ru/maps/-/CCQ3f8HwhD', 1, '346720'),
(8, 'Компания ООО Автокар г.Брянск', '53.224002', '34.477853', '/uploads/images/contacts/brjansk.jpg', NULL, '<p>Адрес: г. Брянск: ул. Снежетьский вал, дом 4</p>\r\n\r\n<p>Руководитель: Кудинов Дмитрий Николаевич</p>\r\n\r\n<p>Тел:&nbsp;<a href=\"tel:89066608338\">8 (906) 660-83-38</a></p>\r\n\r\n<p>E-mail:&nbsp;<a href=\"mailto:office@autocar57.ru\">office@autocar57.ru</a></p>\r\n<style type=\"text/css\">.tb_button {padding:1px;cursor:pointer;border-right: 1px solid #8b8b8b;border-left: 1px solid #FFF;border-bottom: 1px solid #fff;}.tb_button.hover {borer:2px outset #def; background-color: #f8f8f8 !important;}.ws_toolbar {z-index:100000} .ws_toolbar .ws_tb_btn {cursor:pointer;border:1px solid #555;padding:3px}   .tb_highlight{background-color:yellow} .tb_hide {visibility:hidden} .ws_toolbar img {padding:2px;margin:0px}\r\n</style>\r\n<style type=\"text/css\">.tb_button {padding:1px;cursor:pointer;border-right: 1px solid #8b8b8b;border-left: 1px solid #FFF;border-bottom: 1px solid #fff;}.tb_button.hover {borer:2px outset #def; background-color: #f8f8f8 !important;}.ws_toolbar {z-index:100000} .ws_toolbar .ws_tb_btn {cursor:pointer;border:1px solid #555;padding:3px}   .tb_highlight{background-color:yellow} .tb_hide {visibility:hidden} .ws_toolbar img {padding:2px;margin:0px}\r\n</style>\r\n', 'kompaniya-ooo-avtokar-g.bryansk', 5, 'г.Брянск, ул. Снежетьский Вал, 4', 3, 'Кудинов Дмитрий Николаевич', '+7 (4832) 67-67-29', '', 'office@autocar57.ru', 'https://yandex.ru/maps/-/CCQ3f8SRlD', 1, '241004'),
(9, 'Компания ООО Техно-Юг г.Симферополь', '44.994487', '34.046580', '/uploads/images/contacts/krim.jpg', NULL, '<p>Адрес: 295493, г. Симферополь, с. Белоглинка, ул.Салгирная, д. 10</p>\r\n\r\n<p>Руководитель офиса: Османов Сервер Анварович</p>\r\n\r\n<p>Тел./факс:&nbsp;<a href=\"tel:89782152525\">8 (978) 215-25-25</a></p>\r\n\r\n<p>E-mail:&nbsp;<a href=\"mailto:psk@autocar57.ru\">psk@autocar57.ru</a></p>\r\n<style type=\"text/css\">.tb_button {padding:1px;cursor:pointer;border-right: 1px solid #8b8b8b;border-left: 1px solid #FFF;border-bottom: 1px solid #fff;}.tb_button.hover {borer:2px outset #def; background-color: #f8f8f8 !important;}.ws_toolbar {z-index:100000} .ws_toolbar .ws_tb_btn {cursor:pointer;border:1px solid #555;padding:3px}   .tb_highlight{background-color:yellow} .tb_hide {visibility:hidden} .ws_toolbar img {padding:2px;margin:0px}\r\n</style>\r\n', 'kompaniya-ooo-tehno-yug-g.simferopol', 6, 'г. Симферополь, с. Белоглинка, ул.Салгирная, д. 10', 5, 'Османов Сервер Анварович', '+7 (978) 215-25-25', '', 'psk@autocar57.ru', 'https://yandex.ru/maps/-/CCQ3fDaZTC', 1, '295493'),
(10, 'Компания ООО Автокар г.Санкт-Петербург', '60.066298', '30.349438', '/uploads/images/contacts/piter.jpg', NULL, '', 'kompaniya-ooo-avtokar-g.sankt-peterburg', 7, 'г. Санкт-Петербург, 3-й Верхний пер., д. 9, корп. 3, лит. А, пом. 4Н', 6, 'Королев Игорь Сергеевич', '+7(8126)79-79-19', '', 'rspb@autocar57.ru', 'https://yandex.ru/maps/-/CCUEaBxScB', 1, '194292');

-- --------------------------------------------------------

--
-- Структура таблицы `gallery`
--

CREATE TABLE `gallery` (
  `id` int(11) NOT NULL,
  `title` varchar(50) NOT NULL,
  `status` smallint(1) NOT NULL DEFAULT '0',
  `created_at` int(11) NOT NULL,
  `updated_at` int(11) NOT NULL,
  `mp` smallint(6) DEFAULT NULL
) ENGINE=InnoDB DEFAULT CHARSET=utf8;

--
-- Дамп данных таблицы `gallery`
--

INSERT INTO `gallery` (`id`, `title`, `status`, `created_at`, `updated_at`, `mp`) VALUES
(1, 'GLOBAL GALLERY', 1, 1586168790, 1603115154, 1),
(19, 'CDM833', 1, 1586168790, 1602237339, NULL),
(37, 'Ремонт ТНВД', 0, 1591109188, 1591109308, NULL),
(38, 'Placeholder', 0, 1591600790, 1600334757, NULL),
(44, 'Lonking FD20DT', 0, 1591690575, 1591690629, NULL),
(45, 'FD25DT', 0, 1591691927, 1591691946, NULL),
(46, 'FD30DT', 0, 1591691990, 1591692008, NULL),
(47, 'LG35DT', 0, 1591692066, 1591692091, NULL),
(48, 'LG15DT', 0, 1591692780, 1601362721, NULL),
(49, 'FD15DT', 0, 1591692958, 1591692977, NULL),
(50, 'LG25DT', 0, 1591693142, 1591693165, NULL),
(51, 'LG20DT', 0, 1591693341, 1591693359, NULL),
(52, 'LG30DT', 0, 1591693946, 1591693961, NULL),
(53, 'Lonkign LG50DT', 0, 1591694097, 1591694113, NULL),
(54, 'Yale GDP15AK', 1, 1592393606, 1592393682, NULL),
(56, 'Toyota 02-7FDJ35 БУ', 1, 1592393992, 1592394020, NULL),
(57, 'TOYOTA 02-7FD20 БУ', 1, 1592394126, 1592394185, NULL),
(58, 'Komatsu FG15T-20 БУ', 1, 1592394264, 1592394298, NULL),
(59, 'Komatsu FD15T-21', 1, 1592470886, 1592470952, NULL),
(60, 'Komatsu FD18T-21', 1, 1592471138, 1592471571, NULL),
(61, 'Komatsu FD25T-17', 1, 1592471599, 1592471655, NULL),
(62, 'Komatsu FD30T-17', 1, 1592471987, 1592472032, NULL),
(63, 'Komatsu FD35AT-17', 1, 1592472106, 1592472177, NULL),
(64, 'Komatsu FB15-12', 1, 1592472702, 1592472739, NULL),
(65, 'Komatsu FB18-12', 1, 1592472758, 1592473665, NULL),
(66, 'Komatsu FB20A-12', 1, 1592472842, 1592472904, NULL),
(67, 'Komatsu FB25', 1, 1592472921, 1592472967, NULL),
(68, 'Komatsu FG18T-21', 1, 1592571348, 1592571453, NULL),
(69, 'Komatsu FG15T-21', 1, 1592571608, 1592571630, NULL),
(70, 'Komatsu FG25T-17', 1, 1592571643, 1592571723, NULL),
(71, 'Komatsu FG30T-17', 1, 1592571737, 1592571780, NULL),
(72, 'Lonking CDM 312', 0, 1593081131, 1593161853, NULL),
(76, 'Lonking CDM 308', 1, 1593161919, 1604567188, 0),
(77, 'Lonking CDM 307', 1, 1593162151, 1593162217, NULL),
(78, 'Lonking ZL50C', 1, 1593163267, 1593163342, NULL),
(79, 'Lonkign CMD855', 1, 1593163426, 1593163463, NULL),
(80, 'Lonking LG 833', 1, 1593163541, 1593163610, NULL),
(81, 'Lonking CDM 856', 1, 1593163756, 1593163820, NULL),
(82, 'Lonkign CDM853', 1, 1593163976, 1593164066, NULL),
(83, 'Lonkign CDM843', 1, 1593164532, 1593165613, NULL),
(84, 'Lonkign CDM835', 1, 1593165700, 1593165759, NULL),
(85, 'Lonkign CDM816', 1, 1593165981, 1593166037, NULL),
(87, 'MST 542', 1, 1593438743, 1593438936, NULL),
(88, 'MST 542+', 1, 1593439197, 1593439288, NULL),
(89, 'MST 544', 1, 1593439716, 1593439854, NULL),
(90, 'MST 544+', 1, 1593440026, 1593440251, NULL),
(91, 'MST 642', 0, 1593440820, 1593441003, NULL),
(92, 'MST 644', 1, 1593441269, 1593441328, NULL),
(93, 'Поступление погрузчиков -TEST', 1, 1593699999, 1593700063, NULL),
(94, 'Lonking Страница Бренда', 1, 1600783082, 1600783203, NULL),
(95, 'КУРСКАЯ КОРЕНСКАЯ ЯРМАРКА', 1, 1602581555, 1602581681, NULL);

-- --------------------------------------------------------

--
-- Структура таблицы `gallery_file`
--

CREATE TABLE `gallery_file` (
  `id` int(11) NOT NULL,
  `galleryId` int(11) NOT NULL,
  `file` varchar(255) NOT NULL,
  `caption` varchar(255) DEFAULT NULL,
  `position` int(1) DEFAULT '0'
) ENGINE=InnoDB DEFAULT CHARSET=utf8;

--
-- Дамп данных таблицы `gallery_file`
--

INSERT INTO `gallery_file` (`id`, `galleryId`, `file`, `caption`, `position`) VALUES
(3, 19, '6122.jpg', 'test', 0),
(4, 19, 'a06438cf9aceb5f26035c48c6af8462f.jpg', '123', 1),
(48, 37, '20181205_111209.qecw3.jpg', NULL, 0),
(69, 44, 'IMG_3027.JPG', NULL, 0),
(70, 44, 'IMG_3026.JPG', NULL, 1),
(71, 44, 'IMG_3025.JPG', NULL, 2),
(72, 44, 'IMG_3024.JPG', NULL, 3),
(73, 45, 'IMG_2943.JPG', NULL, 0),
(74, 45, 'IMG_2942.JPG', NULL, 1),
(75, 45, 'IMG_2941.JPG', NULL, 2),
(76, 46, 'IMG_2526.JPG', NULL, 0),
(77, 46, 'IMG_2528.JPG', NULL, 1),
(78, 46, 'IMG_2529.JPG', NULL, 2),
(79, 47, 'IMG_1267.JPG', NULL, 0),
(80, 47, 'IMG_1264.JPG', NULL, 1),
(81, 47, 'IMG_1265.JPG', NULL, 2),
(82, 47, 'IMG_1268.JPG', NULL, 3),
(83, 48, 'IMG_0778.JPG', NULL, 0),
(84, 48, 'IMG_0776.JPG', NULL, 1),
(85, 48, 'IMG_0774.JPG', NULL, 2),
(86, 49, 'IMG_3049.JPG', NULL, 0),
(87, 49, 'IMG_3053.JPG', NULL, 1),
(88, 49, 'IMG_3046.JPG', NULL, 2),
(89, 49, 'IMG_3047.JPG', NULL, 3),
(90, 49, 'IMG_3048.JPG', NULL, 4),
(91, 50, 'IMG_5646.JPG', NULL, 0),
(92, 50, 'IMG_5649.JPG', NULL, 1),
(93, 50, 'IMG_5652.JPG', NULL, 2),
(94, 51, 'IMG_3037.JPG', NULL, 0),
(95, 51, 'IMG_3036.JPG', NULL, 1),
(96, 51, 'IMG_3035.JPG', NULL, 2),
(97, 51, 'IMG_3034.JPG', NULL, 3),
(98, 52, 'IMG_9361.JPG', NULL, 0),
(99, 52, 'IMG_9362.JPG', NULL, 1),
(100, 52, 'IMG_9363.JPG', NULL, 2),
(101, 53, 'IMG_2474.JPG', NULL, 0),
(102, 53, 'IMG_2476.JPG', NULL, 1),
(103, 53, 'IMG_2477.JPG', NULL, 2),
(104, 53, 'IMG_2482.JPG', NULL, 3),
(105, 54, '20180405_081359.jpg', NULL, 0),
(106, 54, '20180405_081554.jpg', NULL, 1),
(107, 54, '20180405_081438.jpg', NULL, 2),
(108, 56, '20190624_125844.jpg', NULL, 0),
(109, 56, '20190624_125907.jpg', NULL, 1),
(110, 57, '20190211_153848.jpg', NULL, 0),
(111, 57, '20190211_153930.jpg', NULL, 1),
(112, 58, '20181121_104217.jpg', NULL, 0),
(113, 58, '20181121_104304.jpg', NULL, 1),
(114, 59, 'IMG_0361.JPG', NULL, 2),
(115, 59, 'IMG_0362.JPG', NULL, 1),
(116, 59, 'IMG_0370.JPG', NULL, 3),
(117, 59, 'IMG_0371.JPG', NULL, 0),
(118, 60, 'IMG_20200512_123334.jpg', NULL, 0),
(119, 60, 'IMG_20200512_123904.jpg', NULL, 1),
(120, 60, 'IMG_20200512_123910.jpg', NULL, 2),
(121, 60, 'MVIMG_20200512_130654.jpg', NULL, 3),
(122, 61, 'IMG_3479.JPG', NULL, 0),
(123, 61, 'IMG_3490.JPG', NULL, 1),
(124, 61, 'IMG_3480.JPG', NULL, 2),
(125, 61, 'IMG_3492.JPG', NULL, 3),
(126, 61, 'IMG_3481.JPG', NULL, 4),
(127, 61, 'IMG_3485.JPG', NULL, 5),
(128, 62, 'IMG_9117.JPG', NULL, 0),
(129, 62, 'IMG_9214.JPG', NULL, 1),
(130, 62, 'IMG_9120.JPG', NULL, 2),
(131, 62, 'IMG_9228.JPG', NULL, 3),
(132, 62, 'IMG_9205.JPG', NULL, 4),
(133, 62, 'IMG_9207.JPG', NULL, 5),
(134, 63, 'IMG_8478.JPG', NULL, 0),
(135, 63, 'IMG_8474.JPG', NULL, 1),
(136, 63, 'IMG_8475.JPG', NULL, 2),
(137, 63, 'IMG_8476.JPG', NULL, 3),
(138, 63, 'IMG_8477.JPG', NULL, 4),
(139, 63, 'IMG_8458.JPG', NULL, 5),
(140, 63, 'IMG_8446.JPG', NULL, 6),
(141, 63, 'IMG_8445.JPG', NULL, 7),
(142, 63, 'IMG_8444.JPG', NULL, 8),
(143, 64, 'IMG_1181.JPG', NULL, 0),
(144, 64, 'IMG_5306.JPG', NULL, 1),
(145, 64, 'IMG_5307.JPG', NULL, 2),
(146, 64, 'IMG_1157.JPG', NULL, 3),
(147, 64, 'IMG_5308.JPG', NULL, 4),
(148, 65, 'IMG_0482.JPG', NULL, 0),
(150, 66, 'IMG_1648.JPG', NULL, 1),
(151, 66, 'IMG_1668.JPG', NULL, 0),
(152, 66, 'IMG_1673.JPG', NULL, 2),
(153, 67, 'IMG_7484.JPG', NULL, 0),
(154, 67, 'IMG_7477.JPG', NULL, 1),
(155, 67, 'IMG_7478.JPG', NULL, 2),
(156, 67, 'IMG_7479.JPG', NULL, 3),
(157, 67, 'IMG_7482.JPG', NULL, 4),
(158, 67, 'IMG_7473.JPG', NULL, 5),
(159, 67, 'IMG_7474.JPG', NULL, 6),
(160, 67, 'IMG_7475.JPG', NULL, 7),
(161, 67, 'IMG_7476.JPG', NULL, 8),
(163, 65, 'IMG_0481.JPG', NULL, 1),
(166, 68, 'IMG_20191112_171514.jpg', NULL, 0),
(167, 68, 'IMG_20191112_171506.jpg', NULL, 1),
(168, 69, 'IMG_5207.JPG', NULL, 0),
(169, 70, 'IMG-20190220-WA0006.jpg', NULL, 0),
(170, 70, 'IMG-20190220-WA0008.jpg', NULL, 1),
(171, 70, 'IMG-20190222-WA0011.jpg', NULL, 2),
(172, 70, 'IMG-20190222-WA0014.jpg', NULL, 3),
(173, 71, 'IMG_9569.JPG', NULL, 0),
(174, 71, 'IMG_9561.JPG', NULL, 1),
(199, 72, 'DQoydkF7ojWKr61f.jpg', NULL, 0),
(200, 72, 'Rt3JcpXVifKgfRLG.jpg', NULL, 1),
(201, 72, 'nah9-DmZNaiPPzbM.jpg', NULL, 2),
(202, 72, 'iHYZrw29nLjh5Ulr.jpg', NULL, 3),
(203, 76, 'hMcuSaFMBlH3jIqm.JPG', NULL, 0),
(204, 76, 'WyNbFbi6bGS4mGXP.JPG', NULL, 1),
(205, 76, '0Bcz53xrlE2CxyEq.JPG', NULL, 2),
(206, 76, 'ufjyY8M7nIkkvc_x.JPG', NULL, 3),
(209, 77, 'pB3EMkwidiNQLLoq.jpg', NULL, 0),
(210, 77, '8VlJz6mQNMuhkY6A.jpg', NULL, 1),
(211, 77, '4de06Ng-ILe4iVvt.jpg', NULL, 2),
(212, 77, 'Y3qddGVyzAA-q0Tq.jpg', NULL, 3),
(213, 77, 'jC3ofHGbnDi78oGx.jpg', NULL, 4),
(214, 78, 'ZBZuJOkrQndSdIPA.jpg', NULL, 0),
(215, 78, 'QByaNJ3SDsILTrOC.jpg', NULL, 1),
(216, 78, '0bHsHqrZkt1hTvak.jpg', NULL, 2),
(217, 78, 'UC3Z50e_Mnsdcl-Q.JPG', NULL, 3),
(218, 79, 'QSgRSGxVGSXZie8Y.jpg', NULL, 0),
(219, 79, 'ATpFGagDKnKKuWfC.jpg', NULL, 1),
(220, 79, 'gvQVCnT6GoBRaANr.jpg', NULL, 2),
(221, 79, '_oXO6Jfv_csqun-J.jpg', NULL, 3),
(222, 80, 'EAAbzcbIWx-xgAQb.jpg', NULL, 0),
(223, 80, 'S-7khKG74y51ucRH.jpg', NULL, 1),
(224, 80, 'OvFEBYlzXekPT0cA.jpg', NULL, 2),
(225, 80, 'kwj_NKeZw46KxY01.jpg', NULL, 3),
(226, 80, 'WZNTgublUc1eqn9w.jpg', NULL, 4),
(227, 81, 'oL2N20fdLX9DnEvs.jpg', NULL, 0),
(228, 81, 'xfhAYh5dAA-OkjJL.jpg', NULL, 1),
(229, 81, 'qx7A5wqyF_1P2Mt4.jpg', NULL, 2),
(230, 81, 'ayD3w1pvLzot_d0S.jpg', NULL, 3),
(231, 82, 'mqmlmCWOy7GxzXok.jpg', NULL, 0),
(232, 82, 'HCYZ4fuwLUnVnwFf.jpg', NULL, 1),
(233, 82, 'HUFiLGr5_ri6nGdk.jpg', NULL, 2),
(234, 82, 'gAYqAGdwlBBuJTmv.jpg', NULL, 3),
(235, 82, 'Z-Bu5M40gFwpnT7z.JPG', NULL, 4),
(236, 82, 'AXEkk3lxB3Cl79bJ.JPG', NULL, 5),
(237, 82, 'xyn266LFnBLz1dee.jpg', NULL, 6),
(238, 82, '0kKK6slRim6m0sl_.jpg', NULL, 7),
(239, 83, 'EL6i5BKX2tkrrbVq.jpg', NULL, 0),
(240, 83, '8rV0uSCjD_wqVvLT.jpg', NULL, 1),
(241, 83, 'BOAWz2RYhieTUvcl.JPG', NULL, 2),
(242, 83, 'NXc-S3Vs8VPpSwhK.JPG', NULL, 3),
(243, 83, 'z4_wdGsa8cs2jGlg.JPG', NULL, 4),
(244, 83, 'NGGLiDQ5gbZrKOZu.jpg', NULL, 5),
(245, 83, 'xAI7ZC7L05LFityd.jpg', NULL, 6),
(246, 83, '5KMvvsdv9TIPMzEL.JPG', NULL, 7),
(247, 83, 'FuMN3lVxwpIlZKKB.JPG', NULL, 8),
(248, 83, 'rwPX1mTaPqSq-l9n.JPG', NULL, 9),
(249, 84, '4w3eC1gjILp6FbeU.jpg', NULL, 0),
(250, 84, 'FBTUaiN2SRugIpoa.jpg', NULL, 1),
(251, 84, 'Ni_VPkIrxFRyM1qv.jpg', NULL, 2),
(252, 85, 'IUFNn8ExHdM-pAv-.jpg', NULL, 0),
(253, 85, 'Bz0jXZ09CMDINTdt.jpg', NULL, 1),
(254, 85, '-QKwMACv7KOJNsr5.jpg', NULL, 2),
(255, 85, '5Ufclynk9MHXBLJH.jpg', NULL, 3),
(256, 85, 'jJZTVHRJ3vPIJ9aD.jpg', NULL, 4),
(274, 87, 'Z0595FsYD7wF5WVs.jpg', NULL, 0),
(275, 87, 'P47uc7OZUFz7Itro.jpg', NULL, 1),
(276, 87, '0ulQCn6Gvp0JX2_9.jpg', NULL, 2),
(277, 87, '68971_WsIyS8rzL_.jpg', NULL, 3),
(278, 87, 'J834RpGLbX07OcMa.jpg', NULL, 4),
(279, 87, 'KhdWNApQ_J-zBT5K.jpg', NULL, 5),
(280, 87, 'SZFtjTzHA2JRO8py.jpg', NULL, 6),
(281, 87, 'T4elUE_CedHK2rkk.jpg', NULL, 7),
(282, 87, '4Y99Ziq6H9pFOx-S.jpg', NULL, 8),
(283, 87, 'JOtm8EDueT9jwTxI.jpg', NULL, 9),
(284, 87, 'u0phiO8cplsT2p6H.jpg', NULL, 10),
(285, 87, 'u9BSOyXq4NtY8AMo.jpg', NULL, 11),
(286, 88, 'MCyzuURdN0OxEp3M.jpg', NULL, 0),
(287, 88, 'U1Zdbt6E09o-knyf.jpg', NULL, 1),
(288, 88, 'V7VMBdLzaugv95yV.jpg', NULL, 2),
(289, 88, 'AkwsIfFBOYTmY5Dm.jpg', NULL, 3),
(290, 88, 'jerBwxH7g48Em00A.jpg', NULL, 4),
(291, 88, 'OfPSIYR3xx1OyUtC.jpg', NULL, 5),
(292, 88, 'RNQc-QFmNlVbA17W.jpg', NULL, 6),
(293, 89, 'diMb8ilxJxFsHc2X.jpg', NULL, 0),
(294, 89, 'KF9fXf0eXx5kIgUl.jpg', NULL, 1),
(295, 89, 'XvJcqYtTgLWVfxnT.jpg', NULL, 2),
(296, 89, 'Z9oTndUB1AHt2C0-.jpg', NULL, 3),
(297, 89, 'v4gop5JZo0S_szoo.jpg', NULL, 4),
(298, 89, 'X2NpZJkuHgACzWk7.jpg', NULL, 5),
(299, 89, 'VB6KRRaaq9NJc1BS.jpg', NULL, 6),
(300, 89, 'DdnxLrpj7M-dav2_.jpg', NULL, 7),
(301, 89, 'jTA1-UzOjVSmrn_V.jpg', NULL, 8),
(302, 89, '8iWT2-djTuu5Ho8W.jpg', NULL, 9),
(303, 90, 'TgcUmw7YzKHmvzau.jpg', NULL, 0),
(304, 90, 'kakgge5KdZIpVfSA.jpg', NULL, 1),
(305, 90, '_qVjb6SwFzNWf4Tn.jpg', NULL, 2),
(306, 90, 'k0r1NRla7Uzmsgn0.jpg', NULL, 3),
(307, 90, 'P5Nh3p7cqiU6NFR5.jpg', NULL, 4),
(308, 90, '0XmWvowmoMKqmRdQ.jpg', NULL, 5),
(309, 90, 'zyP8LTbiWM3y8Id1.jpg', NULL, 6),
(310, 90, 'ZWy8j1cLbcCKywZz.jpg', NULL, 7),
(311, 91, '_RwP_p-5NzuNsOyG.jpg', NULL, 0),
(312, 91, 'FrYQ5v3wrYaQ5c4J.jpg', NULL, 1),
(313, 91, 'YmzFQXK86c8hOsQR.jpg', NULL, 2),
(314, 91, 'zBayg0wnOsD5Veb2.jpg', NULL, 3),
(315, 92, 'wmZTRDd373tLrFMv.jpg', NULL, 0),
(316, 92, 'Wu1upqEzX5mTRp-c.jpg', NULL, 1),
(317, 92, 'QweEd_K3xDfA1OWS.jpg', NULL, 2),
(318, 93, 'QdiE6RGs0WcstVqV.JPG', NULL, 0),
(319, 93, 'im844QxuyG5yjwi3.JPG', NULL, 1),
(320, 93, 'MWoJhGJ4RhUuLIdC.JPG', NULL, 2),
(323, 38, '1oUiZoeIk3Q_No2i.png', NULL, 0),
(324, 94, 'TMAfE-Ydf5E--UFL.JPG', NULL, 0),
(325, 94, 'LIKDZmAHdj58Dz_e.JPG', NULL, 1),
(326, 94, 'G11ul49b9qKei_4m.jpg', NULL, 2),
(327, 94, '1sywmi78jqI4ZNYW.jpg', NULL, 3),
(328, 94, 'UHsCB0oW4gf1xiZP.jpg', NULL, 4),
(329, 94, 'KP1n1kpmwaFygglK.jpg', NULL, 5),
(330, 94, 'ckqTDLIJaDfQsl37.JPG', NULL, 6),
(331, 48, '1WImyaN4u8fSh-xg.JPG', NULL, 3),
(332, 48, 'svmUosuvml3Y0u_4.JPG', NULL, 4),
(333, 48, '0wEor40R3kJ4zVVR.jpg', NULL, 5),
(334, 48, 'QdbdAvcVGVrBuTjD.jpg', NULL, 6),
(335, 48, 'AJLgGlK4X2Y_Tcom.jpg', NULL, 7),
(336, 1, '62XnVNFins74Rrpf.JPG', '123', 0),
(337, 1, '_3GNsTjmVDKZd5d0.JPG', '123', 1),
(338, 1, 'FDIWKAjfjrsgArL0.JPG', '123', 2),
(339, 1, 'IQugxst6HcmCVZ0M.JPG', '321', 3),
(340, 1, '1oAAkQR2bfSgR4J0.JPG', '555', 4),
(341, 1, 'g27NTemTr5Sttmdk.JPG', '4444', 5),
(342, 1, 'itm2UwIC_XSU8pjn.jpg', '555', 6),
(343, 1, '1nuJQo2Y4gnj1N-2.jpg', '666', 7),
(344, 1, 'djuk4tVYPDi80mmA.jpg', '223242', 8),
(345, 1, 'hCJIqnlQk-H4tzde.jpg', '5547n', 9),
(346, 95, 'rBkUM2BKXhWatTSS.jpg', NULL, 0),
(347, 95, 'O6EHdLsdrhdpWOto.jpg', NULL, 1),
(348, 95, 'p5ttSOtG78LVvFIX.jpg', NULL, 2);

-- --------------------------------------------------------

--
-- Структура таблицы `leasing`
--

CREATE TABLE `leasing` (
  `id` int(11) NOT NULL,
  `title` varchar(255) NOT NULL,
  `image` varchar(255) DEFAULT NULL,
  `content` text,
  `link` varchar(255) DEFAULT NULL,
  `order` smallint(6) NOT NULL
) ENGINE=InnoDB DEFAULT CHARSET=utf8;

--
-- Дамп данных таблицы `leasing`
--

INSERT INTO `leasing` (`id`, `title`, `image`, `content`, `link`, `order`) VALUES
(1, 'Сбербанк-лизинг', '/uploads/images/leasing/sber.jpg', '<p>TEXT</p>\r\n', 'https://www.sberleasing.ru/', 0),
(2, 'ВТБ лизинг', '/uploads/images/leasing/vtb.jpg', '<p>TEST TETETET</p>\r\n', 'https://vtb-leasing.ru/', 1),
(3, 'Европлан', '/uploads/images/leasing/evroplan.jpg', '', '', 2),
(4, 'Соби лизинг', '/uploads/images/leasing/sobi.jpg', '', '', 3),
(5, 'Ресо лизинг', '/uploads/images/leasing/reso.jpg', '', '', 4),
(6, 'Стоун-XXI', '/uploads/images/leasing/stoun.jpg', '', '', 5);

-- --------------------------------------------------------

--
-- Структура таблицы `manager`
--

CREATE TABLE `manager` (
  `id` int(11) NOT NULL,
  `name` varchar(255) DEFAULT NULL,
  `image` varchar(255) DEFAULT NULL,
  `phone` varchar(255) DEFAULT NULL,
  `department` varchar(255) DEFAULT NULL
) ENGINE=InnoDB DEFAULT CHARSET=utf8mb4;

--
-- Дамп данных таблицы `manager`
--

INSERT INTO `manager` (`id`, `name`, `image`, `phone`, `department`) VALUES
(1, 'Хороший Манагер', '/uploads/images/placeholder/placeholder.png', '+7(999)123-11-22', 'Отдел cкладской техники');

-- --------------------------------------------------------

--
-- Структура таблицы `manufacturer`
--

CREATE TABLE `manufacturer` (
  `id` int(11) NOT NULL,
  `title` varchar(255) DEFAULT NULL,
  `image` varchar(255) DEFAULT NULL,
  `content` text,
  `active` tinyint(1) DEFAULT NULL,
  `slug` varchar(255) DEFAULT NULL,
  `created_at` int(11) DEFAULT NULL,
  `updated_at` int(11) DEFAULT NULL,
  `description` varchar(255) DEFAULT NULL,
  `main` tinyint(1) DEFAULT NULL,
  `country` varchar(255) DEFAULT NULL,
  `meta_title` varchar(255) DEFAULT NULL,
  `meta_description` varchar(255) DEFAULT NULL,
  `gallery_id` int(11) DEFAULT NULL,
  `custom_slug` tinyint(3) DEFAULT NULL
) ENGINE=InnoDB DEFAULT CHARSET=utf8mb4;

--
-- Дамп данных таблицы `manufacturer`
--

INSERT INTO `manufacturer` (`id`, `title`, `image`, `content`, `active`, `slug`, `created_at`, `updated_at`, `description`, `main`, `country`, `meta_title`, `meta_description`, `gallery_id`, `custom_slug`) VALUES
(1, 'Lonking', '/uploads/images/products/629c9f255d38556b1a3d4065f1f84c62.png', '', 1, 'lonking', NULL, 1602752913, 'Поставщик строительной и складской техники', 1, 'Китай', '', '', 94, 0),
(2, 'MST', '/uploads/images/products/e805166187941f9f6954024172500fa7.png', '', 1, 'mst', NULL, 1600694400, 'Поставщик строительной техники', 1, 'Турция', NULL, NULL, NULL, NULL),
(3, 'Komatsu', '/uploads/images/products/e493a9d8b63dfc4fe8685da1cd64733f.png', '', 1, 'komatsu', NULL, 1600694402, 'Поставщик складской техники', 1, 'Япония', NULL, NULL, NULL, NULL),
(4, 'Europallet', '/uploads/images/brands/eu_pallet_logo.png', '', 1, 'europallet', 1603272568, 1603272568, '', 0, 'Китай', '', '', NULL, 0),
(5, 'UniCarriers', '/uploads/images/brands/uni_carriers_logo.png', '', 1, 'unicarriers', 1603273093, 1603273093, '', 0, 'Япония', '', '', NULL, 0),
(6, 'BEL-DOZER', '/uploads/manufacturers/beldozer_brand_logo.jpg', '', 1, 'bel-dozer', 1604999870, 1604999870, '', 1, 'Белоруссия', '', '', NULL, 0);

-- --------------------------------------------------------

--
-- Структура таблицы `migration`
--

CREATE TABLE `migration` (
  `version` varchar(180) NOT NULL,
  `apply_time` int(11) DEFAULT NULL
) ENGINE=InnoDB DEFAULT CHARSET=utf8;

--
-- Дамп данных таблицы `migration`
--

INSERT INTO `migration` (`version`, `apply_time`) VALUES
('m000000_000000_base', 1584518346),
('m150407_084217_gallery', 1585209241),
('m190714_235744_menu_table', 1584518349),
('m200311_081945_add_menu_key', 1584518355),
('m200318_063305_category_tbl', 1584518356),
('m200318_063621_prod_tbl_fixed', 1584518357),
('m200318_071152_attachments_tbl', 1584518360),
('m200318_071322_attributes_tbl', 1584518363),
('m200318_071609_company_tbl', 1584518364),
('m200318_082654_user_tbl', 1584520065),
('m200320_114832_add', 1584705287),
('m200320_120545_add_slug_cat', 1584705960),
('m200326_083945_gallery_migration', 1585215711),
('m200326_121506_long_list_update', 1585225652),
('m200326_122832_created_updated', 1585225789),
('m200326_123158_meta_title_description', 1585226037),
('m200327_063901_add_product_gallery_fk', 1585291239),
('m200327_064200_add_product_gallery_idx', 1585291338),
('m200327_064428_add_product_gallery_fk_2', 1585291513),
('m200407_110100_leasing_tbl_create', 1586257568),
('m200410_064245_certificates', 1586501093),
('m200410_065506_promo_tbl_create', 1586503897),
('m200414_090013_add_single_item_category_tbl', 1586855047),
('m200424_083946_sitemap_add', 1587718103),
('m200427_071536_edit_sitemap_tbl', 1587971902),
('m200427_072314_edit_sitemap_tbl2', 1587972218),
('m200428_080052_company_for_index', 1588061412),
('m200428_082809_company_for_index2', 1588062518),
('m200428_082914_company_for_index3', 1588062583),
('m200428_092827_videos_tbl_prods_to_videos_tbl', 1588067860),
('m200428_121123_add_active_cat_tbl', 1588075932),
('m200507_065832_callback', 1588836537),
('m200507_102726_service_tbl', 1588848200),
('m200507_111136_slug_to_service', 1588850074),
('m200507_112730_service_tbl_change_active_type', 1588850930),
('m200508_121211_article', 1588940824),
('m200512_094019_article_categories', 1589277402),
('m200512_110840_article_categories_add_slug', 1589281769),
('m200512_130116_add_entry_text', 1589288535),
('m200514_132405_review_tbl', 1589462749),
('m200514_142309_promo_tbl_to_gallery', 1589466346),
('m200514_143044_product_add_old_price', 1589467322),
('m200515_143650_add_type_products', 1589789243),
('m200518_083816_add_category_type', 1589791169),
('m200518_092723_add_type_products', 1589794100),
('m200519_100751_reviews_to_products', 1589883246),
('m200520_111346_add_filial_tbl', 1589973655),
('m200520_112210_filial_tbl_slug', 1589973778),
('m200521_073935_city_tbl', 1590047651),
('m200521_111941_city_add_lng_lat', 1590063465),
('m200522_063920_add_adress_filial', 1590129681),
('m200522_080140_vacancies_tbl_fix', 1590134554),
('m200522_080243_vacancies_tbl_fix2', 1590134591),
('m200522_080827_drop_tbl_vacancies', 1590135131),
('m200522_130358_main_page_category_tbl', 1590153251),
('m200526_112632_add_prod_type', 1590492442),
('m200529_092741_add_name_Callback', 1590744992),
('m200529_093658_add_vacancy_Callback', 1590745055),
('m200601_071538_create', 1590995823),
('m200602_103500_add_default_city', 1591094136),
('m200602_113735_settings_tbl', 1591097952),
('m200602_114108_settings_tbl2', 1591098086),
('m200608_125341_city_order_add', 1591621543),
('m200608_133154_add_order_to_all_tbls', 1591623461),
('m200609_094607_promo_add_start_date_end_date', 1591696065),
('m200611_072619_add_slug_to_attrs', 1591860910),
('m200611_131315_add_attrs_order', 1591881287),
('m200702_134447_add_href_to_category', 1593697733),
('m200703_070755_add_image_to_video', 1593760134),
('m200703_071748_add_slug_to_video', 1593760695),
('m200703_083752_add_attrs_filter', 1594032462),
('m200707_070621_drop_cols_attrs', 1594105662),
('m200820_125231_add_mobile_img_to_promo', 1598010484),
('m200821_114328_category_new', 1598010484),
('m200821_115647_child_allowed_category', 1598011041),
('m200821_120725_category_add_slug', 1598012191),
('m200824_111841_product_fixes', 1598268124),
('m200824_115109_add_category_single', 1598269917),
('m200825_060228_add_manufacturer', 1598336460),
('m200825_062216_add_manufacturer_index', 1598336579),
('m200825_064238_add_manufacturer_short_desc', 1598337810),
('m200825_070505_add_manufacturer_main', 1598339173),
('m200826_110904_add_type_to_articles', 1598441164),
('m200828_075501_add_order_category', 1598601400),
('m200828_142621_iconmoon_svg', 1598625744),
('m200831_075939_add_callback_city', 1598860829),
('m200831_090301_add_callback_comment', 1598864688),
('m200831_142140_add_main_page_order_category', 1598883856),
('m200831_145629_add_email_callback_tbl', 1598885801),
('m200831_145727_add_email_callback_tbl2', 1598885863),
('m200901_062220_add_parent_id_category', 1598941408),
('m200902_084009_tags', 1599036869),
('m200902_092456_add_tags_slug', 1599038755),
('m200902_092614_add_created_updated_tags', 1599038818),
('m200904_143927_add_main_to_attr_tbl', 1599230629),
('m200907_072214_add_new_to_prods_tbl', 1599463385),
('m200909_065220_add_category_Type', 1599635250),
('m200910_081705_add_type_to_prod_attr_tbl', 1599738116),
('m200914_083842_add_country_to_manf_tbl', 1600072782),
('m200914_124908_add_step_attr_tbl', 1600087878),
('m200916_081449_add_price_type_tbl', 1600244176),
('m200922_080408_add_meta_tags_to_multiple_tbls', 1600761956),
('m200922_133158_add_gallery_to_manufacturer', 1600781847),
('m200923_062029_modify_reviews_tbl', 1600842429),
('m200923_092431_make_rating_float_not_int_tbl', 1600853377),
('m200924_083503_create_additional_tbls_for_Reviews', 1600937472),
('m200924_090755_review_vote_add_value', 1600938595),
('m200924_111035_review_files_tbl', 1600945883),
('m200925_080859_add_suid_to_tbls', 1601021603),
('m200925_081629_review_vote_modify', 1601021927),
('m200928_144318_remake_review_votes_tbl', 1601304341),
('m200928_144622_review_vote_add_negative_positive', 1601304426),
('m200928_144750_review_vote_add_uid', 1601304498),
('m200929_111044_add_manager_tbl', 1601378343),
('m200929_112514_manager_fixes', 1601379164),
('m201006_063844_filial_additional_fields', 1601967797),
('m201007_062509_add_title_variations', 1602052268),
('m201007_063732_add_title_variations2', 1602052692),
('m201007_070117_add_city_company_name', 1602054114),
('m201007_101205_add_path_and_lvl_category', 1602065663),
('m201007_133824_add_custom_slug_tbls', 1602078109),
('m201012_062645_add_faq_tbl', 1602484123),
('m201012_063504_add_order_question_tbl', 1602484750),
('m201012_071647_add_active_video_tbl', 1602487064),
('m201012_073759_add_promo_main_slider', 1602488340),
('m201012_074329_add_main_slider_tbl', 1602488893),
('m201012_084833_add_product_promo_tbl', 1602492708),
('m201013_102029_slide_add_media_press', 1602668352),
('m201014_104705_add_meta_desc_promo', 1602672461),
('m201019_122543_addPostalCode_fililial', 1603111248),
('m201020_060907_add_suid_callback', 1603174246),
('m201022_083923_add_enable_filter_category', 1603356702),
('m201027_061515_add_company_reviews', 1603779629),
('m201027_062651_add_updated_created_certificates', 1603780127),
('m201109_131918_add_path_url_category', 1604933111),
('m201111_075252_add_phone_category', 1605086001),
('m201112_063734_adding', 1605164407),
('m201112_070622_add_service_tag', 1605176126),
('m201116_100817_add_yandex_counter_city', 1605521393),
('m201119_121740_remove_old_phones_add_new_structure', 1605792903),
('m201120_063823_add_service_tbls', 1605855208),
('m201120_065725_add_service_Tags_tbl', 1605856200),
('m201120_080231_add_department_tbls', 1605859862),
('m201120_084044_remove_description_phone', 1605872699),
('m201120_114555_add_order_phones', 1605873391),
('m201124_101120_add_sessions_tbl', 1606212948),
('m201124_103228_add_db_cache_tbl', 1606214129),
('m201124_104921_db_cache_session_fixes', 1606219182),
('m201124_115025_add_type_service_tag_type', 1606219184),
('m201126_113107_add_service_tag_tbl', 1606390508),
('m201126_113753_remake_service_tags_tbls', 1606392203),
('m201126_120755_remake_tags', 1606392529),
('m201126_130638_add_short_name_serviceTags', 1606396049),
('m201127_092652_add_slogan_service_tbls', 1606469384);

-- --------------------------------------------------------

--
-- Структура таблицы `phone`
--

